Desford Weather Climate Reports

Select a Year or Month report

Report for 2020 Nov
                   Monthly Climatological Summary for Nov 2020

Name: Desford Weather   City: Leicester   State: England
Elevation: 134 m  Lat: N 52° 37' 26"   Lon: W 001° 18' 24"

                  Temperature (°C), Rain (mm), Wind Speed (mph)

                                      Heat  Cool        Avg
    Mean                              Deg   Deg         Wind                 Dom
Day Temp  High   Time   Low    Time   Days  Days  Rain  Speed High   Time    Dir
----------------------------------------------------------------------------------
01  13.6  17.3   20:09   8.9   01:03   4.7   0.0   0.6  11.4  39.6   22:30    SW
02  12.5  17.0   00:00   6.5   23:48   5.8   0.0   1.8  14.2  40.3   09:14     W
03   6.9  10.0   13:14   4.8   23:59  11.4   0.0   2.1   5.8  24.4   12:36     W
04   5.9  11.0   12:35   2.0   05:12  12.4   0.0   0.3   2.8  12.1   11:45   WNW
05   7.3  11.3   12:53   3.6   00:54  11.0   0.0   0.0   1.7  13.0   11:46     W
06   6.2  10.5   13:59   2.2   03:12  12.1   0.0   0.3   2.2  12.1   13:53   ESE
07   7.8  13.1   14:18   3.3   05:51  10.5   0.0   0.0   2.7   9.8   12:23   ESE
08  10.9  12.3   14:24   8.3   01:04   7.4   0.0   2.1   1.1   9.8   00:43   ESE
09  12.5  14.0   14:24  11.1   04:30   5.8   0.0   1.2   1.1   8.3   19:02    SE
10  11.8  14.5   14:58   9.1   23:18   6.5   0.0   0.3   1.8  12.1   12:55   SSW
11  11.2  13.7   13:37   8.7   01:02   7.1   0.0   2.1   6.0  32.0   22:07   SSW
12  10.4  12.5   12:58   8.7   03:15   7.9   0.0   0.3   7.4  24.4   06:42   WSW
13  10.2  11.6   12:06   8.0   08:32   8.1   0.0   0.6   6.7  25.9   07:07    SW
14  11.5  13.8   12:09   8.7   00:00   6.8   0.0   2.4   6.8  25.9   14:10   SSW
15   9.9  12.4   08:57   7.0   16:39   8.4   0.0   1.2   9.3  33.6   09:12   WSW
16  10.6  12.9   23:37   8.3   07:43   7.7   0.0   0.3   9.7  27.3   07:33   WSW
17  12.9  14.6   13:50  11.8   06:22   5.4   0.0   0.0   8.4  25.9   12:45   WSW
18  11.4  13.7   09:46   8.0   20:16   6.9   0.0   0.0  11.6  33.6   15:16   WSW
19   7.3   9.8   00:27   3.3   22:30  11.0   0.0   1.5   8.2  38.0   02:56   WNW
20   7.2  11.5   22:18   2.3   02:05  11.0   0.0   0.3   6.6  25.9   22:17    SW
21  11.1  12.6   12:30   9.1   23:54   7.2   0.0   0.9  11.1  34.9   04:39   WSW
22   7.0  10.3   14:11   3.6   23:31  11.3   0.0   0.3   3.6  14.5   13:52     W
23   5.8  10.2   14:14   1.3   03:15  12.5   0.0   0.0   4.6  19.0   21:23    SW
24  10.3  12.1   14:28   8.9   20:16   8.0   0.0   0.0   6.9  21.3   00:55    SW
25   8.1  10.8   07:11   3.4   23:59  10.0   0.0   0.6   4.1  19.7   10:01   WSW
----------------------------------------------------------------------------------
     9.6  17.3     1     1.3    23   216.9   0.0  19.2   6.2  40.3     2     WSW

Max >=  27.0  0
Max <=   0.0  0
Min <=   0.0  0
Min <= -18.0  0
Max Rain: 2.4 on day 14
Days of Rain: 19 (>= 0.2 mm)  4 (>= 2.0 mm)  0 (>= 20.0 mm)
Heat Base: 18.3  Cool Base: 18.3  Method: Integration
:now::gauges::today::yesterday::this month::this year::records::monthly records::top 10 records::NOAA reports::trends::historic::WU::forum:


Page updated 26/11/2020 01:27:48
powered by Cumulus