Desford Weather Climate Reports

Select a Year or Month report

Report for 2020 Oct
                   Monthly Climatological Summary for Oct 2020

Name: Desford Weather   City: Leicester   State: England
Elevation: 134 m  Lat: N 52° 37' 26"   Lon: W 001° 18' 24"

                  Temperature (°C), Rain (mm), Wind Speed (mph)

                                      Heat  Cool        Avg
    Mean                              Deg   Deg         Wind                 Dom
Day Temp  High   Time   Low    Time   Days  Days  Rain  Speed High   Time    Dir
----------------------------------------------------------------------------------
01  11.0  15.7   17:13   8.7   22:58   7.3   0.0   0.0   2.8  18.3   13:56     W
02  11.4  13.8   12:03   8.3   03:51   6.9   0.0   5.1   6.5  23.5   12:19     E
03  12.7  14.1   14:26  10.0   23:56   5.6   0.0   4.2   4.9  22.8   20:44     N
04  10.7  14.8   16:16   9.1   07:52   7.6   0.0   0.0   3.8  21.3   00:22     N
05  11.8  14.5   15:20  10.1   00:00   6.5   0.0   0.0   6.4  19.7   17:59     W
06  11.7  15.6   12:41   9.7   02:23   6.6   0.0   0.0   6.9  24.4   12:22     W
07  11.7  15.1   14:41   9.5   07:30   6.7   0.0   1.5   6.0  22.8   11:36     W
08  12.1  15.7   08:43   8.1   23:59   6.2   0.0   4.5   5.4  27.3   08:22     W
09   8.6  13.7   12:58   6.3   23:45   9.7   0.0   0.6   4.9  25.9   16:36     W
10   9.2  12.9   13:42   5.9   01:46   9.1   0.0   0.6   6.3  23.5   14:27   WNW
11   9.8  14.2   13:49   6.6   07:33   8.5   0.0   0.3   3.0  14.5   14:43    NW
12   9.2  11.6   12:06   7.5   02:31   9.1   0.0   1.2   3.6  18.3   15:02   WSW
13   9.1  12.2   12:34   6.1   06:42   9.2   0.0   0.3   3.1  12.1   21:04   NNW
14  10.3  13.9   12:43   8.2   23:51   8.0   0.0   0.6   3.4  17.4   13:31     E
15   9.4  14.7   15:47   6.5   07:20   8.9   0.0   0.3   2.2  12.1   11:47    NE
16   9.4  11.2   13:51   7.2   07:10   8.9   0.0   0.3   1.6   9.8   10:08     E
17  10.0  12.3   13:56   8.3   05:32   8.3   0.0   0.0   0.8   9.8   04:44   NNE
18   9.7  11.7   15:11   7.4   05:55   8.6   0.0   0.0   0.5   9.2   16:37   WSW
19  10.6  14.4   14:46   7.3   05:00   7.7   0.0   0.0   3.3  16.8   14:27     S
20  13.7  17.5   15:32  10.5   03:45   4.6   0.0   2.1   5.4  22.8   15:41   SSW
21  13.9  14.6   15:03  12.4   23:58   4.4   0.0   4.5   3.4  16.8   20:20    SW
22  11.0  13.8   13:45   7.5   23:41   7.3   0.0   1.5   5.5  21.3   10:59   WSW
23   9.8  13.3   14:46   6.8   23:58   8.5   0.0   0.9   3.4  18.3   15:17   WSW
24  10.7  14.7   14:38   6.6   01:53   7.6   0.0   4.2   7.7  27.3   16:17    SW
25   9.0  13.4   13:08   6.7   22:25   9.7   0.0   0.6   5.7  22.1   09:34    SW
26   8.7  12.5   15:30   6.0   04:32   9.6   0.0   1.2   7.1  25.9   13:31   WSW
27   9.0  12.6   14:57   6.6   02:27   9.3   0.0   2.1   6.7  32.7   15:12   WSW
28   8.8  11.4   11:40   7.0   21:38   9.5   0.0   0.0   7.7  23.5   13:02   WSW
29  11.0  14.2   18:30   6.5   01:46   7.3   0.0   0.9   7.8  26.6   22:42   WSW
30  14.0  16.6   12:22  11.4   19:10   4.3   0.0   0.3   6.2  27.3   01:58   WSW
31  12.5  14.3   11:51   9.6   23:57   5.8   0.0   5.7   9.1  33.6   14:57    SW
----------------------------------------------------------------------------------
    10.7  17.5    20     5.9    10   237.3   0.0  43.5   4.9  33.6    31     WSW

Max >=  27.0  0
Max <=   0.0  0
Min <=   0.0  0
Min <= -18.0  0
Max Rain: 5.7 on day 31
Days of Rain: 23 (>= 0.2 mm)  8 (>= 2.0 mm)  0 (>= 20.0 mm)
Heat Base: 18.3  Cool Base: 18.3  Method: Integration
:now::gauges::today::yesterday::this month::this year::records::monthly records::top 10 records::NOAA reports::trends::historic::WU::forum:


Page updated 26/11/2020 01:21:12
powered by Cumulus