Desford Weather Climate Reports

Select a Year or Month report

Report for 2020 Aug
                   Monthly Climatological Summary for Aug 2020

Name: Desford Weather   City: Leicester   State: England
Elevation: 134 m  Lat: N 52° 37' 26"   Lon: W 001° 18' 24"

                  Temperature (°C), Rain (mm), Wind Speed (mph)

                                      Heat  Cool        Avg
    Mean                              Deg   Deg         Wind                 Dom
Day Temp  High   Time   Low    Time   Days  Days  Rain  Speed High   Time    Dir
----------------------------------------------------------------------------------
01  18.0  23.5   14:13  14.0   23:59   1.3   1.0   0.0   5.2  19.0   17:33     W
02  16.0  22.3   16:48  10.4   05:15   3.0   0.7   0.0   4.7  19.7   10:11     W
03  15.0  20.7   16:00  10.3   02:56   3.5   0.2   0.0   3.0  19.7   13:23    NW
04  15.2  20.9   16:55   8.5   04:47   3.4   0.3   0.0   5.6  28.2   21:32    SW
05  19.3  23.3   11:56  16.0   04:36   0.5   1.6   0.0   8.3  31.1   10:48    SW
06  20.1  24.5   13:31  15.4   05:50   0.6   2.4   0.0   3.5  17.4   12:11    SW
07  23.4  30.7   18:16  16.2   04:18   0.2   5.3   0.0   2.0  13.0   12:31   WSW
08  22.0  27.4   14:07  15.9   23:59   0.2   3.9   0.0   3.9  18.3   19:24     E
09  18.6  25.4   16:11  14.6   05:47   1.4   1.8   0.0   4.7  20.6   03:19     E
10  22.0  30.8   17:46  15.6   06:26   0.8   4.5   0.0   4.4  18.3   11:54     E
11  23.6  34.1   16:54  16.8   08:09   0.3   5.6   0.0   3.0  13.6   07:29     E
12  25.7  34.6   15:26  19.9   06:54   0.0   7.4   1.8   3.3  14.5   19:35   ESE
13  19.3  23.5   18:02  17.3   07:10   0.2   1.2   2.4   3.6  15.9   07:02     E
14  19.1  26.1   15:52  15.8   06:02   1.1   1.9   0.0   3.7  19.7   00:21     E
15  17.6  21.9   13:40  15.1   03:15   1.3   0.7   0.0   4.7  15.9   04:21     E
16  16.9  20.4   15:36  15.2   03:39   1.6   0.1   9.6   2.8  11.4   00:36     E
17  17.3  22.4   16:20  15.0   23:43   1.6   0.6   2.4   2.0  10.7   12:13     S
18  18.0  22.5   13:28  14.9   00:10   1.3   1.0   2.4   3.8  18.3   12:31   WSW
19  17.9  22.6   16:47  16.0   05:08   0.7   0.4   9.0   3.7  16.8   16:47   SSE
20  19.4  24.6   15:15  14.0   06:38   0.8   1.8   0.6   6.4  25.1   03:14   SSW
21  18.4  21.8   12:33  15.4   00:25   0.8   0.8   1.5  10.7  35.8   12:53    SW
22  16.9  21.2   17:03  14.5   06:02   1.7   0.3   1.5   9.4  29.8   11:54   WSW
23  16.4  20.5   12:24  12.7   23:53   2.1   0.2   0.0   7.2  22.1   10:11     W
24  16.4  22.8   16:52  11.9   03:29   2.5   0.6   1.8   3.6  15.9   10:39     W
25  16.5  20.6   12:35  15.0   08:39   2.0   0.2  11.1  10.3  44.1   14:35    SW
26  16.5  20.7   17:11  13.6   23:10   2.1   0.3   0.0   8.7  38.0   02:28   WNW
27  13.3  15.8   11:17  11.5   03:29   5.0   0.0   7.5   1.2  13.0   18:26   SSE
28  12.5  17.7   12:22  10.2   23:42   5.8   0.0  12.0   3.2  22.1   19:36   NNE
29  11.6  14.6   15:02   9.6   06:40   6.7   0.0   1.8   5.5  18.3   10:00   NNW
30  12.5  18.1   14:57   9.6   02:32   5.7   0.0   0.0   2.7  13.6   04:48     N
31  13.1  17.6   14:02   8.2   23:57   5.2   0.0   0.0   0.6   8.3   11:54   SSW
----------------------------------------------------------------------------------
    17.7  34.6    12     8.2    31    63.4  44.8  65.4   4.7  44.1    25      SW

Max >=  27.0  5
Max <=   0.0  0
Min <=   0.0  0
Min <= -18.0  0
Max Rain: 12.0 on day 28
Days of Rain: 14 (>= 0.2 mm)  8 (>= 2.0 mm)  0 (>= 20.0 mm)
Heat Base: 18.3  Cool Base: 18.3  Method: Integration
:now::gauges::today::yesterday::this month::this year::records::monthly records::top 10 records::NOAA reports::trends::forum:


Page updated 23/09/2020 10:51:23
powered by Cumulus