Desford Weather Climate Reports

Select a Year or Month report

Report for 2020 Jul
                   Monthly Climatological Summary for Jul 2020

Name: Desford Weather   City: Leicester   State: England
Elevation: 134 m  Lat: N 52° 37' 26"   Lon: W 001° 18' 24"

                  Temperature (°C), Rain (mm), Wind Speed (mph)

                                      Heat  Cool        Avg
    Mean                              Deg   Deg         Wind                 Dom
Day Temp  High   Time   Low    Time   Days  Days  Rain  Speed High   Time    Dir
----------------------------------------------------------------------------------
01  16.1  20.7   16:33  13.0   23:59   2.4   0.2   0.0   4.5  15.2   14:59     W
02  15.3  20.3   14:07  11.8   06:00   3.1   0.1   0.3   2.9  13.0   07:15     W
03  14.1  17.0   12:00  10.9   02:48   4.2   0.0   1.2   7.7  28.2   16:15   WSW
04  17.3  19.2   19:20  15.3   00:55   1.1   0.1   0.3   8.6  25.9   21:04   WSW
05  16.4  19.1   16:19  12.9   23:49   1.9   0.0   0.0  15.0  39.6   18:53     W
06  14.0  18.4   15:49  10.2   05:15   4.3   0.0   0.0   7.9  27.3   08:14   WNW
07  13.2  16.5   10:17  10.5   00:45   5.1   0.0   5.7   4.1  19.7   13:11   WSW
08  14.7  15.7   16:29  13.3   00:00   3.6   0.0   6.6   3.5  11.4   01:01     S
09  14.3  16.3   08:54  11.8   22:38   4.0   0.0   3.6   4.3  18.3   08:19    SW
10  13.4  16.7   18:17  10.2   23:46   4.9   0.0   0.6   5.5  20.6   08:25    NW
11  13.8  20.4   17:58   8.5   05:07   4.5   0.1   0.0   4.3  22.1   07:57    NW
12  16.1  23.3   16:35   7.6   05:10   3.3   1.1   0.0   2.1  13.6   12:07     W
13  16.1  19.8   12:39  13.2   04:46   2.3   0.1   1.8   5.1  21.3   13:35   WSW
14  14.8  17.7   16:57  11.7   23:52   3.5   0.0   0.0   3.5  20.6   14:12    NW
15  14.2  16.4   12:03  11.6   04:13   4.1   0.0   0.0   4.2  18.3   15:46   WNW
16  16.9  21.7   17:44  14.1   04:22   1.8   0.4   0.0   4.4  18.3   15:04    NW
17  19.3  24.7   14:44  14.7   05:07   0.9   1.9   0.0   4.9  19.7   16:09     W
18  17.3  19.7   14:24  14.0   23:57   1.2   0.2   0.3   5.2  17.4   11:31   WSW
19  15.7  21.1   16:13  10.9   23:56   3.0   0.4   4.2   3.4  17.4   16:20   NNW
20  13.9  19.5   14:55   8.1   04:51   4.5   0.0   0.0   3.5  15.2   08:49    NW
21  14.8  20.7   16:03   7.3   05:08   3.8   0.3   0.0   2.1  13.0   10:47    NW
22  17.3  22.9   15:19  12.6   03:44   2.1   1.1   0.0   4.3  22.1   17:30   WSW
23  17.0  21.5   14:19  13.6   05:51   1.7   0.4   1.8   5.4  20.6   13:27   WSW
24  18.4  23.4   15:17  14.7   06:05   1.3   1.3   0.9   3.5  18.3   22:10   WSW
25  17.5  21.6   11:04  13.1   20:25   1.4   0.6   4.5   6.1  25.9   19:54   WSW
26  16.2  21.0   15:31  11.9   05:35   2.4   0.3   0.0   6.4  24.4   19:39   WSW
27  16.0  21.4   16:18  12.5   23:03   2.5   0.2   3.0   6.9  27.3   17:39    SW
28  14.4  18.5   15:46  11.7   02:10   3.9   0.0   0.0   7.0  28.2   17:14     W
29  15.6  20.2   16:59  10.9   05:29   2.9   0.2   0.0   4.3  15.2   13:45     W
30  21.1  28.9   17:09  14.0   01:34   1.1   3.9   0.0   2.2  14.5   16:30   SSW
31  24.3  35.5   16:03  15.9   04:47   0.4   6.4   1.2   4.4  27.3   18:18   SSW
----------------------------------------------------------------------------------
    16.1  35.5    31     7.3    21    87.2  19.3  36.0   5.1  39.6     5       W

Max >=  27.0  2
Max <=   0.0  0
Min <=   0.0  0
Min <= -18.0  0
Max Rain: 6.6 on day 8
Days of Rain: 15 (>= 0.2 mm)  6 (>= 2.0 mm)  0 (>= 20.0 mm)
Heat Base: 18.3  Cool Base: 18.3  Method: Integration
:now::gauges::today::yesterday::this month::this year::records::monthly records::top 10 records::NOAA reports::trends::historic::WU::forum:


Page updated 26/11/2020 01:10:48
powered by Cumulus