Desford Weather Climate Reports

Select a Year or Month report

Report for 2020 Jun
                   Monthly Climatological Summary for Jun 2020

Name: Desford Weather   City: Leicester   State: England
Elevation: 134 m  Lat: N 52° 37' 26"   Lon: W 001° 18' 24"

                  Temperature (°C), Rain (mm), Wind Speed (mph)

                                      Heat  Cool        Avg
    Mean                              Deg   Deg         Wind                 Dom
Day Temp  High   Time   Low    Time   Days  Days  Rain  Speed High   Time    Dir
----------------------------------------------------------------------------------
01  17.7  25.2   15:55   9.8   04:47   2.5   1.9   0.0   3.8  15.9   12:02     E
02  18.2  25.6   17:28   9.4   03:00   2.4   2.3   0.0   1.6  10.7   11:44    NE
03  13.0  16.8   00:05   9.9   23:54   5.3   0.0   0.6   2.8  16.8   18:23     E
04  10.8  14.4   18:56   8.5   02:58   7.5   0.0   1.2   4.0  19.7   19:13   WNW
05  10.7  14.8   15:03   7.7   23:43   7.6   0.0   0.3   9.3  35.8   15:09   WNW
06  10.2  15.6   15:43   6.9   03:39   8.1   0.0   3.6   9.5  32.7   07:53   WNW
07  11.2  14.2   15:15   8.8   23:58   7.1   0.0   1.8   3.6  18.3   07:37    NW
08  12.1  17.3   14:50   7.4   02:19   6.2   0.0   0.0   2.4  13.6   22:41     E
09  13.9  19.2   14:09   8.7   04:46   4.4   0.0   0.0   2.5  10.7   08:46    SE
10  12.8  17.5   13:40  10.6   05:46   5.5   0.0   1.2   2.2  15.9   21:50   ESE
11  12.4  17.6   15:05  10.3   04:41   5.9   0.0   7.8   5.9  25.9   15:25     E
12  14.1  18.2   12:40  11.6   00:00   4.2   0.0   0.6   4.9  16.8   17:50     E
13  18.7  25.3   15:19  14.0   05:54   1.6   2.0   0.9   3.6  16.8   16:21   ESE
14  18.1  25.1   17:04  13.2   01:27   1.7   1.5   4.8   3.0  15.9   09:53   ESE
15  17.9  24.7   18:19  12.7   03:34   2.1   1.6   9.9   1.8  14.5   22:03   ESE
16  17.2  23.1   16:29  13.6   23:56   1.9   0.8  19.2   2.0  18.3   14:20   ESE
17  15.9  23.9   15:17  13.1   03:54   3.0   0.6  10.8   2.0  15.2   16:26     E
18  13.7  17.3   18:31  12.9   03:20   4.6   0.0   8.7   2.7  11.4   04:19   ESE
19  14.1  16.3   18:18  12.2   23:58   4.2   0.0   0.9   6.0  28.9   12:55    SW
20  15.9  22.3   16:23  10.2   04:51   2.8   0.4   0.0   4.5  24.4   15:23    SW
21  15.7  20.1   15:33  11.5   23:56   2.7   0.1   3.0   6.9  29.8   17:47   WSW
22  16.7  23.7   16:53   9.0   04:56   2.9   1.3   0.0   5.9  19.7   13:01    SW
23  20.2  27.6   16:26  11.8   04:40   1.6   3.5   0.0   3.6  14.5   11:47   SSW
24  23.9  31.3   15:23  15.4   05:12   0.4   6.0   0.0   3.0  13.6   17:46   ESE
25  24.5  31.5   17:14  16.6   05:16   0.1   6.3   0.0   4.4  17.4   11:42   ESE
26  22.9  30.1   13:23  17.3   05:01   0.0   4.6   0.0   4.0  17.4   16:27    SW
27  16.3  20.7   14:48  12.5   23:52   2.2   0.2   4.8   7.2  29.8   18:33    SW
28  14.4  18.4   12:42  11.0   04:24   3.9   0.0   0.3  11.2  32.7   14:26   WSW
29  13.3  14.6   16:17  12.0   01:09   5.0   0.0   0.0  12.9  34.9   10:17     W
30  15.7  20.4   16:14  12.7   04:41   2.8   0.1   0.0   6.5  21.3   01:09   WSW
----------------------------------------------------------------------------------
    15.7  31.5    25     6.9     6   110.2  33.2  80.4   4.8  35.8     5      SW

Max >=  27.0  4
Max <=   0.0  0
Min <=   0.0  0
Min <= -18.0  0
Max Rain: 19.2 on day 16
Days of Rain: 18 (>= 0.2 mm)  9 (>= 2.0 mm)  0 (>= 20.0 mm)
Heat Base: 18.3  Cool Base: 18.3  Method: Integration
:now::gauges::today::yesterday::this month::this year::records::monthly records::top 10 records::NOAA reports::trends::forum:


Page updated 23/09/2020 10:30:50
powered by Cumulus