Desford Weather Climate Reports

Select a Year or Month report

Report for 2020 May
                   Monthly Climatological Summary for May 2020

Name: Desford Weather   City: Leicester   State: England
Elevation: 134 m  Lat: N 52° 37' 26"   Lon: W 001° 18' 24"

                  Temperature (°C), Rain (mm), Wind Speed (mph)

                                      Heat  Cool        Avg
    Mean                              Deg   Deg         Wind                 Dom
Day Temp  High   Time   Low    Time   Days  Days  Rain  Speed High   Time    Dir
----------------------------------------------------------------------------------
01   9.1  12.7   14:31   6.6   02:43   9.2   0.0   4.5   6.9  25.9   16:29     W
02  10.4  15.7   15:52   5.6   06:03   7.9   0.0   0.0   5.7  20.6   08:51   WNW
03  11.1  14.3   15:51   7.1   04:57   7.2   0.0   0.0   1.8   8.3   15:04   ESE
04  10.5  15.8   13:53   6.2   06:18   7.8   0.0   0.0   4.4  21.3   19:01   ESE
05   9.9  15.3   16:30   5.4   04:48   8.4   0.0   0.0   7.2  25.1   08:47   ESE
06  11.4  19.2   17:07   4.0   04:50   7.0   0.0   0.0   3.0  13.0   10:54   ESE
07  15.3  23.9   18:17   5.0   05:30   4.2   1.2   0.0   1.9  13.6   16:57   SSW
08  17.6  23.5   14:12  11.5   04:14   2.0   1.3   0.0   1.9  11.4   13:21     W
09  18.1  23.6   13:15  11.8   04:57   1.8   1.6   0.0   1.8  10.7   13:57   ESE
10  10.2  16.0   01:47   4.2   23:46   8.1   0.0   1.2   6.4  29.8   15:17     E
11   6.9  11.0   15:23   2.6   23:58  11.3   0.0   0.0   4.2  25.9   15:41     E
12   7.5  12.1   11:37   1.3   04:32  10.8   0.0   0.0   4.3  23.5   11:09    NW
13   7.7  17.9   15:05   3.4   05:00  10.6   0.0   0.0   3.7  17.4   16:20     E
14   9.2  16.6   18:16   0.8   05:41   9.1   0.0   0.0   2.3  15.2   11:07    NE
15   9.8  15.2   16:27   4.1   04:32   8.5   0.0   0.0   4.6  22.1   15:49   WNW
16  11.0  16.9   16:55   5.9   03:41   7.3   0.0   0.0   4.8  23.5   14:34   WNW
17  13.3  19.3   16:45   7.1   02:45   5.0   0.0   0.0   4.9  21.3   14:40     W
18  15.0  21.3   15:05   8.3   05:15   3.6   0.3   0.0   8.1  23.5   11:32     W
19  17.7  24.4   16:19  12.3   03:05   2.2   1.6   0.0   5.5  17.4   08:37     W
20  20.3  27.6   16:32  10.2   17:36   1.5   3.5   0.0   2.9  14.5   14:53   SSW
21  18.6  25.0   18:22  12.2   04:43   1.5   1.8   0.0   3.2  18.3   12:03     W
22  16.3  19.3   14:00  11.6   23:46   2.1   0.0   0.0  12.6  38.0   10:52   WSW
23  13.2  17.4   13:59  10.0   04:03   5.1   0.0   0.0  13.3  40.3   11:16     W
24  14.9  19.9   17:24  11.7   01:03   3.5   0.1   0.0   7.3  24.4   12:30     W
25  16.6  24.0   16:26   7.1   05:00   3.3   1.5   0.0   4.3  19.7   15:00   WSW
26  17.2  23.7   13:49  11.8   02:16   2.3   1.2   0.0   2.9  14.5   18:27   WNW
27  18.0  25.5   16:19  12.1   05:26   2.2   1.8   0.0   3.2  18.3   18:56    NE
28  17.0  24.7   15:45  10.0   04:49   2.9   1.6   0.0   3.0  14.5   16:16   ESE
29  17.6  25.2   16:17   8.8   04:06   2.5   1.8   0.0   3.9  16.8   14:17   ESE
30  17.0  25.4   15:35   8.5   05:15   3.0   1.7   0.0   5.1  19.0   17:22   ESE
31  17.3  25.0   13:40  10.0   04:46   2.9   1.8   0.0   5.5  23.5   18:12   ESE
----------------------------------------------------------------------------------
    13.7  27.6    20     0.8    14   164.8  22.8   5.7   4.9  40.3    23     WSW

Max >=  27.0  1
Max <=   0.0  0
Min <=   0.0  0
Min <= -18.0  0
Max Rain: 4.5 on day 1
Days of Rain: 2 (>= 0.2 mm)  1 (>= 2.0 mm)  0 (>= 20.0 mm)
Heat Base: 18.3  Cool Base: 18.3  Method: Integration
:now::gauges::today::yesterday::this month::this year::records::monthly records::top 10 records::NOAA reports::trends::forum:


Page updated 23/09/2020 10:20:02
powered by Cumulus