Desford Weather Climate Reports

Select a Year or Month report

Report for 2020 Apr
                   Monthly Climatological Summary for Apr 2020

Name: Desford Weather   City: Leicester   State: England
Elevation: 133 m  Lat: N 52 37 26   Lon: W 001 18 24

                  Temperature (°C), Rain (mm), Wind Speed (mph)

                                      Heat  Cool        Avg
    Mean                              Deg   Deg         Wind                 Dom
Day Temp  High   Time   Low    Time   Days  Days  Rain  Speed High   Time    Dir
----------------------------------------------------------------------------------
01   6.2   8.9   16:25   3.1   00:12  12.1   0.0   0.0   5.0  17.4   14:14   WNW
02   8.8  13.2   15:45   5.4   00:00   9.3   0.0   0.0  10.1  34.2   16:11   WNW
03   8.4  13.1   15:46   4.9   01:27   9.9   0.0   0.0   4.4  17.4   15:48     W
04   9.9  15.8   15:48   5.0   04:51   8.4   0.0   0.0   4.0  19.0   15:47   SSW
05  13.5  20.9   16:51   6.0   06:46   5.1   0.4   0.0   5.5  23.5   14:01     S
06  12.6  16.0   15:17   7.4   23:55   5.6   0.0   0.6   8.0  25.9   05:47     W
07  12.1  20.0   17:24   4.1   06:56   6.2   0.1   0.0   2.1  14.5   12:48     S
08  16.0  23.5   16:37   8.3   06:20   3.4   1.1   0.0   1.3   8.3   10:11    SE
09  14.2  20.3   14:58   9.8   23:53   4.3   0.3   0.0   5.5  18.3   10:19     E
10  15.1  24.2   16:46   7.5   06:24   4.5   1.3   0.0   3.4  11.4   09:54    SE
11  16.9  24.7   15:14  10.0   07:16   2.9   1.5   0.0   2.8  15.9   15:20     W
12  15.2  24.0   16:15   8.5   23:44   4.2   1.1   0.3   3.1  26.6   22:06     E
13   7.3  10.5   16:34   4.7   23:26  11.0   0.0   2.1   7.6  33.6   12:06     E
14   8.7  15.3   18:23   1.5   06:32   9.6   0.0   0.0   1.9  11.4   00:13   SSE
15  12.0  20.9   17:43   3.9   05:27   6.6   0.3   0.0   1.6   8.3   10:18     S
16  12.8  20.9   15:14   3.6   06:24   5.8   0.3   0.0   3.6  15.9   20:51   ESE
17   9.8  14.3   14:45   6.3   21:54   8.5   0.0   0.3   8.4  23.5   19:04   ESE
18   7.7  11.4   16:10   5.5   07:55  10.6   0.0   5.1   4.5  17.4   04:34     E
19   9.8  16.0   16:05   5.6   05:00   8.5   0.0   0.0   5.8  23.5   15:11   ESE
20  10.2  16.0   14:22   5.4   02:27   8.1   0.0   0.0   8.0  26.6   13:38     E
21  11.3  17.3   14:28   6.6   05:42   7.0   0.0   0.0   7.3  25.1   16:06     E
22  12.3  19.8   15:19   6.5   05:26   6.1   0.1   0.0   5.9  21.3   14:18     E
23  12.9  21.8   17:12   6.3   05:02   5.9   0.5   0.0   4.2  15.2   13:15     E
24  13.1  21.1   16:32   6.5   05:21   5.6   0.4   0.0   3.4  13.0   19:34   ESE
25  11.0  19.5   18:04   5.5   02:01   7.3   0.0   0.0   3.0  13.0   12:34   ESE
26  14.1  22.2   15:48   6.4   05:44   4.7   0.5   0.0   2.9  15.2   12:57     W
27  12.0  16.0   13:20   8.8   05:00   6.3   0.0   0.0   3.1  10.7   03:18   NNE
28   7.9  10.3   00:00   6.5   23:23  10.3   0.0   0.3   4.8  16.8   08:38   ESE
29   9.0  13.2   17:16   6.4   02:57   9.3   0.0   0.0   3.9  19.7   17:48     S
30   8.7  10.5   13:49   6.3   05:40   9.6   0.0   1.8   7.8  26.6   18:15    SW
----------------------------------------------------------------------------------
    11.3  24.7    11     1.5    14   216.7   7.9  10.5   4.7  34.2     2      SE

Max >=  27.0  0
Max <=   0.0  0
Min <=   0.0  0
Min <= -18.0  0
Max Rain: 5.1 on day 18
Days of Rain: 7 (>= 0.2 mm)  2 (>= 2.0 mm)  0 (>= 20.0 mm)
Heat Base: 18.3  Cool Base: 18.3  Method: Integration
:now::gauges::today::yesterday::this month::this year::records::monthly records::top 10 records::NOAA reports::trends::forum:


Page updated 23/09/2020 10:07:46
powered by Cumulus