Desford Weather Climate Reports

Select a Year or Month report

Report for 2020 Mar
                   Monthly Climatological Summary for Mar 2020

Name: Desford Weather   City: Leicester   State: England
Elevation: 134 m  Lat: N 52 37 26   Lon: W 001 18 24

                  Temperature (°C), Rain (mm), Wind Speed (mph)

                                      Heat  Cool        Avg
    Mean                              Deg   Deg         Wind                 Dom
Day Temp  High   Time   Low    Time   Days  Days  Rain  Speed High   Time    Dir
----------------------------------------------------------------------------------
01   5.6   8.7   13:29   2.3   23:49  12.7   0.0   0.0  11.1  32.7   13:43   WSW
02   4.0  12.7   12:17  -0.2   05:48  14.3   0.0   0.0   5.7  25.1   16:13     W
03   4.7   8.7   16:21   1.5   05:07  13.6   0.0   0.6   6.1  25.1   15:05     W
04   4.3   8.3   11:52   1.1   03:53  14.0   0.0   0.9   0.5   8.3   17:03   SSW
05   4.4   6.4   13:18   2.0   23:56  13.9   0.0   0.3   2.0  18.3   13:28    NE
06   4.6  10.9   15:32  -0.4   06:37  13.7   0.0   0.0   1.3  11.4   14:07   WNW
07   8.1  13.0   14:54   2.3   04:00  10.2   0.0   0.0   5.7  28.9   16:27    SW
08   9.1  11.8   14:28   5.6   23:53   9.2   0.0   1.8  12.7  35.8   13:00   WSW
09   7.5  10.3   23:40   5.2   00:13  10.8   0.0   6.0  11.3  32.0   23:41   WSW
10  11.8  14.5   12:47   8.9   23:50   6.5   0.0   1.5  15.8  41.8   14:42     W
11   9.4  12.6   12:31   5.4   23:56   8.9   0.0   0.9  12.5  45.6   23:53   WSW
12   6.5  10.3   13:28   3.5   06:45  11.8   0.0   0.9  16.1  46.3   00:01     W
13   7.3  10.4   13:59   5.3   21:30  11.0   0.0   0.3   7.1  27.3   01:26     W
14   8.7  12.3   14:40   5.8   00:00   9.6   0.0   1.5   7.1  26.6   22:05    SW
15   8.2  10.1   00:32   4.8   23:53  10.1   0.0   1.8   8.4  27.3   05:29   WSW
16   7.2  11.8   15:29   3.1   06:26  11.1   0.0   0.0   6.4  21.3   14:42   WSW
17  10.1  12.9   13:13   6.6   00:00   8.2   0.0   0.0  10.9  31.1   18:03    SW
18   8.4  11.3   00:08   5.8   19:24   9.9   0.0   1.8   6.2  29.8   01:05     W
19   6.4   7.7   13:25   5.3   23:37  11.9   0.0   0.3   2.9  13.6   14:57     E
20   6.5   9.4   12:59   4.3   23:58  11.8   0.0   0.0   6.4  24.4   13:01     E
21   6.1  10.1   12:51   3.8   05:35  12.2   0.0   0.0   8.4  26.6   09:57   ESE
22   5.8  11.6   14:58   1.4   06:05  12.5   0.0   0.0   5.5  20.6   09:30   ESE
23   6.8  15.0   15:08   0.5   05:34  11.3   0.0   0.0   3.0  13.6   11:48    SE
24   9.2  16.9   15:08   1.2   03:57   9.1   0.0   0.0   3.8  15.2   13:49   SSW
25   9.6  17.3   14:46   2.7   05:57   8.7   0.0   0.0   2.5  11.4   08:58     S
26   7.3  15.1   14:24  -0.4   05:41  11.0   0.0   0.0   3.8  15.9   11:57     E
27   6.4  12.9   14:40   1.1   06:11  11.9   0.0   0.0   5.0  23.5   13:05   ENE
28   6.5  11.2   14:21   3.6   22:58  11.8   0.0   0.0   8.1  28.2   16:54   ENE
29   5.0   8.3   14:00   2.3   07:04  12.8   0.0   0.0   7.9  31.1   05:31   ENE
30   5.3   9.3   15:09   0.2   06:55  13.0   0.0   0.6   4.8  18.3   15:34   NNE
31   6.6  10.5   13:42   2.2   06:04  11.7   0.0   0.0   3.8  19.7   10:07   ENE
----------------------------------------------------------------------------------
     7.0  17.3    25    -0.4     6   349.2   0.0  19.2   6.9  46.3    12     WSW

Max >=  27.0  0
Max <=   0.0  0
Min <=   0.0  3
Min <= -18.0  0
Max Rain: 6.0 on day 9
Days of Rain: 14 (>= 0.2 mm)  1 (>= 2.0 mm)  0 (>= 20.0 mm)
Heat Base: 18.3  Cool Base: 18.3  Method: Integration
:now::gauges::today::yesterday::this month::this year::records::monthly records::top 10 records::NOAA reports::trends::historic::WU::forum:


Page updated 26/11/2020 00:42:12
powered by Cumulus