Desford Weather Climate Reports

Select a Year or Month report

Report for 2020
                   Annual Climatological Summary for 2020

Name: Desford Weather   City: Leicester   State: England
Elevation: 134 m  Lat: N 52° 37' 26"   Lon: W 001° 18' 24"

                  Temperature (°C), Heat Base: 18.3  Cool Base: 18.3
                          Dep.  Heat  Cool                       Max  Max  Min  Min
        Mean  Mean        From  Deg   Deg                        >=   <=   <=   <=
 YR MO  Max   Min   Mean  Norm  Days  Days  Hi  Date  Low  Date 27.0  0.0  0.0 -18.0
------------------------------------------------------------------------------------
 20  1   9.3   4.4   6.9   0.0   354     0  14.0  14   0.0   17    0    0    1    0
 20  2  10.1   3.7   6.7   0.0   336     0  13.4  15  -0.1    6    0    0    1    0
 20  3  11.4   3.1   7.0   0.0   349     0  17.3  25  -0.4    6    0    0    3    0
 20  4  17.4   6.1  11.3   0.0   217     8  24.7  11   1.5   14    0    0    0    0
 20  5  19.9   7.7  13.7   0.0   165    23  27.6  20   0.8   14    1    0    0    0
 20  6  21.1  11.4  15.7   0.0   110    33  31.5  25   6.9    6    4    0    0    0
 20  7  20.6  12.0  16.1   0.0    87    19  35.5  31   7.3   21    2    0    0    0
 20  8  23.0  13.8  17.7   0.0    63    45  34.6  12   8.2   31    5    0    0    0
 20  9  19.8   9.9  14.5   0.0   128    15  30.2  15   4.1   28    2    0    0    0
 20 10  13.9   8.0  10.7   0.0   237     0  17.5  20   5.9   10    0    0    0    0
 20 11  12.5   6.4   9.6   0.0   217     0  17.3   1   1.3   23    0    0    0    0
 20 12
------------------------------------------------------------------------------------
        16.4   7.9  11.9   0.0  2263   143  35.5 Jul  -0.4  Mar   14    0    5    0

                                Precipitation (mm)

              Dep.   Max        Days of Rain
              From   Obs.           >=
 YR MO Total  Norm   Day Date  0.2  2.0 20.0
---------------------------------------------
 20  1  25.2   0.0   3.0   8    16    7    0
 20  2 124.2   0.0  49.8   9    23   13    1
 20  3  19.2   0.0   6.0   9    14    1    0
 20  4  10.5   0.0   5.1  18     7    2    0
 20  5   5.7   0.0   4.5   1     2    1    0
 20  6  80.4   0.0  19.2  16    18    9    0
 20  7  36.0   0.0   6.6   8    15    6    0
 20  8  65.4   0.0  12.0  28    14    8    0
 20  9   9.0   0.0   3.3   2     5    2    0
 20 10  43.5   0.0   5.7  31    23    8    0
 20 11  19.2   0.0   2.4  14    19    4    0
---------------------------------------------
       438.3   0.0  49.8  Feb  156   61    1

                                Wind Speed (mph)
                          Dom
 YR MO   Avg.  Hi   Date  Dir
------------------------------
 20  1   7.0  39.6   11   WSW
 20  2  11.0  54.8    9   WSW
 20  3   6.9  46.3   12   WSW
 20  4   4.7  34.2    2    SE
 20  5   4.9  40.3   23   WSW
 20  6   4.8  35.8    5    SW
 20  7   5.1  39.6    5     W
 20  8   4.7  44.1   25   WSW
 20  9   4.3  32.0   25     W
 20 10   4.9  33.6   31   WSW
 20 11   6.2  40.3    2   WSW
 20 12
------------------------------
         5.8  54.8  Feb   WSW
:now::gauges::today::yesterday::this month::this year::records::monthly records::top 10 records::NOAA reports::trends::historic::WU::forum:


Page updated 26/11/2020 01:23:06
powered by Cumulus