Desford Weather Climate Reports

Select a Year or Month report

Report for 2019 Dec
                   Monthly Climatological Summary for Dec 2019

Name: Desford Weather   City: Leicester   State: England
Elevation: 135 m  Lat: N 52 37 26   Lon: W 001 18 24

                  Temperature (°C), Rain (mm), Wind Speed (mph)

                                      Heat  Cool        Avg
    Mean                              Deg   Deg         Wind                 Dom
Day Temp  High   Time   Low    Time   Days  Days  Rain  Speed High   Time    Dir
----------------------------------------------------------------------------------
01   3.1   6.7   13:06   0.0   23:14  15.2   0.0   0.3   3.2  13.0   10:23   NNE
02   2.6   6.2   13:10  -0.5   02:41  15.7   0.0   0.3   4.8  13.0   06:07   WNW
03   5.2   9.2   14:02   3.1   05:34  13.1   0.0   0.0   4.0  13.0   11:46    SW
04   4.2   8.9   15:39   1.5   04:39  14.1   0.0   0.0   3.5  12.1   13:27    SW
05   5.6  10.4   23:41   2.4   06:41  10.3   0.0   0.3   9.6  31.1   16:25    SW
06  10.7  12.4   12:41   8.7   22:24   7.6   0.0   5.1  11.2  25.9   12:12   WSW
07   9.2  10.7   14:05   8.0   07:50   9.1   0.0   0.3  10.2  32.0   21:44   WSW
08   8.4  12.0   04:03   5.6   20:25   9.8   0.0   1.5  14.8  39.6   06:30   WSW
09   6.0   8.6   12:44   2.4   23:16  12.3   0.0   0.9   8.8  30.4   06:03    NW
10   7.4  12.4   18:27   2.3   03:15  10.8   0.0   3.6  13.0  41.8   18:28    SW
11   4.3   7.6   12:44   1.6   22:11  14.0   0.0   0.6   7.1  21.3   15:07    SW
12   5.2   8.6   16:28   1.5   01:06  13.1   0.0   5.4   6.8  18.3   16:28   SSW
13   6.4   7.8   12:40   4.9   23:59  11.9   0.0   2.4  14.4  37.4   14:28     W
14   5.2   6.6   13:45   4.0   08:15  13.1   0.0   4.5  11.9  41.2   12:32   WSW
15   5.5   7.4   11:56   3.7   03:24  12.8   0.0   1.8  10.1  31.1   02:29    SW
16   4.9   6.9   14:13   3.1   23:26  13.4   0.0   0.0   4.1  16.8   02:33   SSW
17   3.5   4.9   15:21   1.6   19:31  14.8   0.0   0.3   2.2  11.4   23:15    SW
18   7.0  12.9   22:24   3.5   00:00   8.7   0.0   4.8   4.9  29.8   22:25     S
19  12.9  14.3   07:43  10.7   23:44   5.4   0.0   3.9   8.3  23.5   19:33     S
20  10.2  11.8   13:25   8.3   21:23   8.1   0.0   9.6   5.2  17.4   14:19    SW
21  10.4  11.8   07:17   8.3   00:51   7.9   0.0   1.5   4.8  15.9   09:20     S
22   9.9  11.6   07:05   7.7   22:46   8.4   0.0   0.9   6.8  15.9   11:53     W
23   8.3   9.9   14:13   6.5   19:52  10.0   0.0   0.3   9.0  28.2   15:35   WSW
24   9.9  11.7   07:06   8.0   23:58   8.4   0.0   2.4   9.0  25.9   13:17     W
25   6.5   8.8   14:49   4.4   23:06  11.8   0.0   0.0   4.1  20.6   01:14     W
26   7.8   9.1   14:07   4.6   00:00  10.5   0.0   2.4   4.8  19.7   10:45   ESE
27  10.4  11.5   22:57   8.8   00:00   7.9   0.0   0.0   2.5  10.7   16:00   SSW
28  18.7  34.5   11:02  11.1   23:35   4.0   4.4   0.3   6.1  19.7   18:09   SSW
29   9.3  13.4   07:20   5.3   22:15   8.1   0.0   0.0   6.6  19.0   09:13    SW
30   5.8   8.7   14:02   4.5   18:51  12.5   0.0   0.0   5.4  17.4   00:40   WSW
31   6.9   8.2   12:49   5.5   08:22  11.4   0.0   0.0   4.1  16.8   12:34   ESE
----------------------------------------------------------------------------------
     7.5  34.5    28    -0.5     2   334.2   4.4  53.4   7.1  41.8    10     WSW

Max >=  27.0  1
Max <=   0.0  0
Min <=   0.0  2
Min <= -18.0  0
Max Rain: 9.6 on day 20
Days of Rain: 23 (>= 0.2 mm)  10 (>= 2.0 mm)  0 (>= 20.0 mm)
Heat Base: 18.3  Cool Base: 18.3  Method: Integration
:now::gauges::today::yesterday::this month::this year::records::monthly records::top 10 records::NOAA reports::trends::historic::WU::forum:


Page updated 26/11/2020 06:57:47
powered by Cumulus