NOAA-Style Climate Reports

Select a Year or Month report

Report for 2019 Jul
                   Monthly Climatological Summary for Jul 2019

Name: Desford Weather   City: Leicester   State: England
Elevation: 135 m  Lat: N 52 37 26   Lon: W 001 18 24

                  Temperature (°C), Rain (mm), Wind Speed (mph)

                                      Heat  Cool        Avg
    Mean                              Deg   Deg         Wind                 Dom
Day Temp  High   Time   Low    Time   Days  Days  Rain  Speed High   Time    Dir
----------------------------------------------------------------------------------
01  16.0  19.3   14:50  11.8   23:57   2.3   0.1   0.0   9.1  27.3   13:18     W
02  15.1  20.0   17:44  10.3   03:31   3.3   0.1   0.0   4.2  16.8   13:31    NW
03  17.0  24.0   16:19   9.3   05:07   2.7   1.5   0.0   2.4  11.4   20:07   ENE
04  18.1  24.8   17:42  11.2   04:36   2.1   1.9   0.0   4.0  15.9   13:23     W
05  18.8  24.4   17:20  13.7   05:08   1.4   1.9   0.0   4.8  19.7   10:34   WNW
06  16.1  19.1   19:24  13.4   23:12   2.2   0.0   1.2   3.4  13.0   09:11   WNW
07  17.2  23.9   17:40  12.3   05:07   2.2   1.1   0.0   2.7  18.3   15:45   ESE
08  16.6  23.3   16:59  11.6   04:50   2.5   0.8   0.0   4.1  13.0   20:25   ESE
09  17.9  22.4   17:39  14.2   04:48   1.4   1.0   0.0   2.2  11.4   00:13   ENE
10  19.1  22.1   16:29   0.0   19:54   0.2   1.0   0.0   4.7  47.4   16:52   WSW
11  18.8  23.2   14:52   0.0   00:05   0.7   1.2   0.9   5.5  45.6   00:14     W
12  17.9  21.4   16:36   0.0   03:46   0.9   0.6   4.5   7.3  38.9   13:36   WNW
13  17.0  22.0   18:30   0.0   02:05   1.7   0.4   0.0   3.7  46.1   16:47    NW
14  17.2  21.3   13:44   0.0   03:26   1.6   0.5   0.0   3.1  34.2   01:22     E
15  17.1  31.6   15:23   0.0   06:39   2.5   1.3   0.0   1.4  55.9   13:39   SSE
16  19.0  25.3   17:26   0.0   09:08   1.4   2.1   0.0   2.2  45.0   22:41     W
17  19.0  23.1   17:22   0.0   00:17   0.9   1.6   0.0   4.0 116.3   22:01   WSW
18  17.7  21.8   15:19   0.0   02:11   1.2   0.7   0.0   6.4  44.3   04:59     W
19  16.4  20.8   11:01   0.0   00:55   2.3   0.3   6.6   4.8  54.6   16:25   SSW
20  18.7  21.7   14:27   0.0   00:39   0.2   0.4   0.6   8.7  25.9   09:10   WSW
21  18.0  22.2   17:37   0.0   19:46   1.5   1.1   0.0   7.1  17.4   13:04    SW
22  21.5  26.9   15:27   0.0   01:37   0.1   3.3   0.0   8.8  24.4   11:55   WSW
23  24.3  32.3   17:35   0.0   03:48   0.2   6.2   0.0   3.0  50.8   17:20   SSE
24  23.2  28.5   14:50   0.0   01:33   0.0   4.9  10.2   4.9  43.2   00:25    SW
25  26.8  36.3   17:16   0.0   04:01   0.0   8.5   0.0   3.9  33.6   00:26     S
26  21.6  24.3   17:44   0.0   00:30   0.0   3.3   0.0   3.3  42.1   21:25   WSW
27  17.8  19.4   00:00   0.0   00:54   0.6   0.1  17.1   4.5  42.1   05:12   WNW
28  15.6  16.4   03:14   0.0   02:49   2.7   0.0  45.0   9.1  54.6   17:16     W
29  19.4  26.2   17:29   0.0   01:32   1.2   2.2   0.0   4.5  43.2   07:38    SW
30  18.4  21.6   11:27   0.0   01:57   0.4   0.5  29.1   7.5  41.6   06:01    SE
31  17.2  18.5   16:17   0.0   00:09   1.1   0.0   0.6  12.3  25.9   11:47   WSW
----------------------------------------------------------------------------------
    18.5  36.3    25     0.0    10    41.5  48.6 115.8   4.9 116.3    17     WSW

Max >=  27.0  4
Max <=   0.0  0
Min <=   0.0 22
Min <= -18.0  0
Max Rain: 45.0 on day 28
Days of Rain: 10 (>= 0.2 mm)  6 (>= 2.0 mm)  2 (>= 20.0 mm)
Heat Base: 18.3  Cool Base: 18.3  Method: Integration
:now::gauges::today::yesterday::this month::this year::records::monthly records::top 10 records::NOAA reports::trends::forum:


Page updated 18/11/2019 12:39:33
powered by Cumulus