NOAA-Style Climate Reports

Select a Year or Month report

Report for 2019 Mar
                   Monthly Climatological Summary for Mar 2019

Name: Desford Weather   City: Leicester   State: England
Elevation: 135 m  Lat: N 52 37 26   Lon: W 001 18 24

                  Temperature (°C), Rain (mm), Wind Speed (mph)

                                      Heat  Cool        Avg
    Mean                              Deg   Deg         Wind                 Dom
Day Temp  High   Time   Low    Time   Days  Days  Rain  Speed High   Time    Dir
----------------------------------------------------------------------------------
01   9.2  10.6   14:44   7.3   23:51   9.1   0.0   0.0   3.9  13.0   23:14   WSW
02  10.4  13.7   12:59   7.2   00:10   7.8   0.0   0.0  10.1  30.4   15:14    SW
03   9.4  13.1   13:27   5.8   23:47   8.9   0.0   1.5  14.0  49.4   21:40    SW
04   6.4  10.1   13:08   3.7   23:47  11.9   0.0   0.0  15.1  40.3   16:03   WSW
05   7.4  11.6   13:00   3.1   03:09  10.9   0.0   1.2   9.2  31.1   11:34    SW
06  10.9  14.3   14:48   6.5   23:58   7.4   0.0   4.5  11.2  32.0   14:34   SSW
07   6.8   8.1   18:20   5.2   02:24  11.5   0.0   0.3  14.9  39.6   10:47   WSW
08   7.2   9.3   20:41   4.1   06:47  11.1   0.0   0.3   8.8  23.5   14:52   WSW
09   8.0  10.5   11:17   6.1   23:53  10.3   0.0   0.3  14.3  45.6   11:29     W
10   5.0   8.7   12:49   2.5   06:58  13.3   0.0   7.2  13.1  47.9   13:51     W
11   6.2  10.0   14:52   2.8   02:46  12.1   0.0   0.0  14.3  38.7   00:52     W
12   7.0  10.6   09:43   4.5   12:44  11.3   0.0   6.6  15.2  34.2   21:26   WSW
13   7.8  10.0   14:18   6.4   00:00  10.5   0.0   0.6  20.6  45.0   08:42     W
14   9.3  12.1   14:29   7.0   00:02   9.0   0.0   2.4  15.7  44.1   11:10     W
15  11.0  13.4   09:09   8.0   00:02   7.3   0.0   2.4  17.8  56.4   11:39     W
16  10.1  11.6   03:06   5.7   22:48   8.2   0.0   2.7  15.5  44.1   10:50   WSW
17   6.2   8.7   15:21   3.6   06:20  12.1   0.0   0.3  12.9  32.0   09:33     W
18   7.3   9.7   14:49   4.7   05:21  10.9   0.0   0.0   5.7  15.9   00:09     W
19  10.5  13.6   16:00   8.0   05:47   7.8   0.0   0.0   5.1  17.4   16:11   WSW
20  11.4  16.2   15:24   7.9   05:16   6.9   0.0   0.0   5.4  18.3   23:49    SW
21  11.1  14.5   13:44   8.0   06:08   7.2   0.0   0.0   4.4  15.9   00:07   WSW
22  11.0  13.8   13:49   9.6   09:06   7.3   0.0   0.0   7.9  20.6   09:52    SW
23   8.8  12.7   15:25   6.3   23:39   9.5   0.0   0.0   2.7  15.2   00:00   NNW
24   7.8  11.4   14:51   3.1   06:20  10.5   0.0   0.0   1.1  19.7   14:21   WNW
25   8.0  13.6   14:30   3.0   23:50  10.3   0.0   0.0  ----  19.0   01:09   NNW
26   7.5  13.4   15:53   2.1   02:41  10.8   0.0   0.0  ----  20.6   14:18   WNW
27   8.9  15.9   17:55   5.9   23:56   9.4   0.0   0.0  ----  18.3   15:28    NW
28   9.4  16.1   16:28   2.8   05:35   8.9   0.0   0.0  ----  10.7   14:42   WSW
29  10.6  17.6   15:35   4.0   05:51   7.7   0.0   0.0  ----  15.9   13:13    SW
30   9.3  13.9   14:05   5.3   05:57   9.0   0.0   0.0  ----  13.0   12:06   WNW
31   8.2  11.6   15:26   3.4   23:59   9.7   0.0   0.0  ----  22.8   11:59   ESE
----------------------------------------------------------------------------------
     8.6  17.6    29     2.1    26   298.6   0.0  30.3  11.3  56.4    15     WSW

Max >=  27.0  0
Max <=   0.0  0
Min <=   0.0  0
Min <= -18.0  0
Max Rain: 7.2 on day 10
Days of Rain: 13 (>= 0.2 mm)  6 (>= 2.0 mm)  0 (>= 20.0 mm)
Heat Base: 18.3  Cool Base: 18.3  Method: Integration
:now::gauges::today::yesterday::this month::this year::records::monthly records::top 10 records::NOAA reports::trends::forum:


Page updated 18/11/2019 12:38:37
powered by Cumulus