NOAA-Style Climate Reports

Select a Year or Month report

Report for 2019 Feb
                   Monthly Climatological Summary for Feb 2019

Name: Desford Weather   City: Leicester   State: England
Elevation: 135 m  Lat: N 52 37 26   Lon: W 001 18 24

                  Temperature (°C), Rain (mm), Wind Speed (mph)

                                      Heat  Cool        Avg
    Mean                              Deg   Deg         Wind                 Dom
Day Temp  High   Time   Low    Time   Days  Days  Rain  Speed High   Time    Dir
----------------------------------------------------------------------------------
01   1.4   3.7   13:18   0.1   04:30  16.6   0.0   0.0   7.7  20.6   10:13    NE
02   1.0   5.3   14:15  -1.5   07:37  17.0   0.0   0.0   6.0  17.4   14:57   NNW
03   1.3   6.3   14:15  -3.2   07:22  16.6   0.0   0.0   5.1  15.9   11:49    SW
04   6.4   9.7   11:58   1.6   23:59  11.9   0.0   1.8   7.6  27.3   06:19    SW
05   5.2   9.7   23:49  -0.2   03:52  12.9   0.0   0.6   5.7  20.6   20:55   SSW
06   7.6  10.0   00:27   4.3   16:28  10.6   0.0   1.2   4.9  16.8   00:00    SW
07   6.5   8.9   14:27   5.0   05:51  11.7   0.0   3.3  14.5  47.2   06:20   WSW
08   8.9  12.2   13:17   6.0   23:45   9.4   0.0   0.3  13.7  38.7   10:28    SW
09   7.2   9.2   14:45   5.4   01:40  11.1   0.0   0.3  17.2  46.3   05:49   WSW
10   5.2   7.4   13:46   2.3   23:53  12.9   0.0   6.3   7.5  27.3   14:12   WNW
11   5.2  10.6   15:37   2.0   00:30  13.1   0.0   0.0   3.1  12.1   10:41   WNW
12   6.4   9.8   16:05   2.3   06:58  11.9   0.0   0.0   6.5  18.3   14:10    SW
13   8.7  12.0   13:32   5.1   23:55   9.6   0.0   0.0   6.2  22.1   10:43    SW
14   6.7  13.6   15:21   2.4   05:48  11.5   0.0   0.0   2.3  10.7   12:26   SSW
15   7.3  14.9   15:24   1.3   07:25  10.9   0.0   0.0   4.2  14.5   13:25   SSW
16  10.5  13.5   13:18   5.8   02:22   7.8   0.0   0.0   7.2  23.5   12:39    SW
17   9.9  12.7   14:48   7.4   07:28   8.3   0.0   0.0   7.3  21.3   10:32   SSW
18   8.1  10.7   12:28   5.7   23:59  10.2   0.0   0.6   7.9  28.2   13:05    SW
19   7.4   9.5   13:40   4.5   07:08  10.9   0.0   0.3   9.0  22.8   11:13    SW
20   9.5  12.5   13:34   7.4   03:34   8.8   0.0   0.0   9.2  26.6   10:46    SW
21  11.3  16.3   14:35   8.0   23:56   7.0   0.0   0.0   6.8  18.3   13:20    SW
22   9.7  16.1   15:43   4.5   06:18   8.6   0.0   0.0   2.2  12.1   13:28     S
23  10.2  16.9   15:41   4.7   04:32   8.1   0.0   0.0   3.1  13.0   14:53     S
24   9.8  17.3   15:05   4.6   04:54   8.5   0.0   0.0   1.3   8.3   15:25   ESE
25   9.8  18.8   15:42   1.6   07:10   8.5   0.0   0.0   1.4   8.3   15:57   SSE
26  11.2  19.4   14:37   4.5   07:10   7.1   0.0   0.0   1.7   7.6   14:53    SE
27  10.4  18.0   16:26   5.0   06:56   7.9   0.0   0.0   2.4   9.8   10:00   WSW
28   9.0  11.5   12:16   5.5   03:49   9.3   0.0   1.2   4.3  14.5   06:06     W
----------------------------------------------------------------------------------
     7.6  19.4    26    -3.2     3   298.7   0.0  15.9   6.2  47.2     7      SW

Max >=  27.0  0
Max <=   0.0  0
Min <=   0.0  3
Min <= -18.0  0
Max Rain: 6.3 on day 10
Days of Rain: 10 (>= 0.2 mm)  2 (>= 2.0 mm)  0 (>= 20.0 mm)
Heat Base: 18.3  Cool Base: 18.3  Method: Integration
:now::gauges::today::yesterday::this month::this year::records::monthly records::top 10 records::NOAA reports::trends::forum:


Page updated 18/11/2019 12:38:26
powered by Cumulus