NOAA-Style Climate Reports

Select a Year or Month report
V/Λ2019 > Jan Feb Mar Apr May Jun Jul Aug Sep Oct Nov Dec
V/Λ2018 > Jan Feb Mar Apr May Jun Jul Aug Sep Oct Nov Dec
V/Λ2017 > Jan Feb Mar Apr May Jun Jul Aug Sep Oct Nov Dec
V/Λ2016 > Jan Feb Mar Apr May Jun Jul Aug Sep Oct Nov Dec

Report for 2018 Dec
                   Monthly Climatological Summary for Dec 2018

Name: Desford Weather   City: Leicester   State: England
Elevation: 135 m  Lat: N 52 37 26   Lon: W 001 18 24

                  Temperature (°C), Rain (mm), Wind Speed (mph)

                                      Heat  Cool        Avg
    Mean                              Deg   Deg         Wind                 Dom
Day Temp  High   Time   Low    Time   Days  Days  Rain  Speed High   Time    Dir
----------------------------------------------------------------------------------
01   9.2  12.1   15:20   6.6   05:51   9.0   0.0   0.9   6.4  17.4   10:47   SSW
02  12.1  13.5   13:20   9.8   00:39   6.2   0.0   0.6  11.6  29.8   13:30   WSW
03   8.4  11.9   11:48   3.4   21:45   9.8   0.0   1.8   8.3  26.6   03:39   WSW
04   4.2   6.2   10:50   2.0   08:08  14.1   0.0   0.0   2.7   9.8   04:35   WSW
05   8.7  11.9   16:28   4.3   01:13   9.5   0.0   3.3   5.1  15.9   16:30   SSW
06  11.5  12.5   23:40  10.0   07:39   6.8   0.0   0.3   8.4  25.1   10:09    SW
07   9.4  13.0   04:05   5.2   20:01   8.9   0.0   3.0  14.5  33.6   17:07   WSW
08   9.2  11.4   15:46   7.3   00:00   9.1   0.0   0.3  19.6  41.8   17:25   WSW
09   7.8   9.5   14:21   5.3   21:17  10.5   0.0   0.3  11.6  37.4   00:55   WNW
10   6.8   8.0   13:55   4.5   04:42  11.4   0.0   0.0   5.3  18.3   11:56   WNW
11   5.3   9.4   13:58   2.6   06:51  13.0   0.0   0.0   1.9   9.2   20:47   SSE
12   4.3   6.5   11:07   1.3   22:39  13.6   0.0   0.0   4.2  14.5   22:59   ESE
13   2.5   5.8   13:07   0.7   23:53  15.7   0.0   0.0   5.8  23.5   13:21   ESE
14   1.3   5.1   13:43  -1.0   04:43  17.0   0.0   0.0   2.0   7.6   07:14    SE
15   2.6   8.0   23:06   0.7   07:37  15.7   0.0   4.2   7.1  25.1   17:48     S
16   5.6   7.3   00:01   3.8   04:54  12.6   0.0   0.6   4.5  19.0   01:13   SSW
17   6.2   9.1   23:12   2.9   07:52  12.1   0.0   0.3   6.4  18.3   00:38    SW
18   8.5  10.0   07:32   5.7   23:55   9.8   0.0   6.0   8.6  30.4   10:59     S
19   6.7   9.3   13:29   5.0   02:00  11.5   0.0   0.9   6.1  15.9   11:06   SSW
20   7.1  14.6   17:47   5.0   02:46  11.2   0.0   0.0   8.6  22.8   12:20    SW
21   8.9  11.4   08:25   6.8   00:11   9.3   0.0  10.2   9.0  38.0   12:49   WSW
22   7.8  10.4   12:37   5.3   22:57  10.5   0.0   0.3   8.3  22.1   01:45   WSW
23   6.4   7.6   10:14   4.1   23:41  11.9   0.0   4.2   3.0  10.7   15:18   ESE
24   4.2   8.3   14:14   2.2   21:42  13.9   0.0   0.3   1.3   6.0   10:08    SE
25   6.3   8.2   14:28   3.0   02:19  12.0   0.0   0.0   3.2  10.7   12:32   SSW
26   9.0  10.1   14:03   8.1   00:00   9.3   0.0   0.0   3.9  11.4   12:44    SW
27   8.7   9.2   12:28   8.3   08:19   9.6   0.0   0.0   2.3   6.9   00:11   WSW
28   9.0  10.1   23:55   8.1   06:24   9.4   0.0   0.0   4.2  10.7   13:24   WSW
29   9.8  13.0   12:58   5.9   22:18   8.1   0.0   0.0   9.6  29.8   13:24     W
30  10.1  12.1   12:04   6.2   00:25   8.2   0.0   0.0   6.3  19.0   11:59     W
31   9.2   9.7   00:00   8.6   23:46   9.1   0.0   0.0   7.9  18.3   15:52     W
----------------------------------------------------------------------------------
     7.3  14.6    20    -1.0    14   338.8   0.0  37.5   6.8  41.8     8      SW

Max >=  27.0  0
Max <=   0.0  0
Min <=   0.0  1
Min <= -18.0  0
Max Rain: 10.2 on day 21
Days of Rain: 17 (>= 0.2 mm)  6 (>= 2.0 mm)  0 (>= 20.0 mm)
Heat Base: 18.3  Cool Base: 18.3  Method: Integration
:now::gauges::today::yesterday::this month::this year::records::monthly records::top 10 records::NOAA reports::trends::forum:


Page updated 24/04/2019 09:51:36
powered by Cumulus