NOAA-Style Climate Reports

Select a Year or Month report
V/Λ2019 > Jan Feb Mar Apr May Jun Jul Aug Sep Oct Nov Dec
V/Λ2018 > Jan Feb Mar Apr May Jun Jul Aug Sep Oct Nov Dec
V/Λ2017 > Jan Feb Mar Apr May Jun Jul Aug Sep Oct Nov Dec
V/Λ2016 > Jan Feb Mar Apr May Jun Jul Aug Sep Oct Nov Dec

Report for 2018 Nov
                   Monthly Climatological Summary for Nov 2018

Name: Desford Weather   City: Leicester   State: England
Elevation: 135 m  Lat: N 52 37 26   Lon: W 001 18 24

                  Temperature (°C), Rain (mm), Wind Speed (mph)

                                      Heat  Cool        Avg
    Mean                              Deg   Deg         Wind                 Dom
Day Temp  High   Time   Low    Time   Days  Days  Rain  Speed High   Time    Dir
----------------------------------------------------------------------------------
01   7.2   9.6   12:37   2.6   22:31  11.0   0.0   0.0   3.6  16.8   14:57   WNW
02   5.6  11.3   15:15   1.4   06:43  12.7   0.0   0.0   5.1  15.2   09:52   WSW
03   9.6  13.7   13:25   5.7   00:24   8.6   0.0   0.0   9.6  25.1   12:16   SSW
04   9.9  11.1   14:35   7.7   22:42   8.4   0.0   0.0   5.4  19.7   04:56     S
05  10.3  14.4   12:49   7.9   03:39   8.0   0.0   0.0   3.4  11.4   06:33   ESE
06  12.2  15.1   14:38   9.3   01:40   6.1   0.0   0.0   5.8  21.3   19:25     S
07  11.5  14.1   11:24   7.6   23:56   6.8   0.0   2.1   8.5  24.4   23:12     S
08   8.9  13.5   12:36   4.8   04:07   9.4   0.0   0.6   6.5  22.1   00:12   SSW
09   9.4  11.9   13:07   6.6   03:10   8.9   0.0   2.4   7.6  28.2   22:29     S
10   9.4  12.5   11:45   7.2   07:23   8.9   0.0   1.5   5.9  19.7   13:06   SSW
11   8.9  12.1   14:27   7.2   03:47   9.3   0.0   0.9   6.6  25.1   11:41   SSW
12   9.4  13.5   12:58   7.2   05:58   8.8   0.0   0.0   6.9  26.6   16:18   SSW
13   9.3  13.0   13:34   7.4   02:24   9.0   0.0   0.0   8.6  24.4   12:06    SW
14  11.1  14.0   14:22   8.7   20:29   7.2   0.0   0.0   8.6  26.6   10:34   SSW
15  11.8  14.8   14:15   9.9   00:00   6.4   0.0   0.0   5.0  13.0   09:25   SSW
16  11.1  12.2   14:11   0.0   00:08   7.1   0.0   0.0   2.8  13.0   19:43    SE
17   7.8   9.9   14:16   5.2   23:06  10.5   0.0   0.0   6.3  15.2   06:52   ESE
18   6.9  11.1   13:41   4.8   22:56  11.4   0.0   0.0   6.5  21.3   14:08     E
19   6.3   8.2   10:33   4.3   22:22  12.0   0.0   1.8   7.4  25.1   11:54     E
20   4.2   5.1   10:54   3.0   23:49  14.1   0.0   0.6   6.4  21.3   13:16     E
21   3.5   6.8   13:56   0.8   23:51  14.8   0.0   0.6   4.4  16.8   13:58   ESE
22   2.6   4.8   20:12  -0.6   06:11  15.7   0.0   0.0   2.5   8.3   15:25     E
23   5.4   7.3   23:29   3.4   05:23  12.9   0.0   0.0   3.5   9.8   22:32   ESE
24   7.4   8.5   11:49   5.8   23:41  10.9   0.0   0.0   6.0  20.6   11:42     E
25   5.7   8.5   13:24   3.9   02:55  12.4   0.0   0.0   2.9  12.1   18:12   ENE
26   5.8   8.3   13:14   4.0   23:53  12.5   0.0   0.0   2.7  12.1   10:36    NE
27   5.1   8.2   19:45   2.2   06:10  13.1   0.0   4.2   4.1  18.3   18:15   SSE
28  11.3  14.0   15:58   6.8   00:00   6.8   0.0   1.8  11.1  33.6   15:50   SSW
29  10.8  13.8   10:09   8.6   21:13   7.5   0.0   1.8  12.9  43.4   12:03    SW
30   7.7  10.3   13:27   6.5   22:58  10.6   0.0   0.0   9.4  26.6   12:05    SW
----------------------------------------------------------------------------------
     8.2  15.1     6    -0.6    22   301.8   0.0  18.3   6.2  43.4    29       S

Max >=  27.0  0
Max <=   0.0  0
Min <=   0.0  2
Min <= -18.0  0
Max Rain: 4.2 on day 27
Days of Rain: 11 (>= 0.2 mm)  3 (>= 2.0 mm)  0 (>= 20.0 mm)
Heat Base: 18.3  Cool Base: 18.3  Method: Integration
:now::gauges::today::yesterday::this month::this year::records::monthly records::top 10 records::NOAA reports::trends::forum:


Page updated 27/06/2019 06:07:34
powered by Cumulus