NOAA-Style Climate Reports

Select a Year or Month report

Report for 2018 Oct
                   Monthly Climatological Summary for Oct 2018

Name: Desford Weather   City: Leicester   State: England
Elevation: 135 m  Lat: N 52 37 26   Lon: W 001 18 24

                  Temperature (°C), Rain (mm), Wind Speed (mph)

                                      Heat  Cool        Avg
    Mean                              Deg   Deg         Wind                 Dom
Day Temp  High   Time   Low    Time   Days  Days  Rain  Speed High   Time    Dir
----------------------------------------------------------------------------------
01   9.4  13.8   15:14   4.5   07:13   8.9   0.0   0.0   5.2  19.7   23:56   WNW
02  13.8  18.0   15:25   9.4   01:55   4.5   0.0   0.0  12.2  36.5   15:33   WNW
03  14.1  18.2   16:40  11.6   04:34   4.2   0.0   0.0   6.3  18.3   00:45     W
04  14.4  22.4   17:03  10.6   05:20   4.1   0.2   0.0   5.1  18.3   15:28    SW
05  14.5  18.5   13:55  10.7   23:51   3.8   0.0   0.0   3.7  12.1   13:20    SW
06   8.2  10.7   00:00   5.4   23:55  10.1   0.0   4.5   3.5  13.0   09:45    NE
07   8.0  13.4   14:48   3.0   07:30  10.3   0.0   0.3   4.0  13.6   16:04   WSW
08  13.0  16.9   13:47   8.6   05:52   5.3   0.0   0.0   9.4  25.9   13:27   WSW
09  14.8  19.9   15:09  10.8   08:16   3.8   0.2   0.0   7.8  22.1   10:54    SW
10  15.8  23.8   15:31   9.8   06:21   3.6   1.1   0.0   4.4  19.0   12:23   ESE
11  16.4  20.9   15:06  13.2   23:58   2.2   0.2   0.0   7.5  28.9   15:29     S
12  15.9  18.6   18:33  12.3   01:06   2.5   0.0   3.0  12.5  36.5   18:52   SSW
13  19.4  23.6   13:48  17.2   04:51   0.2   1.3   0.3  13.3  38.0   15:49   SSW
14  11.4  17.8   00:00   9.2   17:24   6.9   0.0  11.7   5.2  22.1   00:04    NW
15  10.4  11.3   14:49   9.5   00:00   7.4   0.0   3.0   5.3  16.8   11:17     E
16   0.0   0.0   00:00   0.0   00:00   9.6   0.0   3.0   0.0   0.0   00:00     N
17   0.0   0.0   00:08   0.0   00:08  18.3   0.0   0.0   0.0   0.0   00:08     N
18   0.0   0.0   00:08   0.0   00:08  18.3   0.0   0.0   0.0   0.0   00:08     N
19   0.0   0.0   00:08   0.0   00:08  18.3   0.0   0.0   0.0   0.0   00:08     N
20   0.0   0.0   00:08   0.0   00:08  18.3   0.0   0.0   0.0   0.0   00:08     N
21   0.0   0.0   00:09   0.0   00:09  18.3   0.0   0.0   0.0   0.0   00:09     N
24   9.1  11.0   17:55   0.0   00:09   3.3   0.0   0.0   0.0   0.0   00:09     N
25  10.2  13.1   14:21   8.5   04:20   8.1   0.0   0.0   6.2  41.8   06:03   WNW
26   7.5   9.4   00:15   3.0   22:34  10.8   0.0   0.0   8.5  31.1   09:48   WNW
27   3.5   5.4   17:41   0.8   07:41  14.8   0.0   1.8   7.1  19.0   13:08   NNW
28   5.1   9.8   12:34   1.7   23:54  13.8   0.0   0.0   4.8  17.4   10:45    NE
29   3.6   9.0   15:06   0.7   03:46  14.7   0.0   0.0   3.0  13.0   23:30    NE
30   4.6   7.8   12:38   1.6   02:00  13.7   0.0   0.3   6.3  19.7   13:25    NW
31   6.3  12.2   13:35   0.3   05:14  12.0   0.0   0.0   3.4  13.6   12:41   SSE
----------------------------------------------------------------------------------
     8.6  23.8    10     0.0    16   270.1   3.0  27.9   6.5  41.8    25     WSW

Max >=  27.0  0
Max <=   0.0  6
Min <=   0.0  7
Min <= -18.0  0
Max Rain: 11.7 on day 14
Days of Rain: 9 (>= 0.2 mm)  5 (>= 2.0 mm)  0 (>= 20.0 mm)
Heat Base: 18.3  Cool Base: 18.3  Method: Integration
:now::gauges::today::yesterday::this month::this year::records::monthly records::top 10 records::NOAA reports::trends::forum:


Page updated 21/11/2018 04:48:29
powered by Cumulus