NOAA-Style Climate Reports

Select a Year or Month report

Report for 2018 Aug
                   Monthly Climatological Summary for Aug 2018

Name: Desford Weather   City: Leicester   State: England
Elevation: 135 m  Lat: N 52 37 26   Lon: W 001 18 24

                  Temperature (°C), Rain (mm), Wind Speed (mph)

                                      Heat  Cool        Avg
    Mean                              Deg   Deg         Wind                 Dom
Day Temp  High   Time   Low    Time   Days  Days  Rain  Speed High   Time    Dir
----------------------------------------------------------------------------------
01  18.2  23.9   16:05  12.5   05:28   1.5   1.4   0.0   5.0  15.2   11:39    SW
02  21.0  27.4   17:40  14.6   04:33   0.8   3.6   0.0   5.1  18.3   12:32   WSW
03  21.0  26.0   17:41  16.1   05:36   0.2   2.9   0.0   3.8  12.1   14:09     W
04  20.0  26.6   15:19  14.9   05:06   0.8   2.4   0.0   4.0  15.2   15:45    NW
05  21.2  28.7   17:08  13.3   05:20   1.2   4.1   0.0   3.4  17.4   14:42    SW
06  22.0  28.9   16:48  16.3   05:41   0.3   3.9   0.0   3.7  15.2   12:44   WSW
07  21.0  28.7   16:10  15.3   05:29   0.6   3.3   0.0   4.6  19.0   18:22     W
08  17.0  21.5   12:49  12.8   06:11   1.8   0.5   0.6   5.6  25.9   15:50   WSW
09  15.7  20.2   17:41  12.9   05:30   2.9   0.2   2.4   1.9  10.7   13:46    NW
10  13.9  17.4   17:30  10.8   05:29   4.4   0.0   0.0   5.7  19.0   18:10     W
11  15.5  22.6   14:15   8.8   06:01   3.5   0.6   3.9   5.4  19.7   14:35    SW
12  16.9  19.7   14:36  15.4   01:09   1.4   0.1   2.1   6.2  17.4   10:20   SSW
13  17.9  22.9   15:27  14.6   23:59   1.2   0.8   0.0   6.6  22.1   19:07    NW
14  17.7  22.6   16:16  12.4   05:06   1.7   1.2   0.0   6.3  18.3   16:17     W
15  18.9  23.2   12:39  14.5   04:11   1.0   1.6   0.0   8.3  25.1   19:08   WSW
16  17.1  20.6   15:44  13.3   23:33   1.4   0.2   3.0   8.0  22.1   00:30   WSW
17  15.5  19.9   15:27  10.8   05:22   2.9   0.1   0.0   7.5  21.3   13:20   WSW
18  18.3  22.9   15:58  15.8   05:14   0.9   0.9   0.0   8.4  20.6   09:32   WSW
19  19.0  22.0   15:55  16.5   23:49   0.3   1.0   0.0   8.5  22.1   14:12   WSW
20  19.3  24.0   14:16  15.5   03:25   0.7   1.6   0.0   3.4  13.0   13:51   WSW
21  19.9  25.2   18:06  16.7   23:59   0.4   2.0   0.0   3.0  12.1   16:24   WSW
22  19.1  24.6   16:37  14.3   05:58   1.2   2.0   0.0   6.0  22.1   15:35   WSW
23  15.3  19.4   16:01  11.6   23:58   3.1   0.1   6.6   6.0  20.6   18:55     W
24  12.4  17.2   14:22   9.0   22:42   5.9   0.0   0.6   9.2  29.8   18:37     W
25  12.8  18.2   16:32   8.6   04:21   5.4   0.0   0.0   6.4  19.7   12:54   WNW
26  13.2  17.5   19:11  10.0   03:55   5.1   0.0   7.5   5.7  22.1   21:14   SSW
27  15.5  19.1   14:11  13.0   06:06   2.8   0.0   0.0   8.4  21.3   10:59   WSW
28  15.9  18.0   15:33  12.9   06:41   2.4   0.0   0.0   3.3  12.1   10:35    SW
29  15.0  18.9   12:55  10.7   23:53   3.1   0.0   0.0   5.2  21.3   16:10    NW
30  14.4  20.5   15:48   8.4   06:33   4.1   0.2   0.0   2.0   8.3   09:42     N
31  15.3  22.2   17:23   8.4   04:48   3.7   0.7   0.0   2.5  10.7   08:14   ESE
----------------------------------------------------------------------------------
    17.3  28.9     6     8.4    30    66.7  35.4  26.7   5.5  29.8    24     WSW

Max >=  27.0  4
Max <=   0.0  0
Min <=   0.0  0
Min <= -18.0  0
Max Rain: 7.5 on day 26
Days of Rain: 8 (>= 0.2 mm)  6 (>= 2.0 mm)  0 (>= 20.0 mm)
Heat Base: 18.3  Cool Base: 18.3  Method: Integration
:now::gauges::today::yesterday::this month::this year::records::monthly records::top 10 records::NOAA reports::trends::forum:


Page updated 21/11/2018 04:48:27
powered by Cumulus