NOAA-Style Climate Reports

Select a Year or Month report

Report for 2018 Jul
                   Monthly Climatological Summary for Jul 2018

Name: Desford Weather   City: Leicester   State: England
Elevation: 135 m  Lat: N 52 37 26   Lon: W 001 18 24

                  Temperature (°C), Rain (mm), Wind Speed (mph)

                                      Heat  Cool        Avg
    Mean                              Deg   Deg         Wind                 Dom
Day Temp  High   Time   Low    Time   Days  Days  Rain  Speed High   Time    Dir
----------------------------------------------------------------------------------
01  20.7  29.0   15:35  12.7   03:44   1.5   3.9   0.0   5.4  15.9   11:39     E
02  20.3  26.8   14:57  13.9   04:43   1.1   3.2   0.0   6.4  19.7   15:17     E
03  18.5  23.7   14:14  12.3   05:11   1.9   2.1   0.0   6.8  21.3   11:26     E
04  19.3  26.8   18:16  11.4   04:13   2.0   3.0   0.0   2.9  11.4   08:04   ESE
05  22.0  30.1   16:17  14.4   04:32   0.8   4.5   0.0   3.5  16.8   09:48    NW
06  21.1  28.3   15:42  13.1   05:14   1.0   3.8   0.0   2.8  13.6   14:13   WNW
07  21.8  28.1   17:27  14.6   05:21   0.5   4.0   0.0   3.5  15.2   09:46    NW
08  22.7  29.6   17:20  15.7   04:51   0.4   4.8   0.0   3.1  13.6   08:54   NNE
09  20.7  25.8   12:58  15.8   04:59   0.5   2.9   0.0   3.9  13.6   13:52   ENE
10  18.6  23.9   18:07  12.4   05:26   1.3   1.6   0.0   3.5  14.5   16:13   ENE
11  17.9  25.7   18:26  11.6   03:45   2.3   1.8   0.0   3.5  11.4   10:27     E
12  17.7  24.6   17:15  12.5   04:27   2.2   1.6   0.0   3.9  14.5   21:15     E
13  19.1  26.9   16:28  14.0   04:41   1.5   2.3   0.0   3.8  13.6   19:15   ESE
14  21.3  27.6   15:08  13.9   05:11   0.7   3.7   0.0   3.3  15.9   15:41   WSW
15  21.2  28.0   16:34  13.4   04:38   1.0   3.8   0.0   4.7  17.4   14:13   WSW
16  20.6  27.3   17:11  14.8   04:53   0.7   3.0   0.3   4.2  17.4   17:48   WSW
17  17.5  22.2   18:36  11.9   05:06   1.7   0.9   0.0   4.9  16.8   01:06     W
18  18.7  23.8   13:49  12.1   04:52   1.4   1.8   0.0   2.5  17.4   14:32   WSW
19  20.8  27.6   14:29  13.8   05:32   1.0   3.5   0.0   2.1  11.4   15:52   WSW
20  19.2  26.5   13:59  13.6   04:48   1.2   2.0   0.3   2.6  14.5   15:44    NW
21  19.0  25.0   14:41  12.2   04:43   1.5   2.1   0.0   2.8  19.0   15:35   WNW
22  20.1  27.5   18:27  14.6   05:36   0.9   2.8   0.0   4.2  14.5   11:43   WNW
23  23.7  30.5   16:47  17.0   03:17   0.1   5.5   0.0   4.0  17.4   16:11   WSW
24  21.4  28.2   16:04  16.2   04:53   0.3   3.3   0.0   5.2  16.8   15:24     W
25  21.0  28.0   18:30  13.9   05:09   0.9   3.5   0.0   2.3  12.1   15:58     W
26  24.3  32.6   17:18  16.0   05:28   0.4   6.3   0.0   4.9  25.1   17:43     S
27  23.9  30.1   16:55  17.9   06:13   0.0   5.6   0.0   4.0  19.7   17:05   SSW
28  16.6  21.0   00:00  12.3   16:34   2.0   0.3   5.1   9.3  28.9   09:15    SW
29  16.3  20.2   16:00  13.9   01:40   2.1   0.1   8.4   8.9  25.9   09:10   SSW
30  18.2  22.6   13:28  13.3   02:45   1.4   1.3   0.9   5.0  19.7   15:00    SW
31  18.2  23.7   15:38  13.1   06:40   1.5   1.4   4.2   5.5  19.0   13:12   WSW
----------------------------------------------------------------------------------
    20.1  32.6    26    11.4     4    35.8  90.4  19.2   4.3  28.9    28      SW

Max >=  27.0 15
Max <=   0.0  0
Min <=   0.0  0
Min <= -18.0  0
Max Rain: 8.4 on day 29
Days of Rain: 6 (>= 0.2 mm)  3 (>= 2.0 mm)  0 (>= 20.0 mm)
Heat Base: 18.3  Cool Base: 18.3  Method: Integration
:now::gauges::today::yesterday::this month::this year::records::monthly records::top 10 records::NOAA reports::trends::forum:


Page updated 21/11/2018 04:48:22
powered by Cumulus