NOAA-Style Climate Reports

Select a Year or Month report

Report for 2018 Jun
                   Monthly Climatological Summary for Jun 2018

Name: Desford Weather   City: Leicester   State: England
Elevation: 135 m  Lat: N 52 37 26   Lon: W 001 18 24

                  Temperature (°C), Rain (mm), Wind Speed (mph)

                                      Heat  Cool        Avg
    Mean                              Deg   Deg         Wind                 Dom
Day Temp  High   Time   Low    Time   Days  Days  Rain  Speed High   Time    Dir
----------------------------------------------------------------------------------
01  19.1  27.1   17:19  14.9   06:34   1.3   2.1   0.0   2.7  10.7   00:03    SE
02  18.2  22.3   17:41  15.6   02:24   1.1   0.9   0.0   4.1  13.0   06:17   WNW
03  19.7  27.4   18:01  12.8   05:23   1.2   2.6   0.0   1.7  10.7   20:44   ENE
04  15.2  17.1   11:34  12.7   23:49   3.1   0.0   0.0   4.2  14.5   23:29     E
05  14.0  19.6   18:59  11.2   04:05   4.3   0.0   0.0   4.6  15.9   03:20     E
06  14.3  19.6   15:16   8.1   05:06   4.1   0.1   0.0   2.6  13.6   16:14     E
07  14.9  19.9   15:47   9.5   04:52   3.6   0.1   0.0   3.3  13.6   12:49     E
08  14.8  18.8   17:06  12.5   04:20   3.5   0.0   0.0   3.0  10.7   07:11     E
09  14.5  19.2   19:06  10.6   05:10   3.8   0.0   0.0   2.5  11.4   09:35   ESE
10  16.5  23.5   17:41   9.5   04:53   3.1   1.3   0.0   2.7  11.4   09:15   ESE
11  17.8  26.4   16:27   9.7   05:07   2.6   2.1   0.0   2.3  11.4   20:37   NNE
12  15.2  19.7   18:12  11.6   04:22   3.2   0.1   0.0   3.6  13.0   09:38     E
13  16.2  21.2   16:16  10.2   04:08   2.7   0.6   0.0   6.8  22.8   18:39   WSW
14  16.3  19.7   16:56  12.5   23:07   2.1   0.1   0.0  10.9  39.6   09:41     W
15  15.0  19.7   13:19  10.2   05:24   3.4   0.1   0.0   4.9  19.7   12:34     W
16  14.6  18.5   18:01  11.6   06:49   3.7   0.0   0.6   6.3  22.8   19:41   WSW
17  14.8  16.9   14:08  12.1   02:13   3.5   0.0   0.0   7.5  18.3   13:45   WSW
18  17.8  21.8   14:57  14.3   05:14   1.2   0.7   0.0  10.1  25.9   16:02     W
19  18.7  23.6   15:35  15.2   06:35   0.9   1.3   0.0   6.8  22.1   00:39   WSW
20  17.2  22.4   15:07  11.0   23:40   1.7   0.6   0.0   9.3  25.9   10:16     W
21  13.5  18.6   14:53   8.5   03:51   4.8   0.0   0.0   7.7  27.3   08:18    NW
22  15.3  23.7   17:32   7.8   04:39   3.9   0.9   0.0   4.2  14.5   10:38    NW
23  15.0  20.4   16:35   9.0   02:27   3.6   0.4   0.0   4.9  19.0   10:43    NW
24  18.3  26.8   19:20   8.8   05:06   2.6   2.6   0.0   1.7   9.2   13:40    NW
25  21.2  28.9   17:39  12.2   05:06   1.3   4.2   0.0   2.9  12.1   09:41    NE
26  21.4  28.2   17:26  13.4   04:27   0.8   3.9   0.0   4.0  13.0   15:12   ESE
27  18.5  26.1   16:18  12.0   03:24   2.3   2.4   0.0   5.3  16.8   14:39   ESE
28  19.1  27.0   16:11  11.8   04:38   2.1   2.9   0.0   4.8  17.4   13:54     E
29  18.6  27.0   16:29  11.1   03:34   2.4   2.6   0.0   5.9  18.3   10:59     E
30  19.5  26.2   15:12  12.7   00:53   1.7   2.9   0.0   7.3  22.8   11:49     E
----------------------------------------------------------------------------------
    16.8  28.9    25     7.8    22    79.6  35.5   0.6   5.0  39.6    14     WSW

Max >=  27.0  6
Max <=   0.0  0
Min <=   0.0  0
Min <= -18.0  0
Max Rain: 0.6 on day 16
Days of Rain: 1 (>= 0.2 mm)  0 (>= 2.0 mm)  0 (>= 20.0 mm)
Heat Base: 18.3  Cool Base: 18.3  Method: Integration
:now::gauges::today::yesterday::this month::this year::records::monthly records::top 10 records::NOAA reports::trends::forum:


Page updated 21/11/2018 04:48:17
powered by Cumulus