NOAA-Style Climate Reports

Select a Year or Month report

Report for 2018 May
                   Monthly Climatological Summary for May 2018

Name: Desford Weather   City: Leicester   State: England
Elevation: 135 m  Lat: N 52 37 26   Lon: W 001 18 24

                  Temperature (°C), Rain (mm), Wind Speed (mph)

                                      Heat  Cool        Avg
    Mean                              Deg   Deg         Wind                 Dom
Day Temp  High   Time   Low    Time   Days  Days  Rain  Speed High   Time    Dir
----------------------------------------------------------------------------------
01   1.6   4.3   00:00   1.0   03:56  16.7   0.0   0.0   7.7  24.4   21:15   WSW
02   1.3   1.3   00:00   1.3   00:00  17.0   0.0   5.4   9.1  27.3   16:21   WSW
03   1.3   1.3   00:00   1.3   00:00  17.0   0.0   0.0   4.2  16.8   16:02   WSW
04   1.3   1.3   00:00   1.3   00:00  12.9   0.0   0.0   3.9  13.6   08:30   WSW
05   9.4  24.4   17:43   1.3   00:12   9.9   1.2   0.0   1.0  10.7   12:42   SSW
06  18.2  25.6   17:24   8.4   04:22   2.5   2.4   0.0   1.6  12.1   12:10   SSE
07  20.1  28.2   15:59  10.9   05:36   1.8   3.6   0.0   1.8   9.8   17:53    SE
08  16.4  23.3   14:06   9.9   23:55   2.8   0.9   0.0   4.8  20.6   16:44     W
09  12.5  17.8   13:21   6.7   05:09   5.8   0.0   0.3   4.9  19.7   14:34   WSW
10  11.5  16.6   17:54   7.5   04:35   6.8   0.0   2.1   5.6  22.1   10:47   WNW
11   6.3   9.0   00:00   6.0   04:43  12.0   0.0   0.0   4.7  20.6   11:52     S
12   7.7  17.6   17:32   6.0   00:00  10.6   0.0   1.5   2.2  10.7   12:02    SW
13  12.2  12.2   00:00  12.2   00:00   6.1   0.0   0.3   2.7  14.5   12:29   WNW
14  12.2  12.2   00:00  12.2   00:00   6.1   0.0   0.0   2.4  12.1   15:11     N
15  12.2  12.2   00:00  12.2   00:00   6.1   0.0   0.0   2.6  13.6   19:36   NNW
16   0.5  12.2   00:00 -40.0   18:37  17.8   0.0   0.0   5.4  21.3   07:32   ENE
17 -40.0 -40.0   00:00 -40.0   00:00  58.3   0.0   0.0   3.4  17.4   07:52     E
18 -40.0 -40.0   00:00 -40.0   00:00  58.2   0.0   0.0   0.9  11.4   14:16   WNW
19 -40.0 -40.0   00:00 -40.0   00:00  58.3   0.0   0.0   1.2  10.7   13:44   SSE
20 -40.0 -40.0   00:00 -40.0   00:00  58.3   0.0   0.0   2.0  11.4   14:39   SSE
21 -40.0 -40.0   00:00 -40.0   00:00  58.3   0.0   0.0   2.6  13.6   15:24     E
22 -40.0 -40.0   00:00 -40.0   00:00  57.8   0.0   0.0   4.0  18.3   14:04   ENE
23 -19.4  18.7   15:01 -40.0   00:00  37.7   0.0   0.0   5.5  16.8   16:42     E
24  13.8  21.6   17:19   9.1   03:16   4.9   0.4   0.0   6.8  19.0   07:55     E
25  12.8  14.4   17:18  11.0   06:51   5.5   0.0  11.7   4.0  15.2   09:58     E
26  15.9  22.1   15:57  12.0   05:34   3.1   0.7   0.3   6.8  22.8   19:12     E
27  17.8  25.1   14:25  11.2   03:37   2.4   1.9   5.4   6.9  19.0   11:47   ESE
28  17.2  24.2   16:00  12.4   04:08   2.5   1.5   0.0   4.4  16.8   23:24     E
29  14.9  19.3   16:03  12.4   05:43   3.4   0.0   0.0   6.2  18.3   18:39     E
30  14.2  15.2   17:08  13.1   04:29   4.1   0.0   7.8   2.0  12.1   00:40     E
31  18.0  22.7   17:58  14.7   02:16   1.4   1.1   0.0   3.7  15.2   18:29   ESE
----------------------------------------------------------------------------------
     0.3  28.2     7   -40.0    16   566.1  13.7  34.8   4.1  27.3     2      SE

Max >=  27.0  1
Max <=   0.0  6
Min <=   0.0  8
Min <= -18.0  8
Max Rain: 11.7 on day 25
Days of Rain: 9 (>= 0.2 mm)  5 (>= 2.0 mm)  0 (>= 20.0 mm)
Heat Base: 18.3  Cool Base: 18.3  Method: Integration
:now::gauges::today::yesterday::this month::this year::records::monthly records::top 10 records::NOAA reports::trends::forum:


Page updated 21/11/2018 04:48:14
powered by Cumulus