NOAA-Style Climate Reports

Select a Year or Month report

Report for 2018 Apr
                   Monthly Climatological Summary for Apr 2018

Name: Desford Weather   City: Leicester   State: England
Elevation: 135 m  Lat: N 52 37 26   Lon: W 001 18 24

                  Temperature (°C), Rain (mm), Wind Speed (mph)

                                      Heat  Cool        Avg
    Mean                              Deg   Deg         Wind                 Dom
Day Temp  High   Time   Low    Time   Days  Days  Rain  Speed High   Time    Dir
----------------------------------------------------------------------------------
01   4.0   6.3   15:45   1.3   06:48  14.3   0.0   0.3   4.7  13.6   00:01   NNE
02   6.6  11.7   17:21   0.8   04:36  11.7   0.0   7.2   6.5  21.3   17:37   SSE
03   9.8  13.7   16:10   6.8   23:58   8.5   0.0   1.8   6.7  28.9   17:23    SW
04   8.0  10.5   12:03   4.3   23:50  10.3   0.0   1.8   7.1  29.8   22:12    SW
05   6.4  12.8   16:07   1.3   06:28  11.9   0.0   0.0   5.7  22.8   00:40   WNW
06   8.8  15.3   15:43   3.3   05:36   9.5   0.0   0.0   4.7  22.1   14:29   SSE
07  10.0  15.3   14:56   6.0   06:36   8.3   0.0   0.0   3.9  16.8   15:11    SW
08   8.7  10.3   13:58   7.0   05:27   9.6   0.0   0.3   1.5   7.6   00:15    NE
09   8.0  10.9   12:59   6.4   00:42  10.3   0.0   3.9   3.5  14.5   20:56   ESE
10   7.6   9.1   18:31   6.0   07:19  10.7   0.0   5.7   4.1  15.2   07:54     E
11   6.6   8.9   00:00   5.2   09:31  11.7   0.0   1.2   5.8  19.7   08:33   ENE
12   5.5   6.2   14:22   5.1   03:07  12.8   0.0   0.6   5.6  16.8   09:36   ENE
13   7.5  10.3   17:24   5.2   00:24  10.8   0.0   2.4   3.4  13.0   00:50     W
14  12.1  18.3   16:16   7.4   06:29   6.2   0.0   0.0   2.7  11.4   22:30     S
15  10.2  14.4   14:50   7.3   04:49   7.9   0.0   0.9   4.1  15.2   16:27   SSE
16  10.8  14.7   15:07   7.2   06:13   7.5   0.0   0.0   8.2  25.1   13:45    SW
17  12.0  14.8   12:57   9.6   00:00   6.3   0.0   0.6  10.0  28.9   09:22   SSW
18  16.9  23.4   17:14  12.0   05:23   2.6   1.1   0.0   6.1  19.0   17:27   SSW
19  18.7  26.7   14:45   9.6   05:44   2.3   2.6   0.0   2.8  13.6   14:53    SW
20  14.0  19.8   16:42   9.3   06:09   4.5   0.2   0.0   4.1  14.5   09:28    NW
21  15.6  22.9   17:34   7.9   18:54   3.5   0.8   1.5   3.8  22.8   22:58    SE
22  14.8  18.2   11:13   9.3   23:35   3.5   0.0   0.9   7.2  23.5   10:41   WSW
23  10.6  15.4   16:46   7.3   06:03   7.7   0.0   0.0   9.2  27.3   18:25   WSW
24  10.7  12.9   18:52   8.2   23:43   7.6   0.0   6.6   9.3  27.3   21:53     W
25   9.5  12.9   13:16   6.3   05:53   8.8   0.0   1.2   9.8  25.9   13:26     W
26   9.0  13.1   16:12   5.2   06:11   9.3   0.0   0.0   9.5  28.9   12:22     W
27   6.8   8.8   16:16   5.5   04:39  11.5   0.0   7.2   3.1  14.5   17:22     E
28   6.6   8.2   17:08   4.8   23:52  11.7   0.0   2.4   3.5  13.0   17:10   ENE
29   6.3   8.1   13:50   4.8   00:00  12.0   0.0   0.3   5.0  20.6   16:48   ENE
30   6.7  10.7   17:20   3.6   05:37  11.6   0.0   0.0   6.2  21.3   10:45     N
----------------------------------------------------------------------------------
     9.6  26.7    19     0.8     2   264.9   4.7  46.8   5.6  29.8     4      SW

Max >=  27.0  0
Max <=   0.0  0
Min <=   0.0  0
Min <= -18.0  0
Max Rain: 7.2 on day 2
Days of Rain: 19 (>= 0.2 mm)  7 (>= 2.0 mm)  0 (>= 20.0 mm)
Heat Base: 18.3  Cool Base: 18.3  Method: Integration
:now::gauges::today::yesterday::this month::this year::records::monthly records::top 10 records::NOAA reports::trends::forum:


Page updated 21/11/2018 04:48:12
powered by Cumulus