NOAA-Style Climate Reports

Select a Year or Month report

Report for 2018 Mar
                   Monthly Climatological Summary for Mar 2018

Name: Desford Weather   City: Leicester   State: England
Elevation: 135 m  Lat: N 52 37 26   Lon: W 001 18 24

                  Temperature (°C), Rain (mm), Wind Speed (mph)

                                      Heat  Cool        Avg
    Mean                              Deg   Deg         Wind                 Dom
Day Temp  High   Time   Low    Time   Days  Days  Rain  Speed High   Time    Dir
----------------------------------------------------------------------------------
01  -3.8  -2.0   22:06  -5.4   00:00  21.8   0.0   8.7  12.7  32.7   10:45   ESE
02  -2.1  -0.2   11:37  -2.9   20:10  20.3   0.0   6.9  13.5  35.8   08:04   ESE
03  -0.9   0.5   13:18  -2.8   00:00  19.2   0.0   0.0   7.8  22.1   20:47   ESE
04   3.1   6.0   14:35   0.0   00:00  15.2   0.0   3.9   3.8  14.5   14:42   ESE
05   5.5  11.6   13:37   1.2   06:48  12.8   0.0   3.9   4.8  19.0   20:20   SSE
06   5.1   7.5   13:47   1.5   23:39  13.2   0.0   0.3   4.4  20.6   03:37   WSW
07   4.2   9.1   15:14   0.5   03:07  14.1   0.0   0.0   4.0  24.4   16:14   WSW
08   4.3   8.4   15:31   1.6   00:03  14.0   0.0   2.7   9.3  32.7   14:02     W
09   4.4   8.6   12:31  -0.8   06:56  13.9   0.0   3.0   3.6  17.4   17:44    SE
10  10.2  13.2   13:25   4.0   09:38   8.1   0.0   3.9   5.5  26.6   09:38   SSW
11   7.6  11.7   14:43   4.1   04:31  10.6   0.0   2.4   4.6  21.3   15:35   ESE
12   6.4   7.3   09:56   4.8   23:52  11.9   0.0   4.8   5.1  18.3   19:52    NE
13   6.3  11.6   16:14   3.7   23:32  11.8   0.0   0.3   3.3  10.7   05:25   WNW
14   7.3  12.1   14:22   2.4   02:04  11.0   0.0   0.0   6.3  24.4   15:24    SE
15   8.2  11.0   12:52   6.1   05:53  10.1   0.0   3.6   6.7  25.1   00:30   ESE
16   8.3  14.8   16:20   3.6   23:56  10.0   0.0   0.3   6.2  21.3   23:38    SE
17  -0.1   3.6   00:00  -2.5   23:30  18.4   0.0   2.4  10.9  34.2   09:50     E
18  -1.3  -0.3   23:18  -2.7   01:19  19.6   0.0   0.0  10.3  32.0   08:27   ESE
19   1.5   4.9   14:24  -0.9   05:49  16.8   0.0   0.6   8.1  27.3   11:57     E
20   3.7   8.3   14:03   1.3   03:51  14.5   0.0   0.0   4.9  18.3   08:10   NNE
21   4.0  11.5   16:51  -1.4   06:30  14.2   0.0   0.0   7.5  22.8   11:24   WNW
22   6.9   9.9   14:16   5.1   01:46  11.4   0.0   0.0   8.7  22.8   14:06     W
23   8.0  11.0   14:12   6.0   00:00  10.3   0.0   0.0   8.2  29.8   10:49    SW
24   7.0  10.3   13:08   4.7   05:14  11.3   0.0   0.3   1.2  10.7   08:15   ENE
25   7.9  12.7   15:23   3.3   23:50  10.0   0.0   0.0   3.3  15.9   16:29    NW
26   6.8  12.3   15:12   1.5   04:04  11.5   0.0   0.0   3.9  14.5   12:26   WSW
27   7.2  11.1   13:20   4.4   06:06  11.1   0.0   3.0   7.0  22.1   13:26   WSW
28   5.5   8.2   15:30   3.3   23:59  12.8   0.0   4.5   5.1  24.4   15:36   WNW
29   4.3   8.2   13:29   0.4   06:48  14.0   0.0   3.6   3.7  15.9   10:52     S
30   5.1   9.0   14:01   3.1   04:30  13.2   0.0  11.7   4.2  20.6   21:53     E
31   4.5   6.3   13:39   3.0   22:55  13.8   0.0   2.4   5.9  22.1   17:40   NNE
----------------------------------------------------------------------------------
     4.7  14.8    16    -5.4     1   420.9   0.0  73.2   6.3  35.8     2      SE

Max >=  27.0  0
Max <=   0.0  3
Min <=   0.0  9
Min <= -18.0  0
Max Rain: 11.7 on day 30
Days of Rain: 21 (>= 0.2 mm)  16 (>= 2.0 mm)  0 (>= 20.0 mm)
Heat Base: 18.3  Cool Base: 18.3  Method: Integration
:now::gauges::today::yesterday::this month::this year::records::monthly records::top 10 records::NOAA reports::trends::forum:


Page updated 21/11/2018 04:48:04
powered by Cumulus