NOAA-Style Climate Reports

Select a Year or Month report

Report for 2018 Feb
                   Monthly Climatological Summary for Feb 2018

Name: Desford Weather   City: Leicester   State: England
Elevation: 126 m  Lat: N 52 37 26   Lon: W 001 18 24

                  Temperature (°C), Rain (mm), Wind Speed (mph)

                                      Heat  Cool        Avg
    Mean                              Deg   Deg         Wind                 Dom
Day Temp  High   Time   Low    Time   Days  Days  Rain  Speed High   Time    Dir
----------------------------------------------------------------------------------
01   4.0   6.8   14:45   2.0   00:00  14.3   0.0   0.3  11.1  29.8   12:53    NW
02   3.6   6.4   11:34   0.8   23:57  14.7   0.0   0.0   6.9  23.5   11:23    NW
03   2.0   3.0   14:58   0.8   00:02  16.3   0.0   2.7   2.2  12.1   23:53   SSW
04   2.7   5.3   12:35   0.9   23:08  15.6   0.0   0.3   4.3  17.4   10:38   ENE
05   1.4   4.8   14:11  -0.1   07:37  16.9   0.0   0.0   2.7  13.6   15:16     E
06   0.4   1.9   12:38  -1.0   06:50  17.9   0.0   0.3   3.5  13.6   15:07   NNW
07   0.3   4.2   14:24  -2.9   06:58  17.9   0.0   0.0   3.9  13.6   01:39    NW
08   3.6   6.8   20:20  -0.2   04:14  14.6   0.0   3.0   7.9  25.9   20:51   SSW
09   3.7   6.0   00:10   0.3   22:18  14.6   0.0   0.9  10.5  33.6   05:37   WNW
10   4.1   8.9   23:07  -1.2   02:03  14.2   0.0   2.4   8.5  45.6   23:54    SW
11   3.0   8.7   00:00   0.0   23:37  15.3   0.0   3.0  14.8  45.6   00:07   WNW
12   1.9   6.3   15:07  -0.3   05:25  16.4   0.0   0.0  10.5  28.9   12:28     W
13   2.6   4.9   11:18  -0.4   23:57  15.7   0.0   2.1   6.7  25.1   07:24   SSW
14   2.3   6.5   23:38  -1.7   04:08  15.7   0.0   0.9   6.2  29.8   17:09   SSW
15   5.5   8.0   13:26   1.3   23:48  12.8   0.0   1.5  10.7  38.0   12:21     W
16   4.0   8.7   13:31   0.0   05:30  14.1   0.0   0.0   4.0  15.9   13:39    SW
17   4.2   8.8   14:21   1.3   04:33  14.1   0.0   0.0   3.5  18.3   13:47   SSW
18   5.4   8.3   15:07   1.7   02:04  12.9   0.0   0.3   3.4  15.9   12:37   SSW
19   8.1   9.9   13:54   6.1   00:45  10.2   0.0   1.2   6.2  18.3   12:46   WNW
20   7.2  10.0   14:53   5.3   08:04  11.0   0.0   0.0   8.1  20.6   14:04   NNW
21   4.9   6.8   11:58   3.4   22:51  13.4   0.0   0.0   2.2  12.1   12:05   ENE
22   2.0   4.5   16:13  -0.8   23:43  15.8   0.0   0.3   3.3  15.9   10:12   ESE
23   0.6   4.6   14:54  -2.3   05:55  17.4   0.0   0.0   5.8  22.1   12:21   ESE
24   1.7   6.5   14:53  -1.8   07:15  16.6   0.0   0.0   7.0  21.3   14:11   ESE
25   0.3   4.4   15:14  -2.2   06:47  18.0   0.0   0.0   6.2  18.3   10:11   ESE
26  -0.7   1.6   14:57  -2.0   23:33  19.0   0.0   0.0   5.4  19.7   15:17     E
27  -1.9   1.1   16:04  -4.2   21:07  20.0   0.0   0.0   3.4  15.9   12:40     E
28  -4.6  -2.2   10:43  -6.6   20:42  22.9   0.0   0.6   7.4  28.2   15:36   ESE
----------------------------------------------------------------------------------
     2.6  10.0    20    -6.6    28   438.3   0.0  19.8   6.3  45.6    10       W

Max >=  27.0  0
Max <=   0.0  1
Min <=   0.0 17
Min <= -18.0  0
Max Rain: 3.0 on day 8
Days of Rain: 15 (>= 0.2 mm)  5 (>= 2.0 mm)  0 (>= 20.0 mm)
Heat Base: 18.3  Cool Base: 18.3  Method: Integration
:now::gauges::today::yesterday::this month::this year::records::monthly records::top 10 records::NOAA reports::trends::forum:


Page updated 19/12/2018 06:33:03
powered by Cumulus