NOAA-Style Climate Reports

Select a Year or Month report

Report for 2018 Jan
                   Monthly Climatological Summary for Jan 2018

Name: Desford Weather   City: Leicester   State: England
Elevation: 126 m  Lat: N 52 37 26   Lon: W 001 18 24

                  Temperature (°C), Rain (mm), Wind Speed (mph)

                                      Heat  Cool        Avg
    Mean                              Deg   Deg         Wind                 Dom
Day Temp  High   Time   Low    Time   Days  Days  Rain  Speed High   Time    Dir
----------------------------------------------------------------------------------
01   5.0   6.4   20:16   3.3   09:07  13.3   0.0   2.4  10.6  38.7   18:29     W
02   6.0  10.8   22:52   2.8   07:12  12.3   0.0   3.0  10.5  45.6   22:51   WSW
03   7.5   9.1   00:00   5.8   01:45  10.8   0.0   2.7  19.6  60.8   06:49   WNW
04   6.5   9.9   12:17   3.7   23:57  11.8   0.0   3.0  11.0  51.0   16:22     W
05   3.4   5.8   10:59   0.4   23:31  14.9   0.0   1.8   4.5  24.4   13:51   WSW
06   2.2   5.3   14:11  -1.1   05:12  16.1   0.0   0.9   3.9  19.7   13:27   ENE
07   1.8   4.7   13:51  -0.2   22:47  16.5   0.0   0.0   5.7  20.6   13:22     E
08   0.9   2.0   12:29  -1.0   05:15  17.4   0.0   0.0   4.8  14.5   00:02   ESE
09   3.1   5.6   23:55   1.6   00:00  15.2   0.0   0.0   3.2  13.6   00:56    SE
10   6.0   8.8   13:11   3.4   22:19  12.3   0.0   3.9   2.5  11.4   00:09     W
11   4.8   6.2   14:55   3.7   00:36  13.5   0.0   0.3   2.9  11.4   15:36    NW
12   5.7   6.7   13:44   5.0   03:52  12.6   0.0   0.0   2.0  13.0   23:12   SSE
13   4.9   6.4   12:13   3.5   22:23  13.4   0.0   0.0   4.4  15.2   00:01    SE
14   3.3   4.5   23:49   2.4   19:57  15.0   0.0   0.0   4.5  20.6   23:34   SSW
15   6.6   9.7   12:47   4.4   00:00  11.7   0.0   4.5  11.4  30.4   14:21   WSW
16   3.4   5.6   12:19   0.9   22:10  14.9   0.0   0.6  13.3  35.8   15:09     W
17   3.7   6.2   14:07   0.5   01:22  14.6   0.0   0.9  15.1  39.6   03:20     W
18   4.9  10.0   02:42   1.5   22:22  13.4   0.0  24.0  14.5  61.5   04:17   WNW
19   2.3   5.4   14:30   0.6   05:07  15.8   0.0   0.0   8.9  23.5   14:45   WSW
20   1.0   5.5   10:15  -0.4   20:46  17.1   0.0   1.8   2.8  15.2   00:10   WSW
21   1.7   7.3   23:48  -0.2   00:00  16.6   0.0   3.9   4.5  22.1   13:30   WSW
22   6.6   9.0   12:35   4.9   08:38  11.5   0.0   0.3   7.5  32.0   13:15     W
23   9.1  12.5   13:58   4.9   02:23   9.2   0.0   0.0   9.8  28.9   12:12    SW
24   8.2  12.9   07:07   5.1   22:44   9.9   0.0   4.2  12.7  38.0   08:09    SW
25   5.4   8.4   14:39   2.4   23:59  12.8   0.0   0.3   7.8  21.3   14:40    SW
26   3.8   8.9   14:14   1.1   04:09  14.5   0.0   0.3   2.4  12.1   13:51   WNW
27   6.6  10.5   20:35   2.1   03:36  11.7   0.0   1.2   8.9  26.6   14:28    SW
28  10.3  13.3   12:40   7.6   04:20   8.0   0.0   0.0  13.4  40.3   22:24     W
29   7.9  10.8   08:33   2.4   22:41  10.4   0.0   1.2  12.4  36.5   00:00     W
30   3.3   7.3   13:25   0.3   07:43  15.0   0.0   0.0   4.5  19.7   23:54    SW
----------------------------------------------------------------------------------
     4.9  13.3    28    -1.1     6   402.2   0.0  61.2   8.0  61.5    18     WSW

Max >=  27.0  0
Max <=   0.0  0
Min <=   0.0  5
Min <= -18.0  0
Max Rain: 24.0 on day 18
Days of Rain: 20 (>= 0.2 mm)  9 (>= 2.0 mm)  1 (>= 20.0 mm)
Heat Base: 18.3  Cool Base: 18.3  Method: Integration
:now::gauges::today::yesterday::this month::this year::records::monthly records::top 10 records::NOAA reports::trends::forum:


Page updated 14/08/2018 10:13:52
powered by Cumulus