NOAA-Style Climate Reports

Select a Year or Month report

Report for 2018
                   Annual Climatological Summary for 2018

Name: Desford Weather   City: Leicester   State: England
Elevation: 135 m  Lat: N 52 37 26   Lon: W 001 18 24

                  Temperature (°C), Heat Base: 18.3  Cool Base: 18.3
                          Dep.  Heat  Cool                       Max  Max  Min  Min
        Mean  Mean        From  Deg   Deg                        >=   <=   <=   <=
 YR MO  Max   Min   Mean  Norm  Days  Days  Hi  Date  Low  Date 27.0  0.0  0.0 -18.0
------------------------------------------------------------------------------------
 18  1   7.8   2.4   4.9   0.0   416     0  13.3  28  -1.1    6    0    0    5    0
 18  2   5.8  -0.1   2.6   0.0   438     0  10.0  20  -6.6   28    0    1   17    0
 18  3   8.3   1.6   4.7   0.0   421     0  14.8  16  -5.4    1    0    3    9    0
 18  4  13.5   6.1   9.6   0.0   265     5  26.7  19   0.8    2    0    0    0    0
 18  5   5.3  -4.1   0.3   0.0   566    14  28.2   7 -40.0   16    1    6    8    8
 18  6  22.6  11.4  16.8   0.0    80    35  28.9  25   7.8   22    6    0    0    0
 18  7  26.5  13.8  20.1   0.0    36    90  32.6  26  11.4    4   15    0    0    0
 18  8  22.3  12.9  17.3   0.0    67    35  28.9   6   8.4   30    4    0    0    0
 18  9  19.1  10.4  14.4   0.0   128    10  26.0   2   3.5   25    0    0    0    0
 18 10  11.9   5.6   8.6   0.0   270     3  23.8  10   0.0   16    0    6    7    0
 18 11  11.1   5.3   8.2   0.0   302     0  15.1   6  -0.6   22    0    0    2    0
 18 12   9.8   4.9   7.3   0.0   339     0  14.6  20  -1.0   14    0    0    1    0
------------------------------------------------------------------------------------
        13.7   5.9   9.6   0.0  3326   193  32.6 Jul -40.0  May   26   16   49    8

                                Precipitation (mm)

              Dep.   Max        Days of Rain
              From   Obs.           >=
 YR MO Total  Norm   Day Date  0.2  2.0 20.0
---------------------------------------------
 18  1  61.8   0.0  24.0  18    21    9    1
 18  2  19.8   0.0   3.0   8    15    5    0
 18  3  73.2   0.0  11.7  30    21   16    0
 18  4  46.8   0.0   7.2   2    19    7    0
 18  5  34.8   0.0  11.7  25     9    5    0
 18  6   0.6   0.0   0.6  16     1    0    0
 18  7  19.2   0.0   8.4  29     6    3    0
 18  8  26.7   0.0   7.5  26     8    6    0
 18  9  22.5   0.0  12.6  20     8    3    0
 18 10  27.9   0.0  11.7  14     9    5    0
 18 11  18.3   0.0   4.2  27    11    3    0
 18 12  37.5   0.0  10.2  21    17    6    0
---------------------------------------------
       389.1   0.0  24.0  Jan  145   68    1

                                Wind Speed (mph)
                          Dom
 YR MO   Avg.  Hi   Date  Dir
------------------------------
 18  1   8.2  61.5   18     W
 18  2   6.3  45.6   10     W
 18  3   6.3  35.8    2    SE
 18  4   5.6  29.8    4    SW
 18  5   4.1  27.3    2   ESE
 18  6   5.0  39.6   14   WSW
 18  7   4.3  28.9   28    SW
 18  8   5.5  29.8   24   WSW
 18  9   6.0  39.6   19   WSW
 18 10   6.5  41.8   25   WSW
 18 11   6.2  43.4   29     S
 18 12   6.8  41.8    8   WSW
------------------------------
         5.9  61.5  Jan    SW
:now::gauges::today::yesterday::this month::this year::records::monthly records::top 10 records::NOAA reports::trends::forum:


Page updated 18/11/2019 12:42:00
powered by Cumulus