NOAA-Style Climate Reports

Select a Year or Month report
V/Λ2018 > Jan Feb Mar Apr May Jun Jul Aug Sep Oct Nov Dec
V/Λ2017 > Jan Feb Mar Apr May Jun Jul Aug Sep Oct Nov Dec
V/Λ2016 > Jan Feb Mar Apr May Jun Jul Aug Sep Oct Nov Dec

Report for 2017 Dec
                   Monthly Climatological Summary for Dec 2017

Name: Desford Weather   City: Leicester   State: England
Elevation: 126 m  Lat: N 52 37 26   Lon: W 001 18 24

                  Temperature (°C), Rain (mm), Wind Speed (mph)

                                      Heat  Cool        Avg
    Mean                              Deg   Deg         Wind                 Dom
Day Temp  High   Time   Low    Time   Days  Days  Rain  Speed High   Time    Dir
----------------------------------------------------------------------------------
05   3.2   7.9   23:33  -1.9   06:56   9.7   0.0   0.0   9.1  18.3   18:33     W
06   8.6  10.0   13:03   7.2   02:03   9.7   0.0   0.0   9.0  20.6   23:03    SW
07   7.7  12.0   09:03   2.3   23:33  10.6   0.0   3.0  12.9  26.6   05:33     W
08   1.0   2.5   00:03  -0.2   22:33  17.3   0.0   0.0  11.6  26.6   02:33   WNW
09   0.1   1.8   13:33  -1.0   04:33  18.2   0.0   0.3   6.1  15.2   01:33     W
10  -0.3   0.3   13:33  -1.8   02:33  18.6   0.0   0.0   3.7  13.6   11:33     E
11  -1.1   1.7   14:33  -5.8   23:18  19.3   0.0   0.0   4.1  15.2   13:33     N
12  -1.7   2.9   23:25  -6.2   08:40  20.0   0.0   0.9   4.3  17.4   22:35    SW
13   3.2   5.8   13:58   0.4   21:13  15.1   0.0   3.0   8.1  47.9   14:06   WSW
14   3.0   5.3   13:25   1.3   00:04  15.3   0.0   3.9   9.6  28.2   02:17   WSW
15   2.2   5.3   13:57   0.5   02:48  16.1   0.0   5.7   6.4  21.3   01:50    NW
16   0.9   2.7   15:15  -0.9   06:07  17.4   0.0   0.3   4.6  14.5   10:57   WNW
17   4.0   9.4   19:23   0.0   02:33  14.3   0.0   1.5   6.0  20.6   19:59   WSW
18   2.4   4.4   00:00   0.9   08:21  15.9   0.0   0.0   3.0   9.8   00:42   WNW
19   3.6   7.2   23:49   0.7   00:54  14.5   0.0   0.0   2.3   9.8   21:09    SW
20   9.1  11.4   13:18   7.1   00:00   9.1   0.0   0.3  ----  56.8   22:43   WSW
21   9.5  11.1   13:13   7.5   23:52   8.8   0.0   0.0  ----  15.9   14:33   WSW
22   8.3   9.3   11:50   7.5   00:22  10.0   0.0   0.0  ----  14.5   20:36   WSW
23   7.6   8.8   14:03   6.5   10:15  10.7   0.0   0.0  ----  19.7   22:41   WSW
24   8.8   9.9   10:39   7.8   00:00   9.5   0.0   0.0  ----  27.3   11:13    SW
25   9.0  11.1   12:32   3.6   22:04   9.2   0.0   8.1  ----  29.8   07:55    SW
26   3.4   7.5   12:44   0.7   21:50  14.9   0.0   4.8  ----  25.1   00:16   WSW
27   1.4   2.8   14:43   0.0   22:39  16.9   0.0   9.6  ----  32.0   10:45   NNW
28   1.3   4.8   13:39  -1.4   23:56  17.0   0.0   0.0  ----  15.9   02:44     W
29   3.0   6.5   13:20  -1.9   01:08  15.3   0.0   1.8  ----  34.2   13:39     W
30   8.7  11.6   11:23   3.0   02:09   9.6   0.0   1.8  ----  37.4   13:48     W
31   8.6  12.0   02:58   5.1   21:47   9.7   0.0   1.8  ----  27.3   03:37   WSW
----------------------------------------------------------------------------------
     4.3  12.0     7    -6.2    12   372.7   0.0  46.8   5.7  56.8    20       W

Max >=  27.0  0
Max <=   0.0  0
Min <=   0.0 11
Min <= -18.0  0
Max Rain: 9.6 on day 27
Days of Rain: 15 (>= 0.2 mm)  7 (>= 2.0 mm)  0 (>= 20.0 mm)
Heat Base: 18.3  Cool Base: 18.3  Method: Integration
:now::gauges::today::yesterday::this month::this year::records::monthly records::top 10 records::NOAA reports::trends::forum:


Page updated 25/05/2018 02:01:30
powered by Cumulus