NOAA-Style Climate Reports

Select a Year or Month report

Report for 2017 Nov
                   Monthly Climatological Summary for Nov 2017

Name: Kirby Muxloe Weather   City: Kirby Muxloe   State: England
Elevation: 97 m  Lat: N 52 37 31   Lon: W 001 13 40

                  Temperature (°C), Rain (mm), Wind Speed (mph)

                                      Heat  Cool        Avg
    Mean                              Deg   Deg         Wind                 Dom
Day Temp  High   Time   Low    Time   Days  Days  Rain  Speed High   Time    Dir
----------------------------------------------------------------------------------
01   9.2  15.3   14:05   3.9   22:20   9.1   0.0   0.0   0.8   7.6   14:49   SSW
02   8.4  12.4   12:40   2.8   02:35   9.8   0.0   0.0   0.2   5.4   06:49   NNE
03   9.8  14.2   13:35   7.9   19:57   8.5   0.0   0.0   1.0   9.2   10:59   SSW
04   9.0  11.5   13:40   5.1   22:07   9.3   0.0   5.1   2.1  17.4   12:29    NW
05   5.2  10.6   14:28   0.7   21:17  13.1   0.0   0.6   1.9  14.5   11:41    NW
06   5.1  12.9   13:27  -1.5   06:33  13.2   0.0   0.3   1.6  10.7   12:26     S
07   8.5  12.6   12:54   5.0   23:18   9.8   0.0   6.0   3.7  17.4   14:09     S
08   4.7  11.1   13:30   0.2   20:15  13.6   0.0   0.3   0.9  10.7   10:16   NNW
09   8.0  13.6   13:45   4.3   00:00  10.3   0.0   0.0   1.5  15.2   14:30   WNW
10   8.1  10.5   13:20   5.7   19:43  10.2   0.0   0.9   3.5  25.1   06:51   WNW
11   6.8  13.2   17:31   3.8   21:33  11.5   0.0   1.8   0.8   9.8   12:44   WNW
12   5.4   8.4   13:24   1.7   23:59  12.9   0.0   0.6   3.8  25.9   10:11    NW
13   3.3   6.0   14:16  -0.3   06:35  15.0   0.0   0.0   1.4   8.3   21:51   WNW
14  10.0  14.4   13:16   6.0   00:00   8.3   0.0   0.0   1.9  13.0   04:44   SSW
15   9.7  11.2   13:41   7.3   05:12   8.6   0.0   0.0   0.3   5.4   23:20     S
16   7.8  12.6   11:20   0.1   23:52  10.5   0.0   0.3   1.8  18.3   12:37   WSW
17   3.3   9.3   12:45  -2.1   06:55  15.0   0.0   0.0   0.6   8.3   14:32     W
18   6.1  10.0   11:36   1.6   06:26  12.2   0.0   0.0   1.6   9.2   02:39   WNW
19   4.1   7.7   14:49  -0.8   07:39  14.2   0.0   0.0   0.9   6.9   00:05     W
20   9.8  12.8   14:17   5.8   00:00   8.5   0.0   2.4   2.3  13.6   05:44   SSW
21  12.2  13.3   23:21  11.2   17:07   6.1   0.0   1.8   3.2  17.4   19:20   SSW
22  13.6  15.6   12:47  12.1   23:26   4.7   0.0   0.3   7.5  28.2   14:03     S
23   8.5  12.2   00:00   4.3   23:14   9.8   0.0   0.3   3.9  28.9   00:19    SW
24   3.4   9.3   13:09  -0.9   07:47  14.9   0.0   0.0   0.6   7.6   11:58     W
25   2.4   5.2   13:42  -0.9   06:35  15.9   0.0   0.3   2.4  17.4   13:31    NW
26   4.2   6.7   14:22   2.2   00:19  14.1   0.0   0.6   3.0  13.6   07:21   WNW
27   6.8   9.2   05:28   2.6   22:59  11.5   0.0   3.9   3.3  18.3   14:25   WNW
28   3.5   6.7   12:49   0.8   23:22  14.8   0.0   0.0   2.5  16.8   13:20    NW
29   2.9   7.1   13:31  -0.1   23:28  15.4   0.0   0.0   3.5  18.3   12:58   NNW
----------------------------------------------------------------------------------
     6.9  15.6    22    -2.1    17   330.8   0.0  25.5   2.1  28.9    23     WSW

Max >=  27.0  0
Max <=   0.0  0
Min <=   0.0  7
Min <= -18.0  0
Max Rain: 6.0 on day 7
Days of Rain: 16 (>= 0.2 mm)  4 (>= 2.0 mm)  0 (>= 20.0 mm)
Heat Base: 18.3  Cool Base: 18.3  Method: Integration
:now::gauges::today::yesterday::this month::this year::records::monthly records::top 10 records::NOAA reports::trends::forum:


Page updated 17/10/2018 07:39:08
powered by Cumulus