NOAA-Style Climate Reports

Select a Year or Month report
V/Λ2018 > Jan Feb Mar Apr May Jun Jul Aug Sep Oct Nov Dec
V/Λ2017 > Jan Feb Mar Apr May Jun Jul Aug Sep Oct Nov Dec
V/Λ2016 > Jan Feb Mar Apr May Jun Jul Aug Sep Oct Nov Dec

Report for 2017 Sep
                   Monthly Climatological Summary for Sep 2017

Name: Kirby Muxloe Weather   City: Kirby Muxloe   State: England
Elevation: 97 m  Lat: N 52 37 32   Lon: W 001 13 39

                  Temperature (°C), Rain (mm), Wind Speed (mph)

                                      Heat  Cool        Avg
    Mean                              Deg   Deg         Wind                 Dom
Day Temp  High   Time   Low    Time   Days  Days  Rain  Speed High   Time    Dir
----------------------------------------------------------------------------------
01  13.4  21.8   14:50   6.1   05:19   5.3   0.4   0.0   1.4  13.0   16:25    NW
02  14.0  23.3   16:46   6.6   06:49   5.1   0.8   0.0   0.8  10.7   16:35    SW
03  12.9  16.8   11:50   7.8   04:06   5.4   0.0   0.9   2.0  13.6   11:40     S
04  17.4  24.0   16:50  13.0   00:00   2.0   1.1   8.4   1.8  12.1   21:56     S
05  16.7  22.4   17:17  11.4   22:54   2.0   0.4   7.5   2.3  15.2   18:39   SSW
06  13.9  19.0   15:53  10.5   01:46   4.4   0.0   0.0   2.0  17.4   12:04    NW
07  14.6  20.3   14:23   9.9   07:10   3.8   0.1   0.3   1.9  12.1   18:59   SSW
08  14.2  19.1   14:11   9.5   23:48   4.1   0.0   3.6   1.7  10.7   10:43    SW
09  11.9  17.2   15:11   8.5   04:50   6.2   0.0   3.9   1.9  13.6   15:32    NW
10  12.0  15.6   17:24   7.4   05:35   6.3   0.0   0.6   3.0  20.6   15:40   SSW
11  12.7  17.1   14:24  10.2   02:16   5.6   0.0   6.9   4.0  19.0   13:56     W
12  13.2  20.1   14:58   9.4   05:14   5.2   0.0   2.7   3.6  21.3   20:21   WSW
13  12.5  18.1   15:54   7.8   23:59   5.7   0.0   2.7   4.8  23.5   04:14   WNW
14  11.2  17.3   13:15   6.7   00:27   7.1   0.0   0.3   3.7  22.8   17:20    NW
15  10.7  17.9   15:22   6.2   05:33   7.5   0.0   0.3   1.4  10.7   15:26    NW
16  10.8  16.7   14:05   6.6   23:42   7.5   0.0   0.3   1.4  14.5   14:24   NNW
17  12.0  21.2   15:16   6.8   00:00   6.4   0.1   0.0   1.1   9.8   15:27   NNW
18  12.1  17.0   15:23   8.6   00:06   6.2   0.0   6.9   1.5  13.0   21:34   NNW
19  10.8  19.6   15:56   4.7   07:10   7.5   0.0   0.3   0.7  11.4   15:40   WNW
20  13.7  19.7   15:30   6.7   01:39   4.7   0.1   0.3   2.6  14.5   21:20     S
21  13.5  16.2   11:38   8.8   23:54   4.8   0.0   5.4   3.0  16.8   04:21     S
22  11.4  18.8   14:22   4.1   07:07   6.9   0.0   0.9   2.2  15.2   13:58     S
23  14.7  20.2   16:20  11.1   23:59   3.7   0.1   0.3   2.3  13.0   13:58     S
24  15.5  24.2   15:29   9.3   04:33   3.7   0.8   0.0   1.5  14.5   11:56   SSE
25  15.4  23.8   14:27  13.9   04:30   2.9   0.0  17.1   0.5   7.6   14:27   ENE
26  15.2  22.1   16:09  11.9   06:00   3.3   0.3   0.0   0.6   8.3   17:07   ESE
27  15.3  20.6   15:35  12.4   01:30   3.1   0.2   6.6   2.3  13.0   12:26   SSE
28  15.8  22.1   15:23  12.4   22:36   2.8   0.3   0.6   1.5   9.2   15:40   SSW
29  14.7  20.1   15:18  10.0   23:56   3.7   0.0   4.2   1.9   9.8   11:48   SSW
30  12.3  17.9   13:29   8.7   02:49   6.0   0.0   2.1   2.3  13.6   12:36     S
----------------------------------------------------------------------------------
    13.5  24.2    24     4.1    22   148.9   4.7  83.1   2.1  23.5    13      SW

Max >=  27.0  0
Max <=   0.0  0
Min <=   0.0  0
Min <= -18.0  0
Max Rain: 17.1 on day 25
Days of Rain: 24 (>= 0.2 mm)  13 (>= 2.0 mm)  0 (>= 20.0 mm)
Heat Base: 18.3  Cool Base: 18.3  Method: Integration
:now::gauges::today::yesterday::this month::this year::records::monthly records::top 10 records::NOAA reports::trends::forum:


Page updated 25/05/2018 01:59:19
powered by Cumulus