NOAA-Style Climate Reports

Select a Year or Month report

Report for 2017 Aug
                   Monthly Climatological Summary for Aug 2017

Name: Kirby Muxloe Weather   City: Kirby Muxloe   State: England
Elevation: 97 m  Lat: N 52 37 32   Lon: W 001 13 39

                  Temperature (°C), Rain (mm), Wind Speed (mph)

                                      Heat  Cool        Avg
    Mean                              Deg   Deg         Wind                 Dom
Day Temp  High   Time   Low    Time   Days  Days  Rain  Speed High   Time    Dir
----------------------------------------------------------------------------------
01  16.8  23.8   15:39  11.9   03:58   2.4   0.9   0.0   2.7  15.2   12:18    SW
02  16.5  19.1   17:59  13.8   04:10   1.8   0.0   0.6   4.5  20.6   10:22     S
03  17.5  23.1   15:31  14.7   03:37   1.5   0.7   0.9   4.1  24.4   13:21   SSW
04  17.4  22.9   17:19  13.5   02:59   1.9   1.0   0.0   3.0  15.2   08:33   WNW
05  14.4  20.3   18:23   9.0   23:58   4.1   0.1   2.4   1.2  14.5   11:41    NW
06  15.1  22.0   15:07   6.6   05:09   4.0   0.7   0.3   2.1  15.9   13:23   SSW
07  17.2  21.9   15:07  14.1   05:17   1.7   0.6   0.0   1.5  13.0   12:26    SW
08  13.1  15.2   00:00  12.2   06:52   5.2   0.0  13.5   2.0  13.6   22:43   NNW
09  14.2  19.2   19:12   9.9   23:58   4.1   0.0   6.3   3.4  18.3   13:30     N
10  15.4  24.1   15:18   8.6   06:13   4.0   1.1   0.0   1.1  10.7   14:14   NNW
11  14.6  20.4   13:11   7.6   05:48   3.8   0.2   0.9   1.9  13.6   20:27   SSW
12  16.7  21.8   15:56  10.9   23:52   2.0   0.4   0.0   2.8  15.9   18:41    NW
13  14.8  22.0   15:07   6.5   05:32   4.2   0.7   0.0   1.2   9.2   10:04    NW
14  15.8  23.3   15:41   8.9   04:42   3.2   0.8   0.0   1.9  14.5   16:54     S
15  17.3  24.3   16:22  11.4   23:30   2.3   1.3   0.3   2.1  15.2   13:39   WNW
16  16.1  24.6   15:07   7.6   05:25   3.5   1.3   0.0   2.9  19.7   15:48     S
17  18.5  25.1   14:55  13.9   01:25   1.4   1.6   6.6   3.1  19.0   00:06   SSW
18  15.7  21.1   16:00  10.1   22:51   2.9   0.3   0.9   3.4  17.4   11:47   WSW
19  14.1  19.2   14:43  10.0   01:11   4.3   0.0   0.3   3.2  22.1   14:46    NW
20  15.1  22.9   14:49   9.6   03:31   3.7   0.5   1.5   1.4   9.2   11:43   WNW
21  16.4  19.7   17:13  13.6   05:08   2.1   0.2   0.3   1.3   9.8   09:08   SSE
22  19.1  24.5   14:27  14.3   02:03   0.8   1.6   0.0   1.2   9.8   17:17   SSE
23  18.0  24.0   16:45  13.9   23:55   1.4   1.1   0.0   1.7  13.0   15:34    NW
24  16.4  23.2   16:18  10.8   05:43   2.9   0.9   0.0   1.7  13.6   11:11     W
25  17.0  26.3   15:36   8.9   06:23   3.0   1.7   0.0   0.9   9.2   13:46   WSW
26  18.6  25.4   17:32  14.7   05:53   1.4   1.7   0.0   0.8   9.8   14:08    NW
27  18.0  28.1   16:48   9.5   06:11   2.8   2.5   0.0   0.6   8.3   13:12   WNW
28  19.7  30.0   16:54  10.7   06:39   2.2   3.6   0.0   1.5  13.0   11:16   SSW
29  15.7  19.0   14:32  13.0   02:24   2.6   0.0   0.0   1.5  10.7   13:27    NW
30  12.4  16.3   14:40   7.9   23:21   5.9   0.0   6.0   0.6   7.6   12:08    NW
31  12.8  22.6   14:49   5.2   05:49   5.9   0.5   0.3   1.0   9.8   16:08     W
----------------------------------------------------------------------------------
    16.1  30.0    28     5.2    31    93.0  26.0  41.1   2.0  24.4     3     WSW

Max >=  27.0  2
Max <=   0.0  0
Min <=   0.0  0
Min <= -18.0  0
Max Rain: 13.5 on day 8
Days of Rain: 15 (>= 0.2 mm)  5 (>= 2.0 mm)  0 (>= 20.0 mm)
Heat Base: 18.3  Cool Base: 18.3  Method: Integration
:now::gauges::today::yesterday::this month::this year::records::monthly records::top 10 records::NOAA reports::trends::forum:


Page updated 19/12/2018 06:32:25
powered by Cumulus