NOAA-Style Climate Reports

Select a Year or Month report
V/Λ2018 > Jan Feb Mar Apr May Jun Jul Aug Sep Oct Nov Dec
V/Λ2017 > Jan Feb Mar Apr May Jun Jul Aug Sep Oct Nov Dec
V/Λ2016 > Jan Feb Mar Apr May Jun Jul Aug Sep Oct Nov Dec

Report for 2017 Jul
                   Monthly Climatological Summary for Jul 2017

Name: Kirby Muxloe Weather   City: Kirby Muxloe   State: England
Elevation: 97 m  Lat: N 52 37 32   Lon: W 001 13 39

                  Temperature (°C), Rain (mm), Wind Speed (mph)

                                      Heat  Cool        Avg
    Mean                              Deg   Deg         Wind                 Dom
Day Temp  High   Time   Low    Time   Days  Days  Rain  Speed High   Time    Dir
----------------------------------------------------------------------------------
01  17.2  25.7   17:59  13.4   05:53   2.2   1.1   0.0   2.7  13.6   16:48    NW
02  17.7  26.1   19:35  11.1   05:07   2.2   1.6   0.0   2.5  14.5   08:30    NW
03  18.1  23.8   15:08  12.2   02:11   1.8   1.6   0.0   2.3  13.6   15:42    NW
04  18.4  25.1   17:59  13.8   23:56   1.3   1.4   0.0   1.4  10.7   17:14     W
05  19.4  30.3   18:59  10.3   04:31   2.3   3.4   0.0   0.9   9.8   20:27     W
06  22.1  32.5   16:45  13.5   05:27   1.2   5.0   0.0   1.3  13.6   21:52     S
07  19.9  26.5   15:44  15.0   05:08   0.8   2.3   0.0   2.3  10.7   20:06    NW
08  18.7  24.8   17:21  13.4   05:43   1.3   1.6   0.0   2.0  13.0   07:48    NW
09  21.2  29.7   16:31  13.8   00:40   1.0   3.9   0.0   1.3  13.6   16:07     W
10  17.5  22.2   15:52  12.1   23:53   1.5   0.7   0.6   1.7  11.4   15:53    NW
11  14.4  18.1   13:25  11.0   02:17   3.9   0.0   4.8   1.4  12.1   10:05     S
12  16.4  23.8   17:45  11.8   01:26   2.9   1.0   0.0   2.4  15.2   07:20   NNE
13  16.8  23.2   14:49  11.9   00:49   2.2   0.7   0.0   2.1  13.0   08:51     S
14  15.9  20.3   18:12  13.4   03:36   2.6   0.1   0.9   2.9  15.9   09:51    NW
15  17.6  22.3   16:34  13.4   00:00   1.8   1.1   0.3   2.0  13.0   14:02   SSW
16  19.6  24.4   19:15  12.6   23:59   0.6   1.9   0.0   2.7  13.0   16:16    NW
17  18.2  28.8   15:55   7.4   05:10   3.1   3.0   0.0   1.2   9.2   12:30    NW
18  21.2  30.0   15:38  14.5   03:50   0.8   3.8   0.0   2.8  19.0   16:02   ESE
19  19.3  22.4   09:33  15.8   02:22   0.6   1.6   0.9   2.4  14.5   16:39   SSE
20  16.1  21.5   17:07  11.9   10:38   2.4   0.3  11.1   2.6  15.9   09:46   WNW
21  16.9  21.6   15:45  12.5   00:00   2.0   0.6   3.6   4.3  19.0   08:38     S
22  14.9  23.2   14:01  11.7   23:28   3.7   0.3   7.8   1.8  13.0   16:11     S
23  15.3  23.1   16:39  11.6   00:04   3.5   0.5   3.6   1.5  13.0   17:58    NW
24  16.1  21.0   18:36  11.2   23:47   2.4   0.2   1.2   3.2  19.0   03:11   NNW
25  17.3  26.1   18:12  10.3   01:40   2.7   1.7   0.0   1.2   9.2   22:32     N
26  17.2  23.7   18:34  13.1   04:56   1.9   0.8   4.2   3.0  19.0   16:49     S
27  15.6  21.6   16:46  11.1   04:59   3.0   0.3   1.2   2.1  28.9   22:05   SSW
28  15.0  20.1   10:44  12.6   04:58   2.8   0.0   1.5   2.7  21.3   21:44     S
29  16.5  20.9   14:37  12.5   06:17   2.2   0.4   2.4  ----  10.7   09:43   SSW
30  15.9  21.6   14:26  11.9   05:29   2.8   0.4   3.6  ----  18.3   17:23   SSW
31  16.4  23.3   16:59  11.0   05:23   2.7   0.8   0.0  ----  17.4   11:54     S
----------------------------------------------------------------------------------
    17.5  32.5     6     7.4    17    66.2  42.1  47.7   2.2  28.9    27       W

Max >=  27.0  5
Max <=   0.0  0
Min <=   0.0  0
Min <= -18.0  0
Max Rain: 11.1 on day 20
Days of Rain: 15 (>= 0.2 mm)  8 (>= 2.0 mm)  0 (>= 20.0 mm)
Heat Base: 18.3  Cool Base: 18.3  Method: Integration
:now::gauges::today::yesterday::this month::this year::records::monthly records::top 10 records::NOAA reports::trends::forum:


Page updated 25/05/2018 01:54:44
powered by Cumulus