NOAA-Style Climate Reports

Select a Year or Month report

Report for 2017 Jun
                   Monthly Climatological Summary for Jun 2017

Name: Kirby Muxloe Weather   City: Kirby Muxloe   State: England
Elevation: 97 m  Lat: N 52 37 32   Lon: W 001 13 39

                  Temperature (°C), Rain (mm), Wind Speed (mph)

                                      Heat  Cool        Avg
    Mean                              Deg   Deg         Wind                 Dom
Day Temp  High   Time   Low    Time   Days  Days  Rain  Speed High   Time    Dir
----------------------------------------------------------------------------------
01  19.0  26.7   19:19  12.2   02:40   1.7   2.4   0.0   1.7  12.1   16:25     S
02  17.2  21.4   11:21  13.6   05:36   1.7   0.6   4.8   1.3   8.3   08:16    SW
03  15.8  21.7   18:24  11.2   23:57   3.0   0.5   7.5   2.3  11.4   13:20   WNW
04  13.2  20.0   19:49   7.4   04:48   5.2   0.0   1.5   1.6  12.1   09:41    SW
05  12.2  16.7   16:08   7.5   04:11   6.1   0.0   5.1   5.3  22.8   14:21     S
06  11.5  14.0   17:44  10.0   08:29   6.8   0.0  18.0   5.8  25.9   11:29   WNW
07  14.3  20.7   16:23  11.0   02:07   4.2   0.2   0.6   5.5  28.2   07:10   WNW
08  14.5  19.0   17:37  12.0   00:00   3.8   0.0   5.1   4.4  19.0   11:54     S
09  15.4  21.3   14:28  10.3   04:23   3.3   0.3   0.3   2.2  12.1   13:39    SW
10  16.7  22.3   16:47  12.2   03:07   2.3   0.7   0.3   4.5  23.5   11:58     S
11  16.8  21.7   14:36  13.1   05:15   1.9   0.5   0.0   3.9  19.0   09:58   SSW
12  15.0  19.4   14:59  12.1   02:53   3.3   0.0   0.0   3.2  15.2   15:42     W
13  16.0  21.7   14:10  11.3   04:19   2.9   0.6   0.0   1.1   7.6   12:36     W
14  19.4  28.7   18:10   8.6   05:13   2.6   3.7   0.0   1.6  13.0   16:57     S
15  17.8  22.6   14:48  13.6   05:17   1.4   1.0   0.0   3.1  18.3   14:21   WNW
16  17.6  25.0   18:07  10.8   05:08   2.3   1.6   0.0   2.6  17.4   10:35    NW
17  22.9  31.9   16:44  14.2   04:37   0.8   5.4   0.0   1.8  10.7   12:04   WNW
18  24.2  35.3   17:13  14.5   04:31   0.7   6.6   0.0   1.0  11.4   12:27    SW
19  25.5  34.1   14:57  16.4   04:46   0.2   7.4   0.0   0.7   6.0   10:41    NW
20  20.5  25.3   16:53  16.5   23:46   0.2   2.4   0.6   2.1  12.1   10:36     N
21  22.7  32.3   15:14  13.5   06:01   1.1   5.5   0.0   1.5  11.4   02:32    SE
22  19.3  22.9   00:00  14.0   23:57   0.4   1.4   0.0   2.9  17.4   14:21   WNW
23  16.3  19.9   13:27  11.7   03:30   2.1   0.2   0.0   2.5  15.9   13:38    SW
24  18.5  23.6   17:16  14.9   23:37   1.0   1.1   0.0   3.1  14.5   07:30   WNW
25  16.3  22.2   13:13  12.2   23:58   2.3   0.3   0.0   3.1  14.5   14:53    NW
26  16.5  22.6   14:18   9.5   04:25   2.7   0.9   0.0   1.5  13.0   23:58   NNW
27  15.4  19.2   14:36  13.3   05:44   2.9   0.0   0.9   2.3  14.5   15:10   ESE
28  12.9  30.9   19:09  10.5   23:23   5.4   0.0   8.4   2.6  16.8   17:59     N
29  12.1  14.4   15:23  10.2   04:05   6.2   0.0   1.2   2.2  12.1   04:07    NW
30  15.6  22.4   14:50  12.0   04:23   2.9   0.2   0.6   1.8  12.1   23:22    NW
----------------------------------------------------------------------------------
    17.0  35.3    18     7.4     4    81.4  43.5  54.9   2.6  28.2     7       W

Max >=  27.0  6
Max <=   0.0  0
Min <=   0.0  0
Min <= -18.0  0
Max Rain: 18.0 on day 6
Days of Rain: 14 (>= 0.2 mm)  6 (>= 2.0 mm)  0 (>= 20.0 mm)
Heat Base: 18.3  Cool Base: 18.3  Method: Integration
:now::gauges::today::yesterday::this month::this year::records::monthly records::top 10 records::NOAA reports::trends::forum:


Page updated 14/08/2018 10:12:52
powered by Cumulus