NOAA-Style Climate Reports

Select a Year or Month report
V/Λ2018 > Jan Feb Mar Apr May Jun Jul Aug Sep Oct Nov Dec
V/Λ2017 > Jan Feb Mar Apr May Jun Jul Aug Sep Oct Nov Dec
V/Λ2016 > Jan Feb Mar Apr May Jun Jul Aug Sep Oct Nov Dec

Report for 2017 May
                   Monthly Climatological Summary for May 2017

Name: Kirby Muxloe Weather   City: Kirby Muxloe   State: England
Elevation: 97 m  Lat: N 52 37 32   Lon: W 001 13 39

                  Temperature (°C), Rain (mm), Wind Speed (mph)

                                      Heat  Cool        Avg
    Mean                              Deg   Deg         Wind                 Dom
Day Temp  High   Time   Low    Time   Days  Days  Rain  Speed High   Time    Dir
----------------------------------------------------------------------------------
01  11.9  17.8   14:07   8.5   23:55   6.4   0.0   5.4   2.4  19.0   15:36     E
02  10.5  17.6   12:47   4.5   04:47   7.8   0.0   0.0   1.7  13.6   13:45     N
03   9.5  13.2   14:26   5.7   05:45   8.8   0.0   0.0   3.2  22.8   10:13     N
04  11.6  17.5   14:40   7.1   23:57   6.7   0.0   0.0   3.2  19.7   12:37   NNE
05  11.1  18.3   14:38   5.5   03:46   7.2   0.0   0.0   3.4  22.1   14:19    NE
06   9.5  11.2   15:14   8.3   06:22   8.8   0.0   0.0   1.9  14.5   09:42   NNE
07  11.6  19.6   15:37   7.0   05:59   6.7   0.1   0.0   2.2  13.0   18:58     N
08   9.3  13.2   15:25   6.1   00:46   9.0   0.0   0.0   2.9  19.7   06:23     N
09   9.6  16.6   17:44   3.2   23:59   8.7   0.0   0.0   1.4   9.2   12:31     N
10  11.0  22.2   16:10  -0.7   05:31   7.7   0.6   0.0   1.0   8.3   15:38     S
11  13.2  21.9   12:27   3.0   04:56   5.7   0.6   0.0   2.0  15.9   12:33   ESE
12  12.6  19.9   14:42   8.9   06:15   5.7   0.0   3.6   1.5  14.5   15:12     S
13  13.4  19.9   16:40  10.4   04:25   4.9   0.0   0.0   3.2  16.8   18:51     S
14  14.9  22.7   15:43  10.4   23:53   4.0   0.6   2.4   2.6  13.0   11:00    SW
15  13.3  16.9   14:59   8.8   04:18   5.0   0.0   1.5   4.3  21.3   13:11     S
16  16.3  19.1   10:57  14.5   03:32   2.1   0.1   2.4   4.0  17.4   11:26     S
17  12.7  15.8   09:19   9.3   23:28   5.4   0.0  16.2   1.7   7.6   02:50   WSW
18  11.8  20.0   14:09   4.1   05:20   6.6   0.1   2.1   0.6   9.8   18:39   WSW
19  11.2  18.2   17:44   8.9   23:50   7.0   0.0   6.9   1.0  12.1   16:16   WNW
20  11.2  16.9   19:53   6.8   05:41   7.1   0.0   2.4   1.8  18.3   15:58     S
21  13.6  20.8   18:23   6.9   04:55   5.0   0.2   0.3   2.6  13.6   11:53     S
22  17.3  26.5   17:29   9.4   05:19   3.0   2.1   0.0   2.5  14.5   14:39     S
23  16.9  25.7   17:57   9.3   05:34   3.0   1.6   0.0   1.5  10.7   13:09   WNW
24  18.7  28.3   18:46   9.9   03:10   2.5   2.9   0.0   1.5  13.0   09:37    NW
25  21.6  30.1   16:51  13.0   04:29   1.4   4.6   0.0   1.2   9.2   15:11   SSE
26  21.2  30.0   16:45  12.5   04:22   1.3   4.3   0.0   2.6  17.4   17:20   SSE
27  17.9  26.1   11:27  11.8   04:47   1.5   1.0   0.0   3.4  22.8   14:12     S
28  17.8  24.0   16:31  12.2   05:32   1.6   1.2   0.0   1.8  13.0   08:24   WNW
29  15.7  17.9   00:00  14.4   08:08   2.6   0.0   6.3   0.9  13.6   02:38   ENE
30  16.1  21.1   17:49  12.4   23:43   2.4   0.2   1.8   1.6  10.7   12:35   WNW
31  17.5  25.9   17:29  11.6   02:10   2.3   1.5   0.0   0.8   8.3   14:03    NE
----------------------------------------------------------------------------------
    13.9  30.1    25    -0.7    10   157.9  21.7  51.3   2.2  22.8     3       S

Max >=  27.0  3
Max <=   0.0  0
Min <=   0.0  1
Min <= -18.0  0
Max Rain: 16.2 on day 17
Days of Rain: 12 (>= 0.2 mm)  9 (>= 2.0 mm)  0 (>= 20.0 mm)
Heat Base: 18.3  Cool Base: 18.3  Method: Integration
:now::gauges::today::yesterday::this month::this year::records::monthly records::top 10 records::NOAA reports::trends::forum:


Page updated 23/02/2018 19:58:13
powered by Cumulus