NOAA-Style Climate Reports

Select a Year or Month report

Report for 2017 Apr
                   Monthly Climatological Summary for Apr 2017

Name: Kirby Muxloe Weather   City: Kirby Muxloe   State: England
Elevation: 97 m  Lat: N 52 37 32   Lon: W 001 13 39

                  Temperature (°C), Rain (mm), Wind Speed (mph)

                                      Heat  Cool        Avg
    Mean                              Deg   Deg         Wind                 Dom
Day Temp  High   Time   Low    Time   Days  Days  Rain  Speed High   Time    Dir
----------------------------------------------------------------------------------
01   9.9  15.9   15:41   6.4   23:57   8.4   0.0   0.6   2.3  15.9   12:54    SW
02  10.0  18.6   16:08   4.2   23:40   8.3   0.0   0.0   1.7  11.4   08:24    NW
03   9.7  19.4   15:53   0.3   06:01   8.6   0.0   0.0   2.4  18.3   13:17     S
04  10.1  13.8   16:04   5.3   23:53   8.2   0.0   0.0   2.2  14.5   11:37    NW
05   7.4  13.5   14:02   1.2   03:48  10.9   0.0   0.0   2.5  18.3   17:49    NW
06   7.9  15.5   14:44   2.5   05:41  10.4   0.0   0.0   1.6  13.6   12:39    NW
07   9.4  17.6   16:13   2.5   04:58   8.9   0.0   0.0   1.2  10.7   12:49    NW
08  11.2  23.2   16:09   0.4   06:02   7.8   0.7   0.0   1.5  10.7   11:48     S
09  13.6  25.8   14:46   4.1   06:47   6.1   1.4   0.0   2.6  21.3   18:23    SW
10   9.3  14.1   12:59   4.2   06:59   9.0   0.0   0.0   3.6  21.3   01:23    NW
11   9.4  16.5   16:37   3.8   04:56   8.8   0.0   0.0   2.7  15.9   17:32    NW
12   9.7  14.4   17:18   5.9   23:39   8.6   0.0   0.3   3.5  21.3   16:55   WNW
13   8.0  25.5   17:01   2.8   04:40  10.3   0.0   0.0   2.0  13.0   11:17    NW
14  10.4  17.1   16:10   6.9   05:57   7.9   0.0   2.7   2.3  14.5   16:01   WSW
15   9.1  14.2   15:34   5.9   06:14   9.2   0.0   0.0   3.9  19.0   18:11    NW
16   9.2  14.3   17:21   5.6   01:56   9.1   0.0   1.2   2.5  16.8   16:41   WNW
17   8.1  12.9   18:45   4.0   21:36  10.2   0.0   0.0   1.3   9.2   00:41     N
18   7.9  14.5   14:49   2.1   06:34  10.4   0.0   0.0   2.2  17.4   03:17   NNE
19   9.1  16.6   15:24   0.4   06:29   9.2   0.0   0.0   1.0   7.6   00:29     S
20  11.3  16.2   13:50   7.7   06:43   7.0   0.0   0.0   2.0  15.9   15:27   WNW
21  11.4  14.0   12:54   9.4   23:50   6.9   0.0   0.0   2.7  16.8   14:32    NW
22  11.1  17.8   15:33   6.5   06:56   7.1   0.0   0.0   2.7  11.4   14:23   NNW
23  10.5  17.9   16:30   5.0   04:26   7.8   0.0   0.0  ----  11.4   10:25    NW
24   8.7  12.9   11:58   3.0   23:58   9.6   0.0   0.0  ----  24.4   17:31    NW
25   4.5  11.4   14:59  -0.9   02:09  13.8   0.0   3.6  ----  25.1   17:19   NNW
26   5.6  10.8   14:24   2.3   00:00  12.6   0.0   0.3  ----  14.5   09:34   NNW
27   6.0  11.2   14:29  -1.1   03:31  12.3   0.0   0.6  ----  15.2   17:40    NW
28   9.7  15.7   14:05   6.0   05:35   8.6   0.0   2.4  ----   8.3   13:47    NW
29  10.2  14.5   12:48   5.6   05:53   8.1   0.0   0.0  ----  13.0   12:28     S
30  13.0  19.2   14:16   7.9   06:20   5.4   0.0   0.0  ----  25.1   14:00   ESE
----------------------------------------------------------------------------------
     9.4  25.8     9    -1.1    27   269.5   2.1  11.7   2.3  25.1    25     WNW

Max >=  27.0  0
Max <=   0.0  0
Min <=   0.0  2
Min <= -18.0  0
Max Rain: 3.6 on day 25
Days of Rain: 8 (>= 0.2 mm)  3 (>= 2.0 mm)  0 (>= 20.0 mm)
Heat Base: 18.3  Cool Base: 18.3  Method: Integration
:now::gauges::today::yesterday::this month::this year::records::monthly records::top 10 records::NOAA reports::trends::forum:


Page updated 17/10/2018 07:38:36
powered by Cumulus