NOAA-Style Climate Reports

Select a Year or Month report

Report for 2017 Mar
                   Monthly Climatological Summary for Mar 2017

Name: Kirby Muxloe Weather   City: Kirby Muxloe   State: England
Elevation: 97 m  Lat: N 52 37 32   Lon: W 001 13 39

                  Temperature (°C), Rain (mm), Wind Speed (mph)

                                      Heat  Cool        Avg
    Mean                              Deg   Deg         Wind                 Dom
Day Temp  High   Time   Low    Time   Days  Days  Rain  Speed High   Time    Dir
----------------------------------------------------------------------------------
01   5.7  10.9   15:18   0.9   05:51  12.6   0.0   3.3   2.4  19.7   22:01    SW
02   6.4  11.0   15:31   3.9   00:00  11.9   0.0   1.8   5.0  21.3   03:28   WNW
03   6.3   8.6   19:09   3.3   06:28  12.0   0.0   8.7   1.8  15.2   11:10   SSE
04   7.9  12.2   13:39   5.4   07:19  10.4   0.0   0.6   3.2  18.3   14:43     S
05   5.5   7.9   16:27   3.9   03:42  12.8   0.0   6.0   3.6  18.3   23:35   WSW
06   5.7  12.1   15:07   0.1   06:55  12.6   0.0   0.0   2.5  16.8   14:29    NW
07   6.8  12.8   14:33   2.0   06:40  11.5   0.0   0.9   3.1  15.2   00:43    SW
08   9.6  14.5   14:39   6.1   23:07   8.7   0.0   2.1   3.2  18.3   00:15   WSW
09   9.5  14.7   14:36   5.6   21:32   8.8   0.0   0.0   3.3  20.6   09:16   WNW
10   8.8  11.5   14:05   5.1   00:43   9.5   0.0   0.3   1.9   9.2   10:31     S
11  11.2  13.8   14:49   9.1   03:50   7.1   0.0   0.0   1.9  10.7   00:32     S
12  10.7  14.7   13:39   6.7   23:58   7.6   0.0   1.5   2.2  13.6   19:10   WNW
13   8.2  14.3   13:07   1.7   06:02  10.1   0.0   0.0   1.4  12.1   12:00   WNW
14  10.5  16.7   15:17   5.5   01:42   7.8   0.0   0.0   2.5  16.8   16:05     W
15  10.4  19.0   14:00   4.1   06:20   7.9   0.0   0.0   1.0   9.2   11:57   WSW
16   7.9  11.2   15:38   4.2   04:09  10.4   0.0   0.0   2.2  13.6   15:31   WSW
17   7.2  11.5   23:44   2.8   04:45  11.1   0.0   0.9   3.5  22.8   20:28    SW
18  12.5  15.5   12:08  10.9   06:21   5.8   0.0   0.9   4.0  15.9   12:46   WNW
19  12.3  15.7   12:38  10.4   03:10   6.0   0.0   0.0   4.6  22.8   14:53    SW
20   9.3  12.1   10:12   4.7   22:52   9.0   0.0   8.7   3.3  19.7   12:11    SW
21   5.9  24.0   09:57   2.1   06:20  12.4   0.0   0.3   3.5  19.0   18:03   WSW
22   5.1  11.6   16:42   0.0   23:35  13.2   0.0   2.7   2.5  18.3   08:34   SSE
23   6.8  13.3   13:50  -0.4   00:27  11.5   0.0   2.1   2.6  25.1   14:15   NNE
24   7.3  14.0   15:07   3.1   23:53  11.0   0.0   0.0   2.5  16.8   11:51     N
25   7.4  16.5   14:44   1.8   06:29  10.9   0.0   0.0   1.6  19.0   14:15     N
26   8.3  16.6   15:15   2.7   07:07   9.6   0.0   0.0   2.1  18.3   13:35    NE
27   7.2  14.8   16:32   4.5   01:56  11.1   0.0   0.0   1.6  10.7   05:52   ENE
28   9.1  17.7   16:02   5.2   07:30   9.2   0.0   3.9   2.0  13.0   15:25     S
29  12.2  14.8   15:07   9.4   00:14   6.1   0.0   0.9   3.7  15.9   21:21     S
30  15.4  22.2   15:09  12.1   06:13   3.2   0.4   0.3   4.4  19.7   02:26     S
31  13.6  19.3   16:12   9.3   23:57   4.8   0.0   0.0   3.8  21.3   18:01     S
----------------------------------------------------------------------------------
     8.7  24.0    21    -0.4    23   296.6   0.4  45.9   2.8  25.1    23     WSW

Max >=  27.0  0
Max <=   0.0  0
Min <=   0.0  2
Min <= -18.0  0
Max Rain: 8.7 on day 3
Days of Rain: 18 (>= 0.2 mm)  8 (>= 2.0 mm)  0 (>= 20.0 mm)
Heat Base: 18.3  Cool Base: 18.3  Method: Integration
:now::gauges::today::yesterday::this month::this year::records::monthly records::top 10 records::NOAA reports::trends::forum:


Page updated 17/10/2018 07:39:46
powered by Cumulus