NOAA-Style Climate Reports

Select a Year or Month report
V/Λ2018 > Jan Feb Mar Apr May Jun Jul Aug Sep Oct Nov Dec
V/Λ2017 > Jan Feb Mar Apr May Jun Jul Aug Sep Oct Nov Dec
V/Λ2016 > Jan Feb Mar Apr May Jun Jul Aug Sep Oct Nov Dec

Report for 2017 Feb
                   Monthly Climatological Summary for Feb 2017

Name: Kirby Muxloe Weather   City: Kirby Muxloe   State: England
Elevation: 97 m  Lat: N 52 37 32   Lon: W 001 13 39

                  Temperature (°C), Rain (mm), Wind Speed (mph)

                                      Heat  Cool        Avg
    Mean                              Deg   Deg         Wind                 Dom
Day Temp  High   Time   Low    Time   Days  Days  Rain  Speed High   Time    Dir
----------------------------------------------------------------------------------
01   9.2  11.8   14:15   8.2   07:11   9.1   0.0   2.4   2.8  14.5   22:46     S
02  10.4  11.4   14:35   9.1   23:55   7.9   0.0   1.5   6.2  22.1   23:22     S
03   7.6  10.5   11:52   3.7   23:52  10.7   0.0   0.6   4.1  22.1   22:30     S
04   3.7  10.5   14:13   0.9   07:36  14.6   0.0   0.3   1.8  12.1   00:17     S
05   3.2   6.3   14:08  -0.9   23:44  15.1   0.0   0.0   0.6   7.6   11:26     N
06   1.6   6.3   13:29  -3.9   07:13  16.7   0.0   5.4   1.3  14.5   20:05     S
07   5.7  12.4   13:48   2.4   23:13  12.6   0.0   0.3   1.1   9.2   00:00    SW
08   3.8   4.7   01:39   2.1   23:13  14.5   0.0   0.0   0.8  11.4   09:54    NE
09   1.7   2.7   14:12   0.9   21:54  16.6   0.0   0.0   1.3  10.7   13:31     E
10   1.6   3.8   14:39   0.8   00:22  16.7   0.0   0.0   1.9  12.1   20:17     N
11   1.6   2.5   19:52   0.3   07:09  16.7   0.0   1.8   2.3  15.9   02:01     N
12   2.4   3.3   21:49   1.8   06:19  15.9   0.0   2.7   3.1  19.7   17:36    NE
13   4.7  10.4   13:23   1.3   23:54  13.6   0.0   0.0   3.1  20.6   20:00     E
14   5.4  10.5   14:14   1.1   00:34  12.9   0.0   0.6   1.9  13.0   13:35   ESE
15   8.4  12.3   12:52   7.1   06:22   9.9   0.0   7.8   1.8  11.4   16:32   SSW
16   7.3  10.2   12:42   4.6   06:42  11.0   0.0   0.9   1.9  13.6   12:51    SW
17   8.1  14.8   14:35   4.8   21:18  10.2   0.0   0.0   0.7   7.6   14:40   SSW
18   6.6  10.2   14:04   3.4   01:47  11.7   0.0   0.0   2.5  12.1   17:49   SSW
19   9.2  11.2   14:14   6.4   06:43   9.1   0.0   0.0   2.0  11.4   02:12    SW
20  11.8  15.1   14:15   9.6   00:42   6.5   0.0   0.3   3.0  18.3   13:22     W
21  10.6  13.1   14:38   8.5   08:08   7.7   0.0   1.5   2.7  19.7   23:18    SW
22  10.6  13.0   14:53   8.5   22:46   7.7   0.0   3.9   4.4  22.1   04:12   WNW
23   7.4  10.1   04:12   3.6   22:02  10.8   0.0   6.0   8.2  39.6   14:28   WNW
24   5.2  10.1   13:58   1.8   07:26  13.1   0.0   0.0   3.2  17.4   10:16   WNW
25   8.0  10.0   14:12   5.0   02:40  10.3   0.0   3.0   5.1  22.1   14:16   SSW
26   9.5  11.2   10:53   6.6   23:58   8.8   0.0   0.3   4.7  28.2   13:53   SSW
27   5.4   8.9   11:08   1.9   21:22  12.9   0.0   2.4   3.2  17.4   05:31   SSW
28   3.5   6.1   11:08   0.5   06:06  14.8   0.0   4.5   2.8  20.6   23:54   WSW
----------------------------------------------------------------------------------
     6.2  15.1    20    -3.9     6   338.1   0.0  46.2   2.8  39.6    23      SW

Max >=  27.0  0
Max <=   0.0  0
Min <=   0.0  2
Min <= -18.0  0
Max Rain: 7.8 on day 15
Days of Rain: 19 (>= 0.2 mm)  9 (>= 2.0 mm)  0 (>= 20.0 mm)
Heat Base: 18.3  Cool Base: 18.3  Method: Integration
:now::gauges::today::yesterday::this month::this year::records::monthly records::top 10 records::NOAA reports::trends::forum:


Page updated 23/02/2018 19:59:46
powered by Cumulus