NOAA-Style Climate Reports

Select a Year or Month report

Report for 2017 Jan
                   Monthly Climatological Summary for Jan 2017

Name: Kirby Muxloe Weather   City: Kirby Muxloe   State: England
Elevation: 97 m  Lat: N 52 37 32   Lon: W 001 13 39

                  Temperature (°C), Rain (mm), Wind Speed (mph)

                                      Heat  Cool        Avg
    Mean                              Deg   Deg         Wind                 Dom
Day Temp  High   Time   Low    Time   Days  Days  Rain  Speed High   Time    Dir
----------------------------------------------------------------------------------
01   4.6   7.4   00:02   1.3   22:29  13.7   0.0   6.6   3.1  20.6   11:45   NNW
02   1.5   5.5   13:27  -1.1   19:34  16.8   0.0   0.3   1.7  11.4   03:28   NNW
03   3.8   6.0   13:07  -0.4   00:32  14.5   0.0   0.3   3.5  17.4   22:28   WNW
04   4.7   7.2   10:18  -0.6   21:32  13.6   0.0   0.3   2.5  13.6   01:46    NW
05   0.0   7.8   13:36  -3.5   08:40  18.3   0.0   0.0   0.2   5.4   03:55   NNW
06   2.7   5.5   23:15  -1.7   00:06  15.6   0.0   0.9   2.6  13.6   12:53     S
07   8.2  10.1   13:25   5.5   00:00  10.1   0.0   0.6   0.8   6.9   06:44   WNW
08   8.1  11.8   13:07   5.9   06:12  10.2   0.0   0.0   0.5   6.9   13:15   SSW
09   6.5   9.0   14:10   3.2   18:59  11.8   0.0   2.4   3.2  19.7   12:30   SSW
10   6.5   9.4   13:50   2.9   01:13  11.8   0.0   0.0   3.1  14.5   09:30     W
11   7.7  11.4   06:06   4.7   21:11  10.6   0.0   0.3   6.5  34.2   13:30   WNW
12   3.4   5.7   10:53   0.3   22:34  14.9   0.0   3.0   3.1  15.9   00:10     W
13   2.2   6.1   13:19  -0.1   23:49  16.1   0.0   0.3   5.9  25.1   11:34    NW
14   2.2   5.3   13:34  -0.1   00:00  16.0   0.0   0.6   2.4  16.8   04:28   WNW
15   6.4   9.1   15:08   1.6   00:00  11.9   0.0   6.3   2.4  18.3   13:20   WNW
16   5.8   8.2   00:00   4.2   20:58  12.5   0.0   4.5   0.6   7.6   22:31   SSE
17   4.2   5.3   13:19   3.6   05:13  14.1   0.0   0.0   1.5   9.8   11:11     S
18   4.3   5.3   14:43   3.4   04:14  14.0   0.0   0.3   0.8   6.9   00:14     S
19   5.8   6.8   13:15   3.9   23:59  12.5   0.0   0.6   0.1   3.8   00:51     E
20   2.0   7.7   13:38  -1.9   08:25  16.3   0.0   0.3   0.4   9.8   14:19     E
21   1.3   3.6   15:33  -1.7   01:24  17.0   0.0   0.0   1.1  15.2   12:28     E
22   0.0   3.9   14:29  -4.2   07:07  18.3   0.0   0.0   0.4   8.3   13:14     S
23   3.1   6.2   12:31  -0.9   23:56  15.2   0.0   0.3   0.3   4.5   02:04   SSW
24   1.6   7.7   14:11  -3.3   07:47  16.7   0.0   0.0   1.0   8.3   19:31     S
25   2.2   5.7   12:17   0.4   09:18  16.1   0.0   0.3   2.7  12.1   12:02     S
26  -0.8   1.6   00:00  -2.4   21:46  19.1   0.0   0.0   2.4  11.4   05:22     S
27   0.6   6.5   13:23  -4.9   07:25  17.7   0.0   3.3   1.1  10.7   16:10   SSE
28   4.8   8.7   11:52   2.6   20:09  13.5   0.0   2.4   2.2  13.6   11:10     S
29   4.3   6.8   17:58   0.6   07:10  14.0   0.0   5.1   1.4  10.7   00:54     S
30   5.8   6.4   12:07   5.2   22:32  12.5   0.0   0.3   1.4  12.1   17:36   ESE
31   6.0   8.4   22:58   4.5   01:07  12.3   0.0   3.3   2.5  15.9   03:47     S
----------------------------------------------------------------------------------
     3.9  11.8     8    -4.9    27   447.7   0.0  42.6   2.0  34.2    11       W

Max >=  27.0  0
Max <=   0.0  0
Min <=   0.0 14
Min <= -18.0  0
Max Rain: 6.6 on day 1
Days of Rain: 23 (>= 0.2 mm)  9 (>= 2.0 mm)  0 (>= 20.0 mm)
Heat Base: 18.3  Cool Base: 18.3  Method: Integration
:now::gauges::today::yesterday::this month::this year::records::monthly records::top 10 records::NOAA reports::trends::forum:


Page updated 14/08/2018 10:13:09
powered by Cumulus