NOAA-Style Climate Reports

Select a Year or Month report
V/Λ2018 > Jan Feb Mar Apr May Jun Jul Aug Sep Oct Nov Dec
V/Λ2017 > Jan Feb Mar Apr May Jun Jul Aug Sep Oct Nov Dec
V/Λ2016 > Jan Feb Mar Apr May Jun Jul Aug Sep Oct Nov Dec

Report for 2016 Dec
                   Monthly Climatological Summary for Dec 2016

Name: Kirby Muxloe Weather   City: Kirby Muxloe   State: England
Elevation: 97 m  Lat: N 52 37 32   Lon: W 001 13 39

                  Temperature (°C), Rain (mm), Wind Speed (mph)

                                      Heat  Cool        Avg
    Mean                              Deg   Deg         Wind                 Dom
Day Temp  High   Time   Low    Time   Days  Days  Rain  Speed High   Time    Dir
----------------------------------------------------------------------------------
01   4.5   8.5   13:05  -1.2   01:52  13.8   0.0   0.0   1.5   9.2   12:33    NW
02   6.2   7.9   13:16   5.0   18:29  12.0   0.0   0.3   0.3   6.0   23:38     N
03   5.4   7.6   11:53   0.8   23:45  12.9   0.0   0.0   0.8   9.8   13:45     E
04   1.6   7.5   13:23  -2.3   23:57  16.7   0.0   0.3   0.8  13.6   12:42     E
05  -0.2   3.8   13:44  -3.0   01:09  18.3   0.0   0.0   0.1  57.0   18:44   NNE
06   4.4   8.8   23:42  -1.2   00:00  13.9   0.0   0.0   0.8  10.7   23:17     S
07  10.3  12.7   13:26   8.7   07:52   7.9   0.0   0.3   3.9  15.9   13:35     S
08  11.2  15.2   13:26   7.2   18:58   7.1   0.0   0.0   2.8  22.8   13:39   SSW
09  12.0  13.2   13:07  10.0   00:00   6.3   0.0   0.9   3.5  15.9   12:14     S
10   9.6  11.4   00:00   5.2   23:59   8.7   0.0   6.9   1.1  15.2   18:51    SW
11   5.7   8.1   13:59   3.2   23:52  12.6   0.0   0.0   0.6   6.0   19:11   WSW
12   5.5   9.5   20:55   0.4   07:24  12.8   0.0   0.6   0.6   6.0   15:54     S
13   8.7  11.6   21:39   3.0   07:25   9.6   0.0   0.9   1.8  13.6   21:12     S
14   9.4  15.3   13:23   3.6   23:39   8.9   0.0   0.3   1.6  10.7   00:32     S
15   7.9   9.8   13:18   2.3   00:40  10.4   0.0   0.3   1.4  10.7   16:54     S
16   7.4   8.5   13:21   5.0   21:07  10.9   0.0   0.0   0.5   5.4   00:28     S
17   6.8  12.0   13:17   5.1   02:47  11.5   0.0   0.0   0.3   4.5   20:07   SSW
18   5.4   7.9   01:07   1.7   23:35  12.9   0.0   0.3   0.4   7.6   00:40   WSW
19   4.9   7.4   14:00   1.3   03:20  13.4   0.0   0.3   0.2   6.9   23:17    SE
20   4.5   7.2   13:23   2.4   18:56  13.8   0.0   0.0   2.0  13.0   22:37     S
21   6.4   9.4   13:37   2.4   23:53  11.9   0.0   0.3   2.8  16.8   02:39     S
22   4.3   9.3   13:31   1.3   07:55  14.0   0.0   0.3   2.5  12.1   11:08     S
23   7.1  10.8   14:08   3.9   03:20  11.2   0.0   2.1   4.8  25.1   04:05   SSW
24   7.8  10.1   23:10   4.4   04:39  10.5   0.0   0.3   4.2  18.3   20:35    SW
25  11.5  14.1   13:33   7.6   23:42   6.8   0.0   1.2   5.0  20.6   13:16    SW
26   5.5   8.0   13:07   1.3   23:58  12.8   0.0   0.6   3.3  22.1   13:26   WNW
27   0.4   5.5   13:34  -3.0   21:44  17.9   0.0   0.0   0.4   6.0   01:19     S
28  -0.3   7.1   13:32  -4.4   08:32  18.6   0.0   0.3   0.4   6.9   13:39     S
29   0.4   6.5   13:31  -4.2   08:43  17.9   0.0   0.0   0.6   8.3   13:47   SSW
30   3.9   7.3   13:31  -0.3   05:24  14.4   0.0   0.3   1.0   9.2   22:24     S
31   7.1   9.0   12:35   5.1   00:54  11.2   0.0   0.0   1.8  12.1   22:03   SSW
----------------------------------------------------------------------------------
     6.0  15.3    14    -4.4    28   381.6   0.0  16.8   1.7  57.0     5     SSW

Max >=  27.0  0
Max <=   0.0  0
Min <=   0.0  8
Min <= -18.0  0
Max Rain: 6.9 on day 10
Days of Rain: 19 (>= 0.2 mm)  2 (>= 2.0 mm)  0 (>= 20.0 mm)
Heat Base: 18.3  Cool Base: 18.3  Method: Integration
:now::gauges::today::yesterday::this month::this year::records::monthly records::top 10 records::NOAA reports::trends::forum:


Page updated 23/02/2018 19:53:36
powered by Cumulus