NOAA-Style Climate Reports

Select a Year or Month report
V/Λ2018 > Jan Feb Mar Apr May Jun Jul Aug Sep Oct Nov Dec
V/Λ2017 > Jan Feb Mar Apr May Jun Jul Aug Sep Oct Nov Dec
V/Λ2016 > Jan Feb Mar Apr May Jun Jul Aug Sep Oct Nov Dec

Report for 2016 Nov
                   Monthly Climatological Summary for Nov 2016

Name: Kirby Muxloe Weather   City: Kirby Muxloe   State: England
Elevation: 97 m  Lat: N 52 37 32   Lon: W 001 13 39

                  Temperature (°C), Rain (mm), Wind Speed (mph)

                                      Heat  Cool        Avg
    Mean                              Deg   Deg         Wind                 Dom
Day Temp  High   Time   Low    Time   Days  Days  Rain  Speed High   Time    Dir
----------------------------------------------------------------------------------
01   6.8  10.2   14:21   0.0   23:30  11.5   0.0   0.3   0.7  13.6   11:24     N
02   4.0  11.6   14:00  -0.6   23:29  14.3   0.0   0.3   0.9   8.3   13:44    NW
03   5.5  10.3   14:11  -0.6   00:06  12.8   0.0   0.0   1.2   9.8   10:46     S
04   6.8  12.3   11:26   1.0   21:18  11.5   0.0   0.9   1.1  10.7   12:18    SW
05   5.1   9.5   12:37   1.3   00:00  13.2   0.0   0.3   3.5  26.6   11:53    NW
06   3.6   6.7   11:31   0.9   01:29  14.7   0.0   1.5   3.9  19.0   20:18   NNW
07   4.4   9.6   13:14  -1.1   23:47  13.9   0.0   0.3   2.7  23.5   01:39   NNW
08   2.0   5.1   12:40  -1.9   02:32  16.3   0.0   3.6   0.9   7.6   22:39     S
09   4.2   6.0   14:39   3.0   02:51  14.1   0.0   5.1   1.6  15.2   13:47   NNW
10   5.3  10.0   13:08   2.0   01:42  12.9   0.0   0.6   2.4  16.8   15:55    NW
11   5.6  11.9   13:36   2.0   02:45  12.7   0.0   0.0   1.4  15.2   23:55     S
12   8.4  10.6   15:09   6.1   00:00   9.9   0.0   9.3   3.0  16.8   04:46     S
13   7.5  11.3   12:57   3.9   06:49  10.8   0.0   0.9   1.1   9.2   13:07    NW
14  10.5  13.5   13:38   7.5   01:09   7.8   0.0   0.0   1.8   9.8   11:52   SSW
15  12.6  14.6   10:26  10.8   00:00   5.7   0.0   0.3   1.4   9.8   03:42   WSW
16   9.4  12.0   00:00   4.8   22:13   8.9   0.0   0.3   3.0  18.3   13:35   WSW
17   6.0  10.4   14:12   3.5   20:49  12.3   0.0   1.8   3.4  19.7   14:57   SSW
18   3.7   7.9   12:50   1.8   05:08  14.6   0.0   0.0   2.8  13.6   12:51   SSW
19   2.9   7.3   11:18  -0.9   06:58  15.4   0.0   1.2   1.4  12.1   09:35     S
20   4.4  17.7   00:56   0.5   20:25  13.9   0.0   8.4   2.7  19.0   08:58   NNW
21   6.1   9.1   16:31   3.6   03:16  12.2   0.0  23.7   2.0  13.6   09:27   NNE
22   6.5   8.0   02:26   5.0   18:55  11.8   0.0   3.3   0.9  11.4   09:43    SW
23   6.8   8.1   14:29   5.7   00:00  11.5   0.0   0.6   1.3  13.6   21:11     N
24   6.9   8.4   12:51   6.1   02:26  11.4   0.0   0.0   2.5  17.4   16:59   NNE
25   6.2  10.5   13:19   2.7   06:32  12.1   0.0   0.0   1.8  14.5   11:38     N
26   5.4   7.5   13:22   3.8   19:35  12.9   0.0   0.0   1.2   9.2   09:47     N
27   6.0   8.8   11:46   4.4   00:45  12.2   0.0   0.0   1.1   9.8   12:11     N
28   4.3  10.2   13:23  -2.9   23:28  14.0   0.0   0.0   0.9  12.1   13:51     E
29  -1.8   7.8   13:22  -5.8   07:27  20.1   0.0   0.0   0.1   4.5   13:23   SSW
30   0.0   8.3   13:24  -4.4   00:02  18.3   0.0   0.3   0.2   4.5   13:51   SSW
----------------------------------------------------------------------------------
     5.5  17.7    20    -5.8    29   383.7   0.0  63.0   1.8  26.6     5     WNW

Max >=  27.0  0
Max <=   0.0  0
Min <=   0.0  9
Min <= -18.0  0
Max Rain: 23.7 on day 21
Days of Rain: 20 (>= 0.2 mm)  6 (>= 2.0 mm)  1 (>= 20.0 mm)
Heat Base: 18.3  Cool Base: 18.3  Method: Integration
:now::gauges::today::yesterday::this month::this year::records::monthly records::top 10 records::NOAA reports::trends::forum:


Page updated 25/05/2018 01:55:09
powered by Cumulus