NOAA-Style Climate Reports

Select a Year or Month report

Report for 2016 Oct
                   Monthly Climatological Summary for Oct 2016

Name: Kirby Muxloe Weather   City: Kirby Muxloe   State: England
Elevation: 97 m  Lat: N 52 37 32   Lon: W 001 13 39

                  Temperature (°C), Rain (mm), Wind Speed (mph)

                                      Heat  Cool        Avg
    Mean                              Deg   Deg         Wind                 Dom
Day Temp  High   Time   Low    Time   Days  Days  Rain  Speed High   Time    Dir
----------------------------------------------------------------------------------
01   9.0  13.1   11:47   4.0   07:25   9.3   0.0  10.8   0.8   7.6   10:16    NE
02   9.9  18.3   14:52   4.0   23:59   8.4   0.0   0.3   1.3  10.7   01:48   NNW
03   9.2  20.2   14:55   1.4   05:28   9.2   0.1   0.0   0.9  10.7   17:57   ESE
04  13.1  20.4   14:59   5.7   00:30   5.4   0.2   0.0   2.6  19.0   16:19   ESE
05  13.1  18.3   14:20   9.1   22:39   5.2   0.0   0.0   4.0  23.5   11:35     E
06  11.4  17.4   15:15   6.0   06:47   6.9   0.0   0.0   1.8  20.6   12:43    NE
07  12.6  15.3   14:32  11.0   00:00   5.7   0.0   0.0   1.4  11.4   04:41   ENE
08  11.9  15.6   14:43   9.7   07:08   6.4   0.0   0.0   1.5  10.7   08:57     N
09   9.8  14.7   12:17   6.0   23:59   8.5   0.0   0.0   1.2  11.4   12:24     N
10   7.9  14.3   15:16   2.5   07:20  10.4   0.0   0.3   1.4  15.2   15:53     N
11   9.9  16.5   15:26   6.0   04:24   8.4   0.0   0.0   0.9   7.6   01:43     N
12  11.4  14.3   14:53   8.9   23:52   6.9   0.0   1.8   1.5  11.4   15:42     N
13   9.3  12.0   14:56   7.0   02:35   9.0   0.0   0.6   1.7  17.4   16:20     E
14  10.6  15.5   13:49   7.0   07:42   7.7   0.0   0.0   1.4  15.2   15:59     E
15  11.5  18.6   15:38   8.4   05:39   6.8   0.0   0.0   1.2   9.8   12:31   SSE
16  11.2  18.3   15:18   5.9   03:24   7.1   0.0   3.3   2.8  18.3   13:35     S
17  11.8  18.0   14:37   7.9   23:36   6.5   0.0   0.3   3.0  14.5   11:54     S
18  10.1  13.2   15:18   7.8   00:10   8.2   0.0   2.7   4.4  23.5   15:31   WNW
19  10.7  13.7   12:59   8.2   23:59   7.6   0.0   0.6   3.5  13.6   11:43    NW
20  10.5  16.1   14:59   7.4   23:57   7.8   0.0   0.0   2.0  13.0   14:11   NNW
21   8.5  12.7   13:14   4.5   07:43   9.8   0.0   0.3   0.8   8.3   11:07     N
22   8.7  13.5   14:40   5.0   01:09   9.5   0.0   0.0   1.1  11.4   12:20     N
23   8.4  14.0   14:56   5.0   02:25   9.9   0.0   0.3   1.6  14.5   10:32   NNE
24   9.0  12.7   13:33   6.5   01:07   9.3   0.0   0.0   1.1  12.1   16:36   NNE
25   8.6  13.7   13:15   2.8   05:16   9.7   0.0   0.0   0.5   6.9   14:00   SSE
26  11.4  16.7   16:06   6.6   23:55   6.9   0.0   0.3   1.5  12.1   13:12   SSW
27  11.1  16.2   14:09   5.0   03:32   7.1   0.0   0.0   2.0  13.0   15:27   SSW
28  13.4  15.6   14:22  12.0   05:41   4.9   0.0   0.0   1.2   7.6   03:37   SSW
29  13.3  15.4   13:37  12.1   07:10   5.0   0.0   0.0   0.6   6.9   15:50     S
30  11.9  13.8   13:44   9.6   23:59   6.7   0.0   0.0   0.4   6.9   12:35     S
31  10.9  20.4   14:30   5.9   23:54   7.5   0.1   0.0   0.2   4.5   05:36     S
----------------------------------------------------------------------------------
    10.6  20.4     4     1.4     3   237.7   0.4  21.6   1.6  23.5     5      NE

Max >=  27.0  0
Max <=   0.0  0
Min <=   0.0  0
Min <= -18.0  0
Max Rain: 10.8 on day 1
Days of Rain: 12 (>= 0.2 mm)  3 (>= 2.0 mm)  0 (>= 20.0 mm)
Heat Base: 18.3  Cool Base: 18.3  Method: Integration
:now::gauges::today::yesterday::this month::this year::records::monthly records::top 10 records::NOAA reports::trends::forum:


Page updated 17/10/2018 07:39:29
powered by Cumulus