NOAA-Style Climate Reports

Select a Year or Month report

Report for 2016 Sep
                   Monthly Climatological Summary for Sep 2016

Name: Kirby Muxloe Weather   City: Kirby Muxloe   State: England
Elevation: 97 m  Lat: N 52 37 32   Lon: W 001 13 39

                  Temperature (°C), Rain (mm), Wind Speed (mph)

                                      Heat  Cool        Avg
    Mean                              Deg   Deg         Wind                 Dom
Day Temp  High   Time   Low    Time   Days  Days  Rain  Speed High   Time    Dir
----------------------------------------------------------------------------------
01  17.4  24.3   14:26  10.5   06:38   2.2   1.3   0.3   1.6  13.0   16:10    SW
02  14.9  19.4   18:43  12.9   00:25   3.5   0.0   0.0   1.9  11.4   18:48     S
03  14.7  17.8   23:40  10.2   04:23   3.6   0.0   0.0   2.9  19.7   16:57     S
04  16.2  19.2   15:11  13.4   23:14   2.1   0.0   6.0   3.0  18.3   01:33   WNW
05  17.6  24.0   18:31  13.4   00:28   1.9   1.2   0.9   1.5   9.8   12:24     S
06  21.4  28.4   15:07  16.8   23:49   0.1   3.1   0.0   1.5  10.7   13:16     S
07  20.5  25.2   14:23  16.8   00:00   0.1   2.3   0.0   1.7  11.4   14:16     S
08  17.7  24.1   15:14  14.4   05:52   1.6   1.0   0.0   2.5  17.4   10:28     W
09  18.7  24.2   13:50  15.0   01:28   1.0   1.4   0.3   5.4  23.5   17:47     S
10  14.8  18.5   02:18  11.2   23:49   3.6   0.0  10.8   1.9  18.3   00:45     S
11  14.0  22.4   16:47   8.1   05:49   4.8   0.5   0.3   2.0  13.0   15:18     S
12  17.8  24.0   15:26  11.1   00:07   2.2   1.7   0.0   3.4  16.8   15:34     S
13  20.7  30.9   13:37  12.8   05:14   1.3   3.7   0.0   1.7  16.8   14:38     N
14  20.7  29.7   15:51  16.3   07:18   0.4   2.9   0.0   1.9  12.1   07:34     N
15  18.7  26.4   15:07  14.6   07:09   1.3   1.7   0.3   0.9   7.6   15:38     N
16  15.6  19.0   15:27  12.3   23:43   2.7   0.0   5.7   4.3  22.8   16:05    NW
17  13.5  15.9   15:23  12.0   00:55   4.8   0.0   0.3   2.3  13.6   12:32   NNW
18  14.8  22.6   14:54   8.3   04:38   4.1   0.6   0.0   0.6   6.0   13:15   WNW
19  14.3  16.3   13:00  12.6   00:00   4.0   0.0   4.5   0.7   8.3   15:36   NNW
20  13.7  20.5   15:12   8.5   23:56   4.6   0.1   0.0   0.5   8.3   12:51     N
21  15.1  21.6   15:23   7.9   00:53   3.5   0.4   0.0   1.4  10.7   16:17     S
22  14.8  21.7   16:26   7.1   23:52   3.8   0.3   0.0   1.7  10.7   01:08    SW
23  12.8  21.2   15:08   5.8   03:56   5.7   0.3   0.0   1.8  13.0   13:58     S
24  16.0  21.4   13:46  10.3   01:49   2.8   0.6   0.0   4.9  20.6   11:32     S
25  14.6  19.6   14:16   9.5   23:45   3.8   0.0   4.2   2.6  13.6   04:32   SSW
26  12.2  14.8   16:42   8.8   03:19   6.1   0.0   2.1   2.8  13.0   18:13     S
27  15.3  21.3   16:46  11.6   00:05   3.2   0.2   0.0   2.9  18.3   08:32     S
28  16.5  23.2   16:14  11.6   00:08   2.6   0.8   0.0   3.0  17.4   22:02   SSW
29  15.7  19.0   15:08  11.2   23:53   2.6   0.0   2.7   4.1  19.7   16:02     W
30  12.2  19.0   15:48   7.8   06:41   6.1   0.0   0.0   2.0  13.0   12:15   SSW
----------------------------------------------------------------------------------
    16.1  30.9    13     5.8    23    90.1  24.1  38.4   2.3  23.5     9     SSW

Max >=  27.0  3
Max <=   0.0  0
Min <=   0.0  0
Min <= -18.0  0
Max Rain: 10.8 on day 10
Days of Rain: 13 (>= 0.2 mm)  7 (>= 2.0 mm)  0 (>= 20.0 mm)
Heat Base: 18.3  Cool Base: 18.3  Method: Integration
:now::gauges::today::yesterday::this month::this year::records::monthly records::top 10 records::NOAA reports::trends::forum:


Page updated 19/12/2018 06:33:32
powered by Cumulus