NOAA-Style Climate Reports

Select a Year or Month report
V/Λ2018 > Jan Feb Mar Apr May Jun Jul Aug Sep Oct Nov Dec
V/Λ2017 > Jan Feb Mar Apr May Jun Jul Aug Sep Oct Nov Dec
V/Λ2016 > Jan Feb Mar Apr May Jun Jul Aug Sep Oct Nov Dec

Report for 2016 Aug
                   Monthly Climatological Summary for Aug 2016

Name: Kirby Muxloe Weather   City: Kirby Muxloe   State: England
Elevation: 97 m  Lat: N 52 37 32   Lon: W 001 13 39

                  Temperature (°C), Rain (mm), Wind Speed (mph)

                                      Heat  Cool        Avg
    Mean                              Deg   Deg         Wind                 Dom
Day Temp  High   Time   Low    Time   Days  Days  Rain  Speed High   Time    Dir
----------------------------------------------------------------------------------
01  14.6  22.4   13:52   7.6   05:34   4.1   0.4   1.8   1.8  13.6   14:59   SSW
02  17.9  22.4   12:31  13.6   00:00   1.6   1.1   1.8   1.3   9.8   17:47   SSE
03  19.3  24.3   14:06  16.3   23:16   0.4   1.4   0.3   3.8  22.8   15:59   SSW
04  17.3  21.6   11:47  13.8   23:56   1.7   0.6   0.9   3.3  17.4   10:16     W
05  17.1  24.3   15:48  11.1   05:34   2.6   1.3   0.3   2.1  13.0   12:40    NW
06  19.2  27.9   15:52  10.9   03:45   2.2   3.1   0.0   2.0  15.9   16:03   WSW
07  20.9  25.1   16:27  16.3   23:07   0.1   2.7   0.0   4.1  17.4   09:04   WSW
08  16.1  21.7   15:45  10.6   23:11   2.6   0.4   0.0   4.0  20.6   14:30    NW
09  13.5  20.0   15:07   8.5   05:46   4.9   0.1   0.0   3.3  19.7   17:42    NW
10  14.6  20.8   16:09   9.2   03:22   3.8   0.3   0.0   2.6  12.1   13:35    NW
11  16.2  20.8   14:26  12.8   03:42   2.4   0.4   2.4   2.9  15.9   14:45    NW
12  19.7  27.3   15:57  15.2   06:28   0.8   2.1   0.0   3.2  15.2   12:34   WNW
13  18.0  22.4   13:12  14.7   09:13   1.3   1.0   0.3   3.0  14.5   08:49   WNW
14  17.4  23.2   16:37  11.6   23:57   1.9   0.9   0.0   1.2   9.2   13:38    NW
15  17.6  28.4   15:53   7.8   06:24   3.5   2.8   0.0   1.6  14.5   19:39    SE
16  17.9  28.0   16:26   9.0   05:38   2.8   2.4   0.0   1.7  14.5   16:04   ESE
17  19.0  29.3   16:03   9.8   05:19   2.5   3.2   0.0   1.5  12.1   11:47   ESE
18  19.8  29.5   16:35  13.1   03:29   1.3   2.8   0.0   1.8  15.9   20:12     E
19  16.4  19.5   18:45  15.1   06:00   1.9   0.0   6.6   3.3  15.2   15:16   SSE
20  16.2  20.8   15:41  13.5   02:30   2.3   0.2   2.7   5.4  24.4   15:53     S
21  16.9  22.0   15:48  14.3   04:05   1.9   0.5   5.7   3.5  19.7   15:49     W
22  19.5  24.3   15:08  16.5   02:48   0.6   1.8   0.3   2.9  16.8   12:04   SSW
23  22.5  31.4   15:37  15.2   04:57   0.7   4.9   0.0   2.4  14.5   13:56     S
24  20.8  30.4   15:09  14.8   03:37   0.8   3.4   0.3   1.5  12.1   18:20   NNW
25  18.2  21.3   16:49  15.6   04:54   0.9   0.7   9.0   1.0  10.7   23:37     N
26  17.2  24.3   14:02  10.9   23:58   2.5   1.4   1.5   1.4  12.1   10:10   WNW
27  14.5  23.3   14:01   7.3   06:12   4.4   0.5  10.8   1.0  13.0   15:59   ENE
28  18.2  24.3   14:14  15.0   03:32   1.4   1.2   0.6   1.2  10.7   17:18   WNW
29  17.2  24.0   16:14  12.3   23:46   2.4   1.2   0.6   1.7  13.6   15:29    NW
30  18.1  28.4   16:17   9.9   05:52   2.9   2.7   0.0   1.3  12.1   15:07     S
31  17.3  25.2   15:15  11.3   06:00   2.4   1.4   0.0   2.1  15.9   16:53    SW
----------------------------------------------------------------------------------
    17.7  31.4    23     7.3    27    65.6  46.9  45.9   2.4  24.4    20     WSW

Max >=  27.0  9
Max <=   0.0  0
Min <=   0.0  0
Min <= -18.0  0
Max Rain: 10.8 on day 27
Days of Rain: 17 (>= 0.2 mm)  6 (>= 2.0 mm)  0 (>= 20.0 mm)
Heat Base: 18.3  Cool Base: 18.3  Method: Integration
:now::gauges::today::yesterday::this month::this year::records::monthly records::top 10 records::NOAA reports::trends::forum:


Page updated 25/05/2018 01:55:32
powered by Cumulus