NOAA-Style Climate Reports

Select a Year or Month report
V/Λ2018 > Jan Feb Mar Apr May Jun Jul Aug Sep Oct Nov Dec
V/Λ2017 > Jan Feb Mar Apr May Jun Jul Aug Sep Oct Nov Dec
V/Λ2016 > Jan Feb Mar Apr May Jun Jul Aug Sep Oct Nov Dec

Report for 2016 Jul
                   Monthly Climatological Summary for Jul 2016

Name: Kirby Muxloe Weather   City: Kirby Muxloe   State: England
Elevation: 97 m  Lat: N 52 37 32   Lon: W 001 13 39

                  Temperature (°C), Rain (mm), Wind Speed (mph)

                                      Heat  Cool        Avg
    Mean                              Deg   Deg         Wind                 Dom
Day Temp  High   Time   Low    Time   Days  Days  Rain  Speed High   Time    Dir
----------------------------------------------------------------------------------
01  15.4  21.1   13:58  10.6   23:56   3.1   0.2   0.9   3.0  22.8   18:16   WSW
02  14.2  20.6   16:24   8.7   05:08   4.4   0.2   0.3   3.3  16.8   15:21   WNW
03  16.0  24.9   16:42   8.8   03:29   3.4   1.1   0.0   1.5  10.7   20:27   WNW
04  16.7  23.6   13:34   8.7   05:07   2.6   1.0   0.0   2.5  17.4   20:04     S
05  16.1  20.5   17:14  10.8   23:57   2.4   0.1   0.0   4.5  18.3   09:29    NW
06  15.2  22.2   16:52   8.1   04:28   3.7   0.7   0.0   1.8   9.8   12:08   WNW
07  17.0  20.9   14:56  13.6   03:43   1.8   0.6   0.0   2.2  13.6   10:41     S
08  18.1  23.0   14:56  14.4   23:13   1.6   1.3   2.1   3.6  22.1   15:18     W
09  18.4  23.6   16:03  14.5   04:01   1.4   1.5  14.1   3.4  21.3   14:03     S
10  19.8  24.1   14:48  15.9   23:27   0.5   1.9   0.3   4.2  20.6   17:30   SSW
11  17.5  22.5   14:47  12.6   23:59   1.5   0.7   0.0   4.1  19.0   05:37   WSW
12  13.5  17.2   12:11  11.5   04:11   4.8   0.0   3.6   1.5  13.0   15:27    NW
13  13.3  20.4   16:51   8.3   05:28   5.1   0.1   3.6   2.8  19.7   12:59    NW
14  15.4  23.0   17:12   8.8   05:21   3.7   0.8   0.0   2.7  16.8   09:16    NW
15  15.5  20.9   18:58   9.1   02:56   3.2   0.4   0.0   1.7  13.0   16:04   SSW
16  19.2  25.1   14:21  16.0   03:37   0.7   1.6   3.0   2.3  13.0   15:44    SW
17  21.0  27.9   15:41  15.2   23:53   0.7   3.3   0.0   2.2  13.6   16:12    NW
18  21.8  32.4   16:39  11.6   03:56   1.7   5.2   0.0   1.0   9.2   10:21   WNW
19  25.1  35.7   16:33  14.3   05:31   0.7   7.5   0.0   1.7  13.6   17:52   SSE
20  24.1  30.6   16:50  19.1   23:51   0.0   5.8   0.0   3.2  16.8   12:40   WNW
21  19.8  25.9   14:57  14.6   05:31   0.7   2.2   0.3   1.8   9.2   03:21   WNW
22  21.7  29.6   15:27  16.4   05:33   0.4   3.9   0.6   0.8   9.2   12:41     S
23  21.6  29.1   17:54  15.6   05:30   0.6   4.0   0.0   1.3   9.2   11:35   WNW
24  19.4  24.0   14:46  14.0   05:49   0.9   2.0   0.0   2.1  14.5   12:17   SSW
25  17.2  22.6   15:45  12.0   23:57   1.9   0.8   0.0   2.1  14.5   13:48   WNW
26  17.2  22.7   15:34  11.3   01:21   2.2   1.1   0.0   1.7  11.4   16:46    SW
27  18.3  23.1   18:17  13.3   23:54   1.1   1.1   2.4   3.1  13.6   00:51   WNW
28  16.4  22.8   19:07  11.6   05:09   2.5   0.5   3.6   1.5  12.1   11:30     S
29  17.4  21.9   14:01  13.1   05:07   1.6   0.7   0.0   1.8  12.1   16:22   WNW
30  16.3  22.5   18:28  11.1   05:22   2.8   0.8   0.0   2.5  13.6   14:39    NW
31  14.4  20.1   12:26   8.0   04:40   4.1   0.1   0.0   1.6  11.4   10:15    NW
----------------------------------------------------------------------------------
    17.8  35.7    19     8.0    31    65.8  51.2  34.8   2.4  22.8     1       W

Max >=  27.0  6
Max <=   0.0  0
Min <=   0.0  0
Min <= -18.0  0
Max Rain: 14.1 on day 9
Days of Rain: 12 (>= 0.2 mm)  7 (>= 2.0 mm)  0 (>= 20.0 mm)
Heat Base: 18.3  Cool Base: 18.3  Method: Integration
:now::gauges::today::yesterday::this month::this year::records::monthly records::top 10 records::NOAA reports::trends::forum:


Page updated 25/05/2018 01:57:06
powered by Cumulus