NOAA-Style Climate Reports

Select a Year or Month report

Report for 2016 Jun
                   Monthly Climatological Summary for Jun 2016

Name: Kirby Muxloe Weather   City: Kirby Muxloe   State: England
Elevation: 97 m  Lat: N 52 37 32   Lon: W 001 13 39

                  Temperature (°C), Rain (mm), Wind Speed (mph)

                                      Heat  Cool        Avg
    Mean                              Deg   Deg         Wind                 Dom
Day Temp  High   Time   Low    Time   Days  Days  Rain  Speed High   Time    Dir
----------------------------------------------------------------------------------
01  11.4  13.1   15:59  10.1   23:21   6.9   0.0   1.2   4.1  17.4   10:17     N
02  10.6  14.7   13:09   5.9   23:14   7.7   0.0   0.0   3.4  21.3   06:26     N
03  11.6  16.9   15:54   7.3   00:00   6.7   0.0   0.0   1.5   9.8   04:01     N
04  16.3  21.1   14:10  12.9   05:19   2.6   0.6   0.0   1.3  12.1   16:21     N
05  16.7  25.9   15:48  10.2   05:22   3.6   2.0   0.0   1.8  13.0   13:30    NE
06  18.7  29.1   15:54   9.1   04:46   3.0   3.4   0.0   1.4  11.4   16:46   ESE
07  19.5  27.4   17:55  10.1   05:15   2.0   3.2   0.0   1.0  15.2   20:26     S
08  19.9  28.0   15:41  13.9   23:31   1.1   2.8   0.0   1.5  12.1   13:57   NNE
09  18.2  27.7   16:15  10.6   05:07   2.6   2.5   0.0   1.3   9.2   03:37   SSE
10  18.6  25.1   15:35  14.8   04:30   1.2   1.5   1.8   1.0  10.7   14:20   SSW
11  17.3  20.6   16:36  14.6   02:18   1.3   0.3   9.9   1.3  14.5   13:25     S
12  16.3  20.2   17:20  14.0   04:35   2.1   0.1   2.4   1.3   8.3   10:25   SSW
13  15.5  17.9   17:20  14.0   05:17   2.8   0.0   3.6   1.9  14.5   14:13    NW
14  15.4  20.4   13:43  13.1   23:59   3.0   0.1   6.9   0.9  10.7   14:48     S
15  14.9  24.2   15:41  12.3   23:42   3.6   0.2   3.6   0.7   9.2   16:48   NNW
16  14.8  22.0   16:45  12.2   00:12   3.7   0.2   6.6   1.2   9.8   16:53   NNE
17  15.0  21.8   15:55  11.7   00:58   3.7   0.3   0.9   1.9  12.1   18:05   NNW
18  14.8  21.3   19:38  11.9   03:18   3.6   0.1   0.3   1.5   9.8   08:49   NNW
19  16.0  20.9   13:40  11.4   05:45   2.5   0.3   2.4   2.6  15.2   18:18     S
20  17.2  21.9   18:30  14.0   23:30   1.7   0.6   7.8   2.9  16.8   14:48   WSW
21  17.4  22.8   17:09  11.8   05:22   2.0   1.1   0.0   1.5  10.7   13:35    SW
22  17.7  23.0   17:15  12.9   04:28   1.5   0.9   0.0   2.2  10.7   11:19     S
23  18.9  23.2   14:46  14.6   23:57   0.7   1.3   0.6   0.9  12.1   23:18    NW
24  15.9  22.6   12:43   9.5   04:21   3.0   0.6   2.4   2.0  15.2   12:48   SSW
25  14.4  21.9   14:14   9.5   04:54   4.1   0.2   9.0   1.3  14.5   12:17    NW
26  14.7  21.5   14:49  11.6   04:51   3.8   0.2   2.4   3.5  15.9   09:20   WNW
27  15.6  19.9   17:16  12.8   23:58   2.7   0.1   0.9   3.3  14.5   12:02    NW
28  13.5  19.5   11:31   8.0   03:38   4.9   0.1   3.3   1.5  10.7   09:57     S
29  12.9  17.2   18:59   9.3   05:23   5.3   0.0   5.7   3.4  20.6   13:43     S
30  15.5  22.0   14:28  10.7   04:38   3.1   0.3   0.6   2.2  15.2   23:13   SSW
----------------------------------------------------------------------------------
    15.8  29.1     6     5.9     2    96.5  23.0  72.3   1.9  21.3     2       W

Max >=  27.0  4
Max <=   0.0  0
Min <=   0.0  0
Min <= -18.0  0
Max Rain: 9.9 on day 11
Days of Rain: 20 (>= 0.2 mm)  13 (>= 2.0 mm)  0 (>= 20.0 mm)
Heat Base: 18.3  Cool Base: 18.3  Method: Integration
:now::gauges::today::yesterday::this month::this year::records::monthly records::top 10 records::NOAA reports::trends::forum:


Page updated 19/12/2018 06:33:15
powered by Cumulus