NOAA-Style Climate Reports

Select a Year or Month report
V/Λ2018 > Jan Feb Mar Apr May Jun Jul Aug Sep Oct Nov Dec
V/Λ2017 > Jan Feb Mar Apr May Jun Jul Aug Sep Oct Nov Dec
V/Λ2016 > Jan Feb Mar Apr May Jun Jul Aug Sep Oct Nov Dec

Report for 2016 May
                   Monthly Climatological Summary for May 2016

Name: Kirby Muxloe Weather   City: Kirby Muxloe   State: England
Elevation: 97 m  Lat: N 52 37 32   Lon: W 001 13 39

                  Temperature (°C), Rain (mm), Wind Speed (mph)

                                      Heat  Cool        Avg
    Mean                              Deg   Deg         Wind                 Dom
Day Temp  High   Time   Low    Time   Days  Days  Rain  Speed High   Time    Dir
----------------------------------------------------------------------------------
01   8.4  15.3   14:22   0.2   02:15   9.9   0.0   0.3   3.2  17.4   10:50     S
02  11.7  16.6   11:54   5.3   23:52   6.6   0.0   2.7   4.4  20.6   19:51    SW
03   9.0  15.5   16:12   4.0   05:13   9.3   0.0   0.0   2.8  16.8   09:52    NW
04  11.2  20.4   16:22   0.3   05:26   7.4   0.2   0.0   2.8  17.4   12:04     S
05  14.1  23.4   16:32   3.0   06:12   5.4   1.1   0.0   2.3  13.0   14:21     S
06  14.2  23.8   15:46   3.5   05:29   5.3   1.2   0.0   1.2  11.4   12:32     E
07  14.8  24.9   15:07   8.5   05:27   4.4   0.9   4.8   1.5  10.7   10:41   NNE
08  19.2  28.6   14:59   9.4   05:47   2.7   3.7   0.3   2.4  19.0   14:51   ESE
09  19.0  27.7   15:59  11.9   05:52   1.8   2.5   0.6   2.9  22.1   17:10     E
10  14.1  17.0   14:21  11.9   06:32   4.2   0.0   9.6   1.9  15.9   15:41   NNE
11  14.0  17.7   16:21  11.3   05:08   4.3   0.0   4.5   2.0  11.4   12:24     N
12  15.6  23.3   15:28  10.2   05:20   3.8   1.1   0.0   3.9  15.9   07:26     N
13  11.1  16.9   12:56   7.9   23:37   7.2   0.0   0.0   3.6  19.7   12:42     N
14  10.1  16.1   15:32   3.5   05:33   8.2   0.0   0.0   1.7  11.4   11:11     N
15  10.7  18.1   18:05   1.8   05:25   7.6   0.0   0.0   2.1  14.5   10:08    NW
16  11.3  19.2   18:31   3.9   05:36   7.0   0.0   0.0   2.2  14.5   15:54    NW
17  12.9  20.2   13:25   4.3   04:53   5.7   0.2   0.0   2.4  15.2   18:22   SSW
18  11.8  14.2   16:02  10.3   23:34   6.5   0.0   5.1   3.1  14.5   01:10   SSW
19  13.2  19.7   14:29   8.3   04:46   5.1   0.0   1.2   2.8  16.8   15:54    SW
20  14.9  20.3   14:27  11.6   05:08   3.5   0.1   0.0   3.0  14.5   17:45   SSW
21  13.8  17.4   14:06  11.8   00:26   4.5   0.0   1.5   5.2  20.6   10:19     S
22  13.5  20.1   13:45   8.7   05:20   4.9   0.1   0.0   1.8  15.2   16:47   WNW
23  12.4  20.2   16:48   6.4   05:07   6.0   0.1   2.4   2.8  13.6   11:22    NW
24  11.6  18.3   14:29   5.0   05:10   6.7   0.0   0.3   1.7  15.2   17:28     N
25   9.5  11.9   16:00   7.5   00:00   8.8   0.0   0.0   1.9  11.4   09:08     N
26  11.9  19.2   19:08   6.7   23:58   6.4   0.0   0.0   0.8   7.6   09:55     W
27  13.2  21.6   15:31   4.0   04:48   5.6   0.4   0.0   1.4  13.0   19:43     E
28  14.1  21.0   14:43   6.8   05:33   4.6   0.4   0.0   1.2  11.4   17:24   NNE
29  13.1  20.9   17:37   7.8   03:22   5.4   0.2   0.0   2.1  13.0   18:51     N
30  13.7  19.2   14:58  10.5   06:50   4.6   0.0   0.0   3.9  18.3   17:41     N
31  11.4  12.7   00:00   9.8   04:59   6.9   0.0   2.1   4.8  22.1   13:48   NNW
----------------------------------------------------------------------------------
    12.9  28.6     8     0.2     1   180.3  12.2  35.4   2.6  22.1     9      NW

Max >=  27.0  2
Max <=   0.0  0
Min <=   0.0  0
Min <= -18.0  0
Max Rain: 9.6 on day 10
Days of Rain: 13 (>= 0.2 mm)  7 (>= 2.0 mm)  0 (>= 20.0 mm)
Heat Base: 18.3  Cool Base: 18.3  Method: Integration
:now::gauges::today::yesterday::this month::this year::records::monthly records::top 10 records::NOAA reports::trends::forum:


Page updated 23/02/2018 19:57:56
powered by Cumulus