NOAA-Style Climate Reports

Select a Year or Month report

Report for 2016 Apr
                   Monthly Climatological Summary for Apr 2016

Name: Kirby Muxloe Weather   City: Kirby Muxloe   State: England
Elevation: 97 m  Lat: N 52 37 32   Lon: W 001 13 39

                  Temperature (°C), Rain (mm), Wind Speed (mph)

                                      Heat  Cool        Avg
    Mean                              Deg   Deg         Wind                 Dom
Day Temp  High   Time   Low    Time   Days  Days  Rain  Speed High   Time    Dir
----------------------------------------------------------------------------------
01   7.4  12.1   13:34   0.5   02:59  10.9   0.0   0.0   4.1  22.1   12:40     S
02  10.6  18.7   16:17   6.9   05:47   7.7   0.0   3.3   3.1  18.3   20:32     S
03  10.4  16.9   13:51   5.9   02:31   7.9   0.0   1.2   2.0  16.8   21:51   SSE
04  10.1  15.8   15:15   5.0   23:44   8.2   0.0   0.6   2.0  14.5   16:42     S
05   8.4  14.7   14:35   3.6   23:46   9.9   0.0   0.0   2.3  17.4   14:18    NW
06   7.3  11.8   14:55   4.0   00:00  11.0   0.0   2.1   5.0  29.8   17:41     W
07   7.0  12.9   14:00   4.2   00:00  11.3   0.0   3.0   3.9  25.1   15:44    NW
08   8.6  15.5   12:02   4.7   00:20   9.7   0.0   0.6   1.9  10.7   17:20   SSW
09   7.4  13.8   12:48   2.1   23:37  10.9   0.0   1.5   2.4  14.5   01:42    SW
10   6.6  14.3   13:36  -2.1   06:03  11.7   0.0   0.3   3.1  22.1   16:41   ESE
11  11.0  18.1   14:14   7.2   00:17   7.3   0.0   6.3   2.2  22.8   12:21     E
12   9.8  15.0   17:09   7.1   03:49   8.5   0.0   0.0   1.4   9.2   10:40   WSW
13  10.3  19.0   15:22   1.6   06:18   8.0   0.0   0.3   0.9  11.4   16:36    NW
14  10.4  16.3   16:19   7.3   06:35   7.9   0.0   0.0   1.6  13.0   18:41     N
15   7.3   8.8   12:46   3.8   23:32  11.0   0.0   6.3   1.6  13.0   21:38     N
16   4.9  10.8   14:37   0.7   22:46  13.4   0.0   2.1   2.6  18.3   09:51   NNW
17   6.1  15.2   16:49  -0.8   06:24  12.2   0.0   0.3   1.5  13.0   15:29    NW
18   7.6  12.4   15:07   0.8   05:26  10.7   0.0   0.0   2.3  16.8   13:36   WNW
19  10.6  18.5   15:59   2.7   06:21   7.7   0.0   0.0   1.7  11.4   20:10    NE
20   9.4  19.3   16:15  -0.3   06:03   8.9   0.0   0.3   1.8  13.0   10:58   ESE
21   9.7  18.7   15:44   2.5   03:55   8.6   0.0   0.0   1.8  15.2   18:13    NE
22   8.6  12.8   15:15   4.8   23:55   9.7   0.0   0.0   2.3  14.5   15:13     N
23   6.8  12.1   13:24   1.3   05:37  11.5   0.0   0.0   2.6  14.5   13:12   NNW
24   6.5  10.1   11:57   2.2   06:11  11.8   0.0   1.5   2.8  15.9   10:05    NW
25   6.1  12.0   14:20   0.8   23:41  12.2   0.0   3.3   2.4  21.3   13:28    NW
26   3.9  10.9   15:14   0.3   05:29  14.4   0.0   0.6   4.2  24.4   16:05    NW
27   4.6  11.0   15:53  -0.7   05:15  13.7   0.0   0.9   1.6  22.1   17:31    NW
28   4.7  11.2   11:38  -1.2   05:17  13.6   0.0   4.2   2.7  22.1   18:47    SW
29   5.7  10.9   13:59   1.3   04:48  12.6   0.0   0.3   4.7  22.1   14:23   WNW
30   5.7  12.3   14:45   1.1   04:16  12.6   0.0   0.6   2.3  18.3   12:33    NW
----------------------------------------------------------------------------------
     7.8  19.3    20    -2.1    10   315.5   0.0  39.6   2.5  29.8     6     WNW

Max >=  27.0  0
Max <=   0.0  0
Min <=   0.0  5
Min <= -18.0  0
Max Rain: 6.3 on day 11
Days of Rain: 21 (>= 0.2 mm)  8 (>= 2.0 mm)  0 (>= 20.0 mm)
Heat Base: 18.3  Cool Base: 18.3  Method: Integration
:now::gauges::today::yesterday::this month::this year::records::monthly records::top 10 records::NOAA reports::trends::forum:


Page updated 19/12/2018 06:33:06
powered by Cumulus