NOAA-Style Climate Reports

Select a Year or Month report

Report for 2016 Feb
                   Monthly Climatological Summary for Feb 2016

Name: Kirby Muxloe Weather   City: Kirby Muxloe   State: England
Elevation: 97 m  Lat: N 52 37 32   Lon: W 001 13 39

                  Temperature (°C), Rain (mm), Wind Speed (mph)

                                      Heat  Cool        Avg
    Mean                              Deg   Deg         Wind                 Dom
Day Temp  High   Time   Low    Time   Days  Days  Rain  Speed High   Time    Dir
----------------------------------------------------------------------------------
01  11.5  15.8   12:59   7.5   23:59   6.8   0.0   0.0   6.2  25.9   19:53   WSW
02   6.6  10.0   13:07   2.6   23:45  11.7   0.0   0.3   4.9  26.6   08:07     W
03   4.4   9.7   13:17   1.5   02:53  13.9   0.0   0.0   3.8  21.3   14:10   WNW
04   8.7  12.6   13:39   3.5   00:15   9.5   0.0   2.4   3.7  17.4   09:38     W
05   9.3  11.7   13:07   7.9   02:10   9.0   0.0   1.8   4.9  21.3   17:44   SSW
06   8.6  10.8   13:16   5.6   22:57   9.7   0.0  26.1   6.6  30.4   14:13     S
07   5.9  10.0   12:44   3.6   05:45  12.4   0.0   8.4   5.8  23.5   19:54     S
08   6.6   8.6   13:07   4.9   23:50  11.7   0.0   2.4   6.7  27.3   19:10    SW
09   4.2   9.3   14:36   1.8   08:43  14.1   0.0   0.0   3.7  18.3   13:10    SW
10   4.6  10.8   13:26  -1.3   23:51  13.7   0.0   0.3   2.9  18.3   15:35    NW
11   2.4  14.2   13:39  -2.0   05:39  15.9   0.0   0.0   0.7   9.8   13:51     S
12   3.2  12.1   14:47  -2.0   04:51  15.1   0.0   0.6   1.1  11.4   13:31   ESE
13   3.1   5.6   12:18   0.6   04:55  15.2   0.0   0.0   2.1  17.4   11:45   ENE
14   2.8   9.1   14:02   0.5   21:17  15.5   0.0   0.0   2.7  14.5   11:17     N
15   2.4   8.7   14:14  -2.3   23:55  15.9   0.0   0.0   3.0  17.4   11:11   NNW
16   2.1   8.9   12:44  -4.6   04:58  16.2   0.0   0.0   3.9  20.6   15:24     S
17   4.1   4.6   15:09   3.0   23:44  14.2   0.0   8.7   4.1  19.7   02:23     S
18   3.5  10.6   14:37  -0.7   22:07  14.8   0.0   0.3   1.5  12.1   13:31    NW
19   4.8  10.1   12:07  -1.9   02:15  13.5   0.0   0.6   4.1  20.6   17:53     S
20  10.1  12.8   20:48   7.6   06:48   8.2   0.0   0.0   5.0  23.5   20:37     W
21  12.5  16.8   14:28   9.3   23:59   5.8   0.0   1.5   6.0  27.3   16:21    SW
22   6.1  11.0   14:23   2.2   19:31  12.2   0.0   0.3   3.3  17.4   12:50    NW
23   4.1  12.6   15:27  -2.4   23:58  14.2   0.0   0.0   1.6  11.4   12:40    NW
24   1.9  12.1   15:10  -4.7   06:30  16.4   0.0   0.0   0.8   9.8   15:22    NW
25   3.4  10.3   14:06  -0.5   07:34  14.9   0.0   0.0   1.5  13.0   12:04    NW
26   4.4  10.4   14:44   1.8   06:54  13.9   0.0   0.0   1.6  13.0   13:38   SSE
27   3.9   9.0   12:38   1.3   05:44  14.4   0.0   0.0   1.5  14.5   15:43   NNE
28   2.9  10.3   14:59  -3.1   23:52  15.4   0.0   0.0   1.4  13.0   15:10     N
29   2.5   9.7   12:27  -4.4   06:51  15.8   0.0   1.8   1.7  15.2   21:53     S
----------------------------------------------------------------------------------
     5.2  16.8    21    -4.7    24   380.0   0.0  55.5   3.3  30.4     6     WSW

Max >=  27.0  0
Max <=   0.0  0
Min <=   0.0 12
Min <= -18.0  0
Max Rain: 26.1 on day 6
Days of Rain: 14 (>= 0.2 mm)  5 (>= 2.0 mm)  1 (>= 20.0 mm)
Heat Base: 18.3  Cool Base: 18.3  Method: Integration
:now::gauges::today::yesterday::this month::this year::records::monthly records::top 10 records::NOAA reports::trends::forum:


Page updated 17/10/2018 07:39:04
powered by Cumulus