NOAA-Style Climate Reports

Select a Year or Month report
V/Λ2018 > Jan Feb Mar Apr May Jun Jul Aug Sep Oct Nov Dec
V/Λ2017 > Jan Feb Mar Apr May Jun Jul Aug Sep Oct Nov Dec
V/Λ2016 > Jan Feb Mar Apr May Jun Jul Aug Sep Oct Nov Dec

Report for 2016 Jan
                   Monthly Climatological Summary for Jan 2016

Name: Kirby Muxloe Weather   City: Kirby Muxloe   State: England
Elevation: 97 m  Lat: N 52 37 32   Lon: W 001 13 39

                  Temperature (°C), Rain (mm), Wind Speed (mph)

                                      Heat  Cool        Avg
    Mean                              Deg   Deg         Wind                 Dom
Day Temp  High   Time   Low    Time   Days  Days  Rain  Speed High   Time    Dir
----------------------------------------------------------------------------------
01   4.2   9.9   17:57   0.0   05:25  14.0   0.0   2.1   2.5  22.1   21:17    SE
02   8.8  10.6   13:24   6.9   00:00   9.4   0.0   0.3   3.3  19.7   04:15    SE
03   7.0   8.6   03:22   4.7   23:13  11.3   0.0   7.2   2.8  21.3   13:41     S
04   6.5   8.4   13:36   4.5   00:41  11.8   0.0   1.2   1.7   8.3   12:17     S
05   7.4   8.4   13:26   6.0   22:34  10.9   0.0   0.6   0.7   6.9   10:29     S
06   6.7  10.5   13:22   5.6   02:01  11.5   0.0   0.0   1.0   9.8   22:00     S
07   5.7   8.2   10:22   2.6   23:57  12.6   0.0   8.1   4.4  32.0   12:03     W
08   4.5   9.4   19:45   1.6   02:18  13.8   0.0   0.0   2.9  15.9   11:39     S
09   7.3   9.6   12:39   4.2   00:14  11.0   0.0   3.3   4.2  22.1   19:44     S
10   4.7   8.1   13:43   2.5   20:15  13.6   0.0   0.0   4.4  25.9   03:39   SSW
11   4.5   9.0   16:48   2.5   19:43  13.8   0.0   5.1   1.4  12.1   12:43   WNW
12   4.9   7.7   14:11   3.3   21:53  13.4   0.0   2.1   5.0  20.6   14:10    NW
13   3.8   6.9   13:16   1.9   07:13  14.2   0.0   2.1   3.5  15.9   19:40   WSW
14   2.4   3.9   12:15   0.7   23:21  15.9   0.0   2.1   5.9  23.5   11:38    NW
15   1.8   6.2   13:43   0.0   08:35  16.5   0.0   0.3   3.7  18.3   13:17    NW
16   0.8   5.4   13:43  -2.1   07:38  17.5   0.0   0.3   1.0   7.6   00:12    NW
17   1.9   6.2   13:56   0.5   04:40  16.4   0.0   5.1   0.7   7.6   13:51     S
18   2.3   5.0   12:57  -1.3   23:42  16.0   0.0   0.3   1.5  13.6   10:48   SSE
19   0.9   7.3   13:41  -3.2   05:41  17.4   0.0   0.3   0.1   3.1   14:30    SW
20   1.8   8.7   13:50  -3.9   23:20  16.6   0.0   3.0   0.2   3.1   08:37    SW
21   1.9   6.0   14:17  -3.6   00:00  16.4   0.0   0.0   2.1  15.2   19:36     S
22   7.1  11.4   15:16   5.1   00:00  11.2   0.0   2.4   4.1  16.8   06:30     S
23   7.3  10.1   12:06   4.8   07:26  11.0   0.0   0.6   3.9  16.8   19:32     S
24  12.2  14.3   13:17   8.5   00:00   6.1   0.0   0.0   3.9  15.2   00:27     S
25  10.8  13.7   15:54   6.3   23:42   7.5   0.0   0.0   5.1  21.3   10:22     S
26   9.5  12.5   23:57   5.6   03:52   8.7   0.0   0.0   7.2  28.2   13:26     S
27  10.9  14.2   11:07   3.6   23:54   7.4   0.0   1.8   5.9  24.4   09:17    SW
28   5.6  10.4   11:57   0.8   07:09  12.7   0.0   0.3   4.6  22.8   17:15   SSW
29  10.8  14.2   13:07   8.7   00:00   7.5   0.0   9.9   6.2  24.4   02:08   SSW
30   5.5   9.1   00:00   2.0   23:20  12.8   0.0   2.4   4.3  21.3   14:29     W
31   8.0  13.6   20:05   1.9   00:30  10.3   0.0   3.0   3.8  19.0   20:00    SW
----------------------------------------------------------------------------------
     5.7  14.3    24    -3.9    20   389.2   0.0  63.9   3.3  32.0     7     SSW

Max >=  27.0  0
Max <=   0.0  0
Min <=   0.0  7
Min <= -18.0  0
Max Rain: 9.9 on day 29
Days of Rain: 24 (>= 0.2 mm)  14 (>= 2.0 mm)  0 (>= 20.0 mm)
Heat Base: 18.3  Cool Base: 18.3  Method: Integration
:now::gauges::today::yesterday::this month::this year::records::monthly records::top 10 records::NOAA reports::trends::forum:


Page updated 25/05/2018 01:53:57
powered by Cumulus