Desford Weather Climate Reports

Select a Year or Month report

Report for 2020 Sep
                   Monthly Climatological Summary for Sep 2020

Name: Desford Weather   City: Leicester   State: England
Elevation: 134 m  Lat: N 52° 37' 26"   Lon: W 001° 18' 24"

                  Temperature (°C), Rain (mm), Wind Speed (mph)

                                      Heat  Cool        Avg
    Mean                              Deg   Deg         Wind                 Dom
Day Temp  High   Time   Low    Time   Days  Days  Rain  Speed High   Time    Dir
----------------------------------------------------------------------------------
01  14.5  21.2   13:14   7.4   01:44   4.2   0.4   0.0   1.1   9.8   14:17     S
02  14.4  19.3   11:30   9.4   05:07   3.9   0.0   3.3   3.9  17.4   12:20    SW
03  17.3  21.6   15:07  13.5   00:00   1.4   0.4   1.8   6.7  21.3   14:04     W
04  13.7  17.9   12:11  11.0   06:08   4.6   0.0   0.0   4.6  18.3   11:16     W
05  13.0  17.8   17:04   8.3   06:32   5.2   0.0   0.0   4.4  20.6   10:42   WNW
06  13.9  20.6   15:58   9.5   06:52   4.5   0.1   0.0   2.8  12.1   11:01     W
07  14.2  18.1   17:40  10.1   02:01   4.1   0.0   0.0   4.7  19.0   12:11   WSW
08  19.2  24.4   16:07  15.7   02:29   0.8   1.8   0.0   5.3  19.0   12:04   WSW
09  16.3  20.0   14:26  11.1   23:59   2.2   0.2   0.0   5.5  19.7   17:11   WNW
10  12.3  16.4   14:51   8.4   04:01   6.0   0.0   0.0   1.7  12.1   12:24   WSW
11  13.6  17.8   17:12   9.5   05:55   4.7   0.0   0.0   5.6  24.4   14:44   WSW
12  15.7  20.0   16:02  12.6   00:00   2.8   0.2   0.0   6.6  20.6   13:03   WSW
13  17.6  24.2   16:30  13.0   05:51   2.1   1.5   0.0   5.6  20.6   02:39   WSW
14  19.3  27.4   15:22  11.5   06:35   1.9   2.9   0.0   1.1   8.3   12:33     S
15  20.9  30.2   15:24  12.3   06:45   1.2   3.8   0.0   1.3   9.8   11:31     E
16  16.8  20.8   10:41  13.1   23:57   1.9   0.4   0.0   3.4  18.3   18:12     E
17  14.7  20.6   15:32  10.8   07:05   3.8   0.3   0.0   4.5  17.4   12:11   ESE
18  13.9  19.7   14:53   9.7   05:36   4.5   0.1   0.0   5.7  23.5   15:42     E
19  15.2  20.8   14:26  11.4   00:39   3.4   0.4   0.0   6.4  23.5   12:24     E
20  15.3  20.4   15:08  11.5   23:57   3.3   0.3   0.0   4.6  17.4   10:52     E
21  15.9  24.2   17:09   8.4   06:41   3.6   1.2   0.0   1.0   9.8   16:05     W
22  17.4  25.1   15:14  12.2   06:51   2.1   1.3   0.0   4.1  20.6   16:33   WSW
23  13.7  15.6   00:00   8.9   23:53   4.6   0.0   0.3   4.7  18.3   11:42   WSW
24   9.5  14.6   14:38   5.7   21:43   8.8   0.0   0.0   4.2  31.1   11:24    SW
25  10.0  14.2   14:58   7.1   08:03   8.3   0.0   0.0   9.2  32.0   15:00    NW
----------------------------------------------------------------------------------
    15.1  30.2    15     5.7    24    93.9  15.3   5.4   4.3  32.0    25     WSW

Max >=  27.0  2
Max <=   0.0  0
Min <=   0.0  0
Min <= -18.0  0
Max Rain: 3.3 on day 2
Days of Rain: 3 (>= 0.2 mm)  1 (>= 2.0 mm)  0 (>= 20.0 mm)
Heat Base: 18.3  Cool Base: 18.3  Method: Integration
:now::gauges::today::yesterday::this month::this year::records::monthly records::top 10 records::NOAA reports::trends::forum:


Page updated 26/09/2020 02:10:05
powered by Cumulus