NOAA-Style Climate Reports

Select a Year or Month report

Report for 2018 Sep
                   Monthly Climatological Summary for Sep 2018

Name: Desford Weather   City: Leicester   State: England
Elevation: 135 m  Lat: N 52 37 26   Lon: W 001 18 24

                  Temperature (°C), Rain (mm), Wind Speed (mph)

                                      Heat  Cool        Avg
    Mean                              Deg   Deg         Wind                 Dom
Day Temp  High   Time   Low    Time   Days  Days  Rain  Speed High   Time    Dir
----------------------------------------------------------------------------------
01  18.0  25.4   16:41  11.4   05:30   2.3   2.0   0.0   3.7  19.0   14:11   SSW
02  19.4  26.0   15:31  13.3   06:35   1.2   2.4   0.0   3.6  13.0   12:15   SSW
03  17.3  23.4   13:53  14.3   06:29   1.7   0.7   0.0   3.5  17.4   16:44   NNW
04  14.4  15.7   13:42  13.2   06:33   3.9   0.0   0.0   2.1   8.3   09:40    NE
05  16.0  21.0   15:36  11.7   23:58   2.7   0.4   0.0   2.6  10.7   21:43     N
06  12.3  18.2   15:25   8.2   06:58   6.0   0.0   2.7   4.1  15.9   15:52   WNW
07  12.0  16.2   14:05   7.8   06:36   6.3   0.0   0.0   7.2  25.1   13:30     W
08  13.9  17.3   15:24  10.0   05:44   4.4   0.0   0.0   6.3  22.8   16:34    SW
09  16.0  20.0   13:44  12.9   23:38   2.5   0.2   0.3   8.5  25.1   12:19   WSW
10  15.3  18.8   15:51  11.3   05:08   3.0   0.0   0.0   8.1  28.2   23:19   WSW
11  16.6  19.5   17:22  14.3   11:15   1.7   0.0   1.5   7.5  24.4   05:10   WSW
12  13.7  18.1   17:51   9.9   23:50   4.6   0.0   1.2   3.7  15.2   02:20   WNW
13  12.8  17.7   12:54   7.7   05:22   5.5   0.0   0.0   4.3  17.4   11:32     W
14  13.8  18.4   15:06  11.1   00:26   4.4   0.0   0.0   7.2  23.5   11:34   WSW
15  14.9  20.3   14:50  10.2   05:59   3.5   0.2   0.0   5.9  18.3   13:26   WSW
16  16.4  20.6   15:40  12.7   05:55   2.2   0.4   0.0   8.5  23.5   16:14    SW
17  18.9  24.1   17:24  16.5   23:23   0.6   1.2   0.6   6.5  19.0   11:55   SSW
18  18.4  20.9   14:55  15.4   02:37   0.6   0.6   0.0  11.7  34.2   12:58    SW
19  17.0  21.7   12:16  12.7   23:26   1.8   0.5   0.0  12.6  39.6   10:48   WSW
20  14.7  18.7   16:01  11.4   06:00   3.6   0.0  12.6   7.9  33.6   23:28   SSW
21  12.1  17.1   00:00   9.1   06:40   6.2   0.0   3.0  15.0  37.4   15:50   WSW
22  10.7  12.9   11:34   9.6   06:10   7.5   0.0   0.0   3.8  13.6   02:35    SW
23  10.5  14.6   15:32   7.4   22:23   7.8   0.0   0.6   4.8  22.1   12:54   NNW
24   9.9  15.4   16:52   5.2   06:33   8.4   0.0   0.0   4.0  14.5   12:20    NW
----------------------------------------------------------------------------------
    14.8  26.0     2     5.2    24    92.4   8.6  22.5   6.4  39.6    19     WSW

Max >=  27.0  0
Max <=   0.0  0
Min <=   0.0  0
Min <= -18.0  0
Max Rain: 12.6 on day 20
Days of Rain: 8 (>= 0.2 mm)  3 (>= 2.0 mm)  0 (>= 20.0 mm)
Heat Base: 18.3  Cool Base: 18.3  Method: Integration
:now::gauges::today::yesterday::this month::this year::records::monthly records::top 10 records::NOAA reports::trends::forum:


Page updated 25/09/2018 22:55:01
powered by Cumulus