NOAA-Style Climate Reports

Select a Year or Month report
V/Λ2019 > Jan Feb Mar Apr May Jun Jul Aug Sep Oct Nov Dec
V/Λ2018 > Jan Feb Mar Apr May Jun Jul Aug Sep Oct Nov Dec
V/Λ2017 > Jan Feb Mar Apr May Jun Jul Aug Sep Oct Nov Dec
V/Λ2016 > Jan Feb Mar Apr May Jun Jul Aug Sep Oct Nov Dec

Report for 2019 Apr
                   Monthly Climatological Summary for Apr 2019

Name: Desford Weather   City: Leicester   State: England
Elevation: 135 m  Lat: N 52 37 26   Lon: W 001 18 24

                  Temperature (°C), Rain (mm), Wind Speed (mph)

                                      Heat  Cool        Avg
    Mean                              Deg   Deg         Wind                 Dom
Day Temp  High   Time   Low    Time   Days  Days  Rain  Speed High   Time    Dir
----------------------------------------------------------------------------------
01   7.7  15.3   16:47   1.8   05:59  10.6   0.0   0.0   3.4  15.2   10:16   ESE
02   5.8   9.9   15:28   3.7   23:26  12.5   0.0   2.1   6.1  23.5   15:52     W
03   4.9  10.2   14:26   2.2   04:20  13.4   0.0   0.6   3.8  16.8   16:16     W
04   4.8   8.1   12:33   1.3   03:06  13.5   0.0   2.4   6.4  24.4   14:50    SE
05   8.8  12.7   14:53   4.8   05:07   9.5   0.0   0.3   6.7  19.7   08:36   ESE
06   8.2  12.7   14:36   4.9   03:56  10.1   0.0   0.0   5.6  21.3   13:25     E
07   9.9  13.1   17:27   8.1   00:29   8.4   0.0   0.3   4.7  14.5   22:38     E
08  11.3  16.2   16:42   8.8   00:00   7.0   0.0   0.0   6.5  18.3   10:25     E
09   8.5  11.1   13:30   5.2   23:57   9.8   0.0   0.0   8.4  24.4   10:25     E
10   6.4  11.5   15:22   2.6   23:54  11.9   0.0   0.0   6.3  19.0   14:04     E
11   5.9  12.7   17:18  -0.3   05:35  12.4   0.0   0.0   3.1  13.6   11:49   ESE
12   5.9  10.0   14:43   0.4   06:12  12.4   0.0   0.0   4.4  14.5   10:12   ESE
13   5.4  10.4   15:11   0.8   06:33  12.9   0.0   0.0   5.4  19.0   10:41   ESE
14   5.1   9.1   16:26  -0.1   03:33  13.1   0.0   0.0   5.9  21.3   11:40   ESE
15   8.8  14.4   16:28   3.9   00:31   9.5   0.0   0.0   8.5  25.9   12:50   ESE
16  10.6  16.1   14:48   6.9   05:49   7.7   0.0   0.0   3.9  12.1   19:06     E
17  12.4  18.7   15:41   8.3   02:48   5.9   0.0   0.0   4.7  16.8   17:30     E
18  13.4  20.5   15:41   8.0   04:21   5.2   0.2   0.0   5.4  18.3   13:14     E
19  14.7  23.1   16:52   8.3   04:21   4.5   0.9   0.0   4.6  14.5   12:50     E
20  15.7  24.0   18:01   7.3   04:45   3.9   1.4   0.0   2.7  11.4   13:15     E
21  16.9  24.9   16:05   8.1   05:17   3.2   1.8   0.0   2.0  13.0   12:26   SSE
22  16.6  25.0   16:18   8.6   04:45   3.1   1.5   0.0   4.6  20.6   13:47   ESE
23  14.3  19.4   14:34  10.2   23:58   4.1   0.1   0.0   5.0  16.8   13:54     E
----------------------------------------------------------------------------------
     9.7  25.0    22    -0.3    11   204.6   5.9   5.7   5.1  25.9    15     ESE

Max >=  27.0  0
Max <=   0.0  0
Min <=   0.0  2
Min <= -18.0  0
Max Rain: 2.4 on day 4
Days of Rain: 5 (>= 0.2 mm)  2 (>= 2.0 mm)  0 (>= 20.0 mm)
Heat Base: 18.3  Cool Base: 18.3  Method: Integration
:now::gauges::today::yesterday::this month::this year::records::monthly records::top 10 records::NOAA reports::trends::forum:


Page updated 24/04/2019 09:51:57
powered by Cumulus