Desford Weather Climate Reports

Select a Year or Month report
V/Λ2021 > Jan Feb Mar Apr May Jun Jul Aug Sep Oct Nov Dec
V/Λ2020 > Jan Feb Mar Apr May Jun Jul Aug Sep Oct Nov Dec
V/Λ2019 > Jan Feb Mar Apr May Jun Jul Aug Sep Oct Nov Dec
V/Λ2018 > Jan Feb Mar Apr May Jun Jul Aug Sep Oct Nov Dec
V/Λ2017 > Jan Feb Mar Apr May Jun Jul Aug Sep Oct Nov Dec
V/Λ2016 > Jan Feb Mar Apr May Jun Jul Aug Sep Oct Nov Dec

Report for 2021 Jan
                   Monthly Climatological Summary for Jan 2021

Name: Desford Weather   City: Leicester   State: England
Elevation: 134 m  Lat: N 52° 37' 26"   Lon: W 001° 18' 24"

                  Temperature (°C), Rain (mm), Wind Speed (mph)

                                      Heat  Cool        Avg
    Mean                              Deg   Deg         Wind                 Dom
Day Temp  High   Time   Low    Time   Days  Days  Rain  Speed High   Time    Dir
----------------------------------------------------------------------------------
01   3.2   5.3   15:57   0.7   02:35  15.1   0.0   0.3   4.1  13.6   18:18   NNW
02   2.0   3.5   00:00   0.6   07:38  16.3   0.0   0.6   3.3  15.2   23:06    NW
03   4.1   5.9   12:52   2.9   00:38  14.2   0.0   1.5   4.3  18.3   16:17   ENE
04   3.8   5.4   11:48   2.8   21:38  14.5   0.0   0.3   5.7  22.1   10:35   ENE
05   2.9   5.1   13:00   1.9   08:32  15.4   0.0   0.0   5.4  17.4   13:43    NE
06   2.4   5.2   14:02   0.2   23:48  15.9   0.0   0.0   2.7  13.0   00:55    NE
07  -0.5   0.7   15:36  -2.3   06:56  18.8   0.0   0.0   1.1   8.3   09:53   WNW
08   1.8   2.8   14:24   0.3   00:00  16.5   0.0   0.0   0.7   9.2   18:28     E
09   1.7   2.7   00:25   0.2   23:43  16.5   0.0   0.3   1.9   9.8   18:01   WSW
10   3.1   5.5   23:47  -0.1   02:49  15.2   0.0   0.0   5.4  15.9   22:06   WSW
11   7.2  10.5   23:53   5.3   00:00  11.1   0.0   3.6  11.3  35.8   12:16     W
12   5.5  10.5   00:33   1.6   20:51  12.8   0.0   3.3   3.7  24.4   01:20   WNW
13   4.2   6.6   15:21   2.0   03:55  14.1   0.0   3.9   1.4  10.7   23:19    SE
14   3.7   5.4   12:02   1.9   21:35  14.5   0.0   6.3   4.4  15.2   08:17   ESE
15   1.8   2.8   13:22   1.0   18:58  16.5   0.0   0.0   2.2  11.4   23:36    SW
16   5.7   8.9   13:27   2.3   00:00  12.6   0.0   3.6   7.5  26.6   05:02   WSW
----------------------------------------------------------------------------------
     3.3  10.5    11    -2.3     7   240.0   0.0  23.7   4.1  35.8    11     WNW

Max >=  27.0  0
Max <=   0.0  0
Min <=   0.0  2
Min <= -18.0  0
Max Rain: 6.3 on day 14
Days of Rain: 10 (>= 0.2 mm)  5 (>= 2.0 mm)  0 (>= 20.0 mm)
Heat Base: 18.3  Cool Base: 18.3  Method: Integration
:now::gauges::today::yesterday::this month::this year::records::monthly records::top 10 records::NOAA reports::trends::historic::WU::forum:


Page updated 17/01/2021 05:26:54
powered by Cumulus