NOAA-Style Climate Reports

Select a Year or Month report
V/Λ2020 > Jan Feb Mar Apr May Jun Jul Aug Sep Oct Nov Dec
V/Λ2019 > Jan Feb Mar Apr May Jun Jul Aug Sep Oct Nov Dec
V/Λ2018 > Jan Feb Mar Apr May Jun Jul Aug Sep Oct Nov Dec
V/Λ2017 > Jan Feb Mar Apr May Jun Jul Aug Sep Oct Nov Dec
V/Λ2016 > Jan Feb Mar Apr May Jun Jul Aug Sep Oct Nov Dec

Report for 2020 Jan
                   Monthly Climatological Summary for Jan 2020

Name: Desford Weather   City: Leicester   State: England
Elevation: 135 m  Lat: N 52 37 26   Lon: W 001 18 24

                  Temperature (°C), Rain (mm), Wind Speed (mph)

                                      Heat  Cool        Avg
    Mean                              Deg   Deg         Wind                 Dom
Day Temp  High   Time   Low    Time   Days  Days  Rain  Speed High   Time    Dir
----------------------------------------------------------------------------------
01   5.4   6.8   00:05   2.5   08:32  12.9   0.0   0.0   2.8  11.4   22:36   SSW
02   8.8  10.8   23:38   6.8   00:00   9.5   0.0   0.0   9.1  24.4   13:11    SW
03   7.2  10.7   00:00   4.1   23:00  11.1   0.0   0.6   7.5  24.4   08:53   WNW
04   7.0   8.3   13:22   4.9   23:52  11.3   0.0   0.0   7.0  25.9   02:27     W
05   7.3   8.5   12:10   4.8   00:10  11.0   0.0   0.0   6.7  19.0   13:01   WSW
06   7.2   8.4   17:13   6.0   23:49  11.1   0.0   0.3   8.9  25.9   05:06    SW
07   8.9  13.0   18:19   4.5   04:10   9.4   0.0   1.2   9.5  32.7   19:04    SW
08   9.6  12.4   01:21   6.2   22:47   8.9   0.0   3.0   6.3  28.9   00:32   WSW
09   8.5  11.9   05:36   5.1   23:21   9.8   0.0   2.7   7.6  28.9   07:18   WSW
10   5.4   7.9   15:06   3.1   08:38  12.9   0.0   0.0   6.0  19.0   22:10     W
11   9.4  11.0   12:06   5.9   00:00   8.9   0.0   0.6  13.5  39.6   11:50   WSW
12   8.1  10.3   00:27   5.2   19:52  10.1   0.0   3.0   8.7  26.6   09:52   WSW
13   6.5   9.1   18:06   4.0   03:58  11.8   0.0   2.1   8.7  31.1   14:34   SSW
14   8.9  14.0   15:28   5.6   07:26   9.4   0.0   2.4  11.6  36.5   15:04   WSW
15   6.9   8.8   12:09   6.1   18:04  11.4   0.0   0.6   8.3  22.1   13:19   WSW
16   8.3  11.0   20:10   5.5   01:51  10.0   0.0   3.0   9.1  25.1   16:55   SSW
17   6.5   8.9   00:27   0.0   00:00  11.6   0.0   1.8   6.7  17.4   14:37    SW
18   4.0   6.7   12:53   2.1   08:15  14.3   0.0   0.0   4.7  14.5   12:23     W
19   2.0   5.5   15:16   0.4   05:24  16.3   0.0   0.3   2.4   7.6   15:16   WNW
20   3.0   7.1   15:06   0.4   07:34  15.0   0.0   0.0   3.2   9.2   13:45   WSW
----------------------------------------------------------------------------------
     6.9  14.0    14     0.0    17   226.7   0.0  21.6   7.4  39.6    11     WSW

Max >=  27.0  0
Max <=   0.0  0
Min <=   0.0  1
Min <= -18.0  0
Max Rain: 3.0 on day 8
Days of Rain: 13 (>= 0.2 mm)  6 (>= 2.0 mm)  0 (>= 20.0 mm)
Heat Base: 18.3  Cool Base: 18.3  Method: Integration
:now::gauges::today::yesterday::this month::this year::records::monthly records::top 10 records::NOAA reports::trends::forum:


Page updated 21/01/2020 01:12:28
powered by Cumulus